000
CXUS55 KDVN 011100
CF6IOW
PRELIMINARY LOCAL CLIMATOLOGICAL DATA (WS FORM: F-6)
STATION: IOWA CITY IA
MONTH: FEBRUARY
YEAR: 2023
LATITUDE: 41 37 N
LONGITUDE: 91 33 W
TEMPERATURE IN F: :PCPN: SNOW: WIND :SUNSHINE: SKY :PK WND
================================================================================
1 2 3 4 5 6A 6B 7 8 9 10 11 12 13 14 15 16 17 18
12Z AVG MX 2MIN
DY MAX MIN AVG DEP HDD CDD WTR SNW DPTH SPD SPD DIR MIN PSBL S-S WX SPD DR
================================================================================
1 34 1 18 -5 47 0 0.00 M M 6.4 16 210 M M 0 23 220
2 33 2 18 -5 47 0 0.00 M M 12.0 25 320 M M 0 37 300
3 12 -4 4 -20 61 0 0.00 M M 7.2 16 320 M M 5 23 330
4 52 10 31 7 34 0 0.00 M M 8.2 17 200 M M 0 25 210
5 43 21 32 8 33 0 0.00 M M 8.0 20 320 M M 0 28 310
6 51 19 35 11 30 0 T M M 11.3 28 130 M M 2 1 44 120
7 45 23 34 10 31 0 0.00 M M 11.4 22 280 M M 3 32 310
8 48 21 35 10 30 0 0.01 M M 3.8 14 170 M M 2 18 170
9 37 32 35 10 30 0 1.00 M M 14.5 26 350 M M 9 12 41 360
10 33 18 26 1 39 0 0.00 M M 8.7 18 310 M M 0 26 310
11 46 16 31 5 34 0 0.00 M M 3.6 13 210 M M 0 18 220
12 54 21 38 12 27 0 0.00 M M 4.5 14 220 M M 0 20 220
13 51 25 38 12 27 0 0.00 M M 5.8 14 310 M M 0 20 330
14 50 28 39 13 26 0 0.14 M M 10.9 23 160 M M 5 1 33 150
15 46 28 37 10 28 0 0.00 M M 16.3 36 270 M M 9 49 260
16 30 13 22 -5 43 0 0.55 M M 14.5 23 320 M M 9 12 33 340
17 27 1 14 -14 51 0 0.00 M M 6.5 15 320 M M 0 20 310
18 43 14 29 1 36 0 0.00 M M 5.7 14 180 M M 0 19 170
19 42 30 36 8 29 0 0.00 M M 9.6 17 260 M M 1 24 210
20 46 20 33 4 32 0 0.00 M M 5.8 24 310 M M 2 12 34 320
21 36 19 28 -1 37 0 0.00 M M 11.1 29 290 M M 2 40 290
22 35 33 34 4 31 0 0.41 M M 12.8 23 60 M M 10 1 36 60
23 34 13 24 -6 41 0 0.01 M M 16.7 31 260 M M 9 1 41 280
24 28 10 19 -11 46 0 0.00 M M 6.9 14 320 M M 7 20 320
25 40 17 29 -2 36 0 0.00 M M 4.4 13 230 M M 2 18 260
26 54 20 37 6 28 0 T M M 5.7 15 140 M M 2 3 21 100
27 49 38 44 12 21 0 1.61 M M 12.9 29 300 M M 10 13 40 310
28 49 32 41 9 24 0 T M M 7.4 20 320 M M 7 27 310
================================================================================
SM 1148 521 979 0 3.73 M 252.6 M 96
================================================================================
AV 41.0 18.6 9.0 FASTST M M 3 MAX(MPH)
MISC ----> 36 270 49 260
================================================================================
NOTES:
# LAST OF SEVERAL OCCURRENCES
COLUMN 17 PEAK WIND IN M.P.H.
PRELIMINARY LOCAL CLIMATOLOGICAL DATA (WS FORM: F-6) , PAGE 2
STATION: IOWA CITY IA
MONTH: FEBRUARY
YEAR: 2023
LATITUDE: 41 37 N
LONGITUDE: 91 33 W
[TEMPERATURE DATA] [PRECIPITATION DATA] SYMBOLS USED IN COLUMN 16
AVERAGE MONTHLY: 29.8 TOTAL FOR MONTH: 3.73 1 = FOG OR MIST
DPTR FM NORMAL: 2.8 DPTR FM NORMAL: 2.52 2 = FOG REDUCING VISIBILITY
HIGHEST: 54 ON 26,12 GRTST 24HR 1.61 ON 27-27 TO 1/4 MILE OR LESS
LOWEST: -4 ON 3 3 = THUNDER
SNOW, ICE PELLETS, HAIL 4 = ICE PELLETS
TOTAL MONTH: M 5 = HAIL
GRTST 24HR M ON M 6 = FREEZING RAIN OR DRIZZLE
GRTST DEPTH: M ON M 7 = DUSTSTORM OR SANDSTORM:
VSBY 1/2 MILE OR LESS
8 = SMOKE OR HAZE
[NO. OF DAYS WITH] [WEATHER - DAYS WITH] 9 = BLOWING SNOW
X = TORNADO
MAX 32 OR BELOW: 4 0.01 INCH OR MORE: 7
MAX 90 OR ABOVE: 0 0.10 INCH OR MORE: 5
MIN 32 OR BELOW: 26 0.50 INCH OR MORE: 3
MIN 0 OR BELOW: 1 1.00 INCH OR MORE: 2
[HDD (BASE 65) ]
TOTAL THIS MO. 979 CLEAR (SCALE 0-3) 17
DPTR FM NORMAL -85 PTCLDY (SCALE 4-7) 5
TOTAL FM JUL 1 4563 CLOUDY (SCALE 8-10) 6
DPTR FM NORMAL -182
[CDD (BASE 65) ]
TOTAL THIS MO. 0
DPTR FM NORMAL 0 [PRESSURE DATA]
TOTAL FM JAN 1 0 HIGHEST SLP 30.76 ON 3
DPTR FM NORMAL 0 LOWEST SLP 29.03 ON 27
[REMARKS]
#FINAL-02-23#