000
CXUS51 KCTP 010800
CF6IPT
PRELIMINARY LOCAL CLIMATOLOGICAL DATA (WS FORM: F-6)
STATION: WILLIAMSPORT PA
MONTH: JUNE
YEAR: 2022
LATITUDE: 41 15 N
LONGITUDE: 76 55 W
TEMPERATURE IN F: :PCPN: SNOW: WIND :SUNSHINE: SKY :PK WND
================================================================================
1 2 3 4 5 6A 6B 7 8 9 10 11 12 13 14 15 16 17 18
12Z AVG MX 2MIN
DY MAX MIN AVG DEP HDD CDD WTR SNW DPTH SPD SPD DIR MIN PSBL S-S WX SPD DR
================================================================================
1 91 63 77 12 0 12 0.41 0.0 0 5.3 31 260 M M 2 13 38 250
2 79 64 72 6 0 7 0.03 0.0 0 3.8 13 340 M M 7 1 17 350
3 80 54 67 1 0 2 0.00 0.0 0 7.7 16 300 M M 3 23 300
4 80 49 65 -1 0 0 0.00 0.0 0 5.7 17 280 M M 0 22 270
5 76 49 63 -4 2 0 0.00 0.0 0 2.7 8 150 M M 2 12 150
6 82 48 65 -2 0 0 0.00 0.0 0 8.4 26 170 M M 1 37 160
7 71 64 68 1 0 3 0.48 0.0 0 9.3 24 150 M M 7 1 35 130
8 78 60 69 1 0 4 0.13 0.0 0 6.5 15 70 M M 3 13 19 80
9 76 55 66 -2 0 1 0.61 0.0 0 8.9 23 250 M M 7 1 29 280
10 79 50 65 -3 0 0 0.00 0.0 0 4.0 14 250 M M 2 19 250
11 75 50 63 -5 2 0 0.00 0.0 0 4.0 15 180 M M 1 20 180
12 77 55 66 -3 0 1 0.04 0.0 0 4.3 21 160 M M 5 1 27 160
13 88 65 77 8 0 12 0.12 0.0 0 4.7 14 230 M M 5 1 18 240
14 87 63 75 6 0 10 0.00 0.0 0 3.5 12 330 M M 2 16 230
15 86 57 72 3 0 7 0.00 0.0 0 6.5 24 170 M M 1 33 170
16 80 68 74 4 0 9 0.53 0.0 0 7.9 18 190 M M 8 13 28 180
17 88 67 78 8 0 13 0.02 0.0 0 8.0 25 260 M M 5 12 35 250
18 74 57 66 -4 0 1 0.00 0.0 0 12.9 23 310 M M 5 32 320
19 76 50 63 -7 2 0 0.00 0.0 0 10.2 23 320 M M 0 31 350
20 82 45 64 -7 1 0 0.00 0.0 0 4.9 14 310 M M 0 17 280
21 84 57 71 0 0 6 0.00 0.0 0 4.2 14 130 M M 4 19 130
22 86 65 76 5 0 11 0.05 0.0 0 7.7 22 100 M M 5 1 27 100
23 73 64 69 -2 0 4 0.04 0.0 0 8.1 16 120 M M 9 1 20 110
24 85 60 73 1 0 8 0.00 0.0 0 3.0 13 180 M M 3 1 15 170
25 90 62 76 4 0 11 0.00 0.0 0 3.5 12 180 M M 2 1 15 180
26 90 64 77 5 0 12 0.23 0.0 0 7.5 21 160 M M 4 13 32 140
27 85 62 74 2 0 9 T 0.0 0 6.7 17 320 M M 4 1 24 310
28 80 52 66 -6 0 1 0.00 0.0 0 3.3 14 300 M M 1 16 310
29 88 53 71 -2 0 6 0.00 0.0 0 4.4 16 280 M M 1 21 270
30 91 56 74 1 0 9 0.00 0.0 0 5.5 16 190 M M 1 21 180
================================================================================
SM 2457 1728 7 159 2.69 0.0 183.1 M 100
================================================================================
AV 81.9 57.6 6.1 FASTST M M 3 MAX(MPH)
MISC ----> 31 260 38 250
================================================================================
NOTES:
# LAST OF SEVERAL OCCURRENCES
COLUMN 17 PEAK WIND IN M.P.H.
PRELIMINARY LOCAL CLIMATOLOGICAL DATA (WS FORM: F-6) , PAGE 2
STATION: WILLIAMSPORT PA
MONTH: JUNE
YEAR: 2022
LATITUDE: 41 15 N
LONGITUDE: 76 55 W
[TEMPERATURE DATA] [PRECIPITATION DATA] SYMBOLS USED IN COLUMN 16
AVERAGE MONTHLY: 69.8 TOTAL FOR MONTH: 2.69 1 = FOG OR MIST
DPTR FM NORMAL: 0.3 DPTR FM NORMAL: -1.16 2 = FOG REDUCING VISIBILITY
HIGHEST: 91 ON 30, 1 GRTST 24HR 0.74 ON 8- 9 TO 1/4 MILE OR LESS
LOWEST: 45 ON 20 3 = THUNDER
SNOW, ICE PELLETS, HAIL 4 = ICE PELLETS
TOTAL MONTH: 0.0 INCH 5 = HAIL
GRTST 24HR 0.0 6 = FREEZING RAIN OR DRIZZLE
GRTST DEPTH: 0 7 = DUSTSTORM OR SANDSTORM:
VSBY 1/2 MILE OR LESS
8 = SMOKE OR HAZE
[NO. OF DAYS WITH] [WEATHER - DAYS WITH] 9 = BLOWING SNOW
X = TORNADO
MAX 32 OR BELOW: 0 0.01 INCH OR MORE: 12
MAX 90 OR ABOVE: 4 0.10 INCH OR MORE: 7
MIN 32 OR BELOW: 0 0.50 INCH OR MORE: 2
MIN 0 OR BELOW: 0 1.00 INCH OR MORE: 0
[HDD (BASE 65) ]
TOTAL THIS MO. 7 CLEAR (SCALE 0-3) 17
DPTR FM NORMAL -21 PTCLDY (SCALE 4-7) 11
TOTAL FM JUL 1 5325 CLOUDY (SCALE 8-10) 2
DPTR FM NORMAL -446
[CDD (BASE 65) ]
TOTAL THIS MO. 159
DPTR FM NORMAL -1 [PRESSURE DATA]
TOTAL FM JAN 1 227 HIGHEST SLP 30.25 ON 30
DPTR FM NORMAL 13 LOWEST SLP 29.56 ON 9
[REMARKS]
#FINAL-06-22#