000
CXUS53 KEAX 010836
CF6IRK
PRELIMINARY LOCAL CLIMATOLOGICAL DATA (WS FORM: F-6)
STATION: KIRKSVILLE MO
MONTH: FEBRUARY
YEAR: 2023
LATITUDE: 40 5 N
LONGITUDE: 92 33 W
TEMPERATURE IN F: :PCPN: SNOW: WIND :SUNSHINE: SKY :PK WND
================================================================================
1 2 3 4 5 6A 6B 7 8 9 10 11 12 13 14 15 16 17 18
12Z AVG MX 2MIN
DY MAX MIN AVG DEP HDD CDD WTR SNW DPTH SPD SPD DIR MIN PSBL S-S WX SPD DR
================================================================================
1 36 9 23 -3 42 0 0.00 M M 8.5 16 210 M M 0 23 200
2 48 9 29 2 36 0 0.00 M M 11.0 21 350 M M 0 29 350
3 24 2 13 -14 52 0 0.00 M M 7.6 14 140 M M 1 20 350
4 57 14 36 9 29 0 0.00 M M 14.5 25 210 M M 0 38 200
5 56 30 43 16 22 0 0.00 M M 8.1 17 290 M M 0 25 290
6 64 28 46 19 19 0 0.00 M M 17.0 33 160 M M 2 44 150
7 52 23 38 10 27 0 0.00 M M 7.2 17 280 M M 2 24 280
8 42 19 31 3 34 0 0.03 M M 6.3 16 50 M M 5 18 21 50
9 40 32 36 8 29 0 1.35 M M 13.8 25 340 M M 10 1 34 350
10 39 19 29 1 36 0 0.00 M M 6.3 15 310 M M 2 22 320
11 48 18 33 4 32 0 0.00 M M 5.6 12 190 M M 0 15 180
12 58 31 45 16 20 0 0.00 M M 8.0 15 210 M M 0 21 200
13 58 28 43 14 22 0 0.00 M M 7.3 12 220 M M 0 16 210
14 51 32 42 12 23 0 0.29 M M 13.8 25 140 M M 6 1 33 210
15 47 29 38 8 27 0 0.00 M M 12.7 29 260 M M 8 45 270
16 30 17 24 -6 41 0 0.11 M M 13.3 26 40 M M 9 16 32 40
17 35 9 22 -9 43 0 0.00 M M 7.8 14 210 M M 0 23 200
18 53 30 42 11 23 0 0.00 M M 12.5 23 210 M M 1 35 190
19 56 35 46 15 19 0 0.00 M M 9.5 23 220 M M 1 36 240
20 57 23 40 8 25 0 0.00 M M 7.8 20 260 M M 2 12 30 270
21 49 27 38 6 27 0 0.01 M M 9.7 22 130 M M 1 28 130
22 50 36 43 11 22 0 0.85 M M 9.6 21 270 M M 9 1 30 270
23 37 17 27 -6 38 0 0.00 M M 13.5 26 280 M M 5 41 270
24 29 12 21 -12 44 0 0.03 M M 9.3 17 40 M M 7 6 22 50
25 44 21 33 -1 32 0 0.00 M M 5.5 14 210 M M 3 1 18 220
26 53 28 41 7 24 0 0.00 M M 10.0 21 130 M M 4 1 26 140
27 56 37 47 13 18 0 1.10 M M 16.9 35 210 M M 9 138 55 200
28 51 27 39 4 26 0 0.00 M M 8.5 18 90 M M 3 1 25 100
================================================================================
SM 1320 642 832 0 3.77 M 281.6 M 90
================================================================================
AV 47.1 22.9 10.1 FASTST M M 3 MAX(MPH)
MISC ----> 35 210 55 200
================================================================================
NOTES:
# LAST OF SEVERAL OCCURRENCES
COLUMN 17 PEAK WIND IN M.P.H.
PRELIMINARY LOCAL CLIMATOLOGICAL DATA (WS FORM: F-6) , PAGE 2
STATION: KIRKSVILLE MO
MONTH: FEBRUARY
YEAR: 2023
LATITUDE: 40 5 N
LONGITUDE: 92 33 W
[TEMPERATURE DATA] [PRECIPITATION DATA] SYMBOLS USED IN COLUMN 16
AVERAGE MONTHLY: 35.0 TOTAL FOR MONTH: 3.77 1 = FOG OR MIST
DPTR FM NORMAL: 4.9 DPTR FM NORMAL: 2.00 2 = FOG REDUCING VISIBILITY
HIGHEST: 64 ON 6 GRTST 24HR 1.38 ON 8- 9 TO 1/4 MILE OR LESS
LOWEST: 2 ON 3 3 = THUNDER
SNOW, ICE PELLETS, HAIL 4 = ICE PELLETS
TOTAL MONTH: M 5 = HAIL
GRTST 24HR M ON M 6 = FREEZING RAIN OR DRIZZLE
GRTST DEPTH: M ON M 7 = DUSTSTORM OR SANDSTORM:
VSBY 1/2 MILE OR LESS
8 = SMOKE OR HAZE
[NO. OF DAYS WITH] [WEATHER - DAYS WITH] 9 = BLOWING SNOW
X = TORNADO
MAX 32 OR BELOW: 3 0.01 INCH OR MORE: 8
MAX 90 OR ABOVE: 0 0.10 INCH OR MORE: 5
MIN 32 OR BELOW: 25 0.50 INCH OR MORE: 3
MIN 0 OR BELOW: 0 1.00 INCH OR MORE: 2
[HDD (BASE 65) ]
TOTAL THIS MO. 832 CLEAR (SCALE 0-3) 18
DPTR FM NORMAL -146 PTCLDY (SCALE 4-7) 5
TOTAL FM JUL 1 4163 CLOUDY (SCALE 8-10) 5
DPTR FM NORMAL -278
[CDD (BASE 65) ]
TOTAL THIS MO. 0
DPTR FM NORMAL 0 [PRESSURE DATA]
TOTAL FM JAN 1 0 HIGHEST SLP 30.73 ON 3
DPTR FM NORMAL 0 LOWEST SLP 29.04 ON 27
[REMARKS]
#FINAL-02-23#