000
CXUS53 KEAX 010849
CLMIRK
CLIMATE REPORT
NATIONAL WEATHER SERVICE KANSAS CITY/PLEASANT HILL MO
243 AM CST THU FEB 01 2024
...................................
...THE KIRKSVILLE MO CLIMATE SUMMARY FOR THE MONTH OF JANUARY 2024...
CLIMATE NORMAL PERIOD: 1991 TO 2020
CLIMATE RECORD PERIOD: 9999 TO 9999
WEATHER OBSERVED NORMAL DEPART LAST YEAR`S
VALUE DATE(S) VALUE FROM VALUE DATE(S)
NORMAL
................................................................
TEMPERATURE (F)
HIGHEST 53 01/29 57 -4 63 01/16
01/31
LOWEST -17R 01/15 -5 -12 2 01/31
01/14
AVG. MAXIMUM 30.0 34.4 -4.4 39.3
AVG. MINIMUM 15.8 17.2 -1.4 22.3
MEAN 22.9 25.8 -2.9 30.8
DAYS MAX >= 90 0 0.0 0.0 0
DAYS MAX <= 32 15 13.0 2.0 7
DAYS MIN <= 32 28 28.2 -0.2 27
DAYS MIN <= 0 7 3.3 3.7 0
PRECIPITATION (INCHES)
TOTALS 2.81 1.60 1.21 2.09
DAILY AVG. 0.09 0.05 0.04 0.07
DAYS >= .01 12 8.1 3.9 10
DAYS >= .10 6 3.7 2.3 4
DAYS >= .50 2 0.8 1.2 2
DAYS >= 1.00 0 0.4 -0.4 0
GREATEST
24 HR. TOTAL 1.03 01/08 TO 01/09
DEGREE DAYS
HEATING TOTAL 1297 1215 82 1051
SINCE 7/1 3119 3466 -347 MM
COOLING TOTAL 0 0 0 0
SINCE 1/1 0 0 0 MM
................................................................
WIND (MPH)
AVERAGE WIND SPEED 8.5
HIGHEST WIND SPEED/DIRECTION 28/290 DATE 01/13
HIGHEST GUST SPEED/DIRECTION 38/280 DATE 01/13
SKY COVER
POSSIBLE SUNSHINE (PERCENT) MM
AVERAGE SKY COVER 0.56
NUMBER OF DAYS FAIR 9
NUMBER OF DAYS PC 10
NUMBER OF DAYS CLOUDY 12
AVERAGE RH (PERCENT) 81
WEATHER CONDITIONS. NUMBER OF DAYS WITH
THUNDERSTORM 0 MIXED PRECIP 0
HEAVY RAIN 0 RAIN 1
LIGHT RAIN 1 FREEZING RAIN 0
LT FREEZING RAIN 3 HAIL 0
HEAVY SNOW 0 SNOW 5
LIGHT SNOW 10 SLEET 0
FOG 21 FOG W/VIS <= 1/4 MILE 9
HAZE 7
- INDICATES NEGATIVE NUMBERS.
R INDICATES RECORD WAS SET OR TIED.
MM INDICATES DATA IS MISSING.
T INDICATES TRACE AMOUNT.
$$