000
CDUS41 KOKX 030623
CLIISP


CLIMATE REPORT
NATIONAL WEATHER SERVICE NEW YORK NY
222 AM EDT TUE APR 3 2018


...................................

...THE ISLIP NY CLIMATE SUMMARY FOR APRIL 2 2018...

CLIMATE NORMAL PERIOD 1981 TO 2010
CLIMATE RECORD PERIOD 1963 TO 2018


WEATHER ITEM   OBSERVED TIME   RECORD YEAR NORMAL DEPARTURE LAST
                VALUE   (LST)  VALUE       VALUE  FROM      YEAR
                                                  NORMAL
..................................................................
TEMPERATURE (F)
 YESTERDAY
  MAXIMUM         42    404 PM  72    1967  53    -11       62
  MINIMUM         30   1156 PM  20    1964  36     -6       38
  AVERAGE         36                        45     -9       50

PRECIPITATION (IN)
  YESTERDAY        0.38          2.01 1970   0.15   0.23     0.00
  MONTH TO DATE    0.39                      0.30   0.09     0.01
  SINCE MAR 1      8.06                      4.74   3.32     5.46
  SINCE JAN 1     18.01                     11.64   6.37    11.12

SNOWFALL (IN)
  YESTERDAY        4.6          MM      MM   0.0    4.6      0.0
  MONTH TO DATE    4.6                       0.1    4.5      0.0
  SINCE OCT 1     65.9                      24.3   41.6     39.3
  SINCE JUL 1     65.9                      24.3   41.6     39.3
  SNOW DEPTH       2

DEGREE DAYS
 HEATING
  YESTERDAY       29                        20      9       15
  MONTH TO DATE   45                        41      4       40
  SINCE MAR 1    874                       838     36      896
  SINCE JUL 1   4374                      4733   -359     4198

 COOLING
  YESTERDAY        0                         0      0        0
  MONTH TO DATE    0                         0      0        0
  SINCE MAR 1      0                         0      0        0
  SINCE JAN 1      0                         0      0        0
..................................................................


WIND (MPH)
  HIGHEST WIND SPEED    20   HIGHEST WIND DIRECTION    NE (30)
  HIGHEST GUST SPEED    26   HIGHEST GUST DIRECTION    NE (30)
  AVERAGE WIND SPEED     6.9


SKY COVER
  AVERAGE SKY COVER 0.8


WEATHER CONDITIONS
 THE FOLLOWING WEATHER WAS RECORDED YESTERDAY.
  HEAVY SNOW
  SNOW
  LIGHT SNOW
  FOG
  FOG W/VISIBILITY <= 1/4 MILE


RELATIVE HUMIDITY (PERCENT)
 HIGHEST   100           600 AM
 LOWEST     44           200 AM
 AVERAGE    72

..........................................................


THE ISLIP NY CLIMATE NORMALS FOR TODAY
                         NORMAL    RECORD    YEAR
 MAXIMUM TEMPERATURE (F)   53        80      1967
 MINIMUM TEMPERATURE (F)   37        23      2008


SUNRISE AND SUNSET
APRIL  3 2018.........SUNRISE   633 AM EDT   SUNSET   719 PM EDT
APRIL  4 2018.........SUNRISE   631 AM EDT   SUNSET   720 PM EDT


-  INDICATES NEGATIVE NUMBERS.
R  INDICATES RECORD WAS SET OR TIED.
MM INDICATES DATA IS MISSING.
T  INDICATES TRACE AMOUNT.




$$
