000
CDUS41 KOKX 292048
CLIISP


CLIMATE REPORT
NATIONAL WEATHER SERVICE NEW YORK NY
448 PM EDT THU MAR 29 2018


...................................

...THE ISLIP NY CLIMATE SUMMARY FOR MARCH 29 2018...
VALID TODAY AS OF 0400 PM LOCAL TIME.

CLIMATE NORMAL PERIOD 1981 TO 2010
CLIMATE RECORD PERIOD 1963 TO 2018


WEATHER ITEM   OBSERVED TIME   RECORD YEAR NORMAL DEPARTURE LAST
                VALUE   (LST)  VALUE       VALUE  FROM      YEAR
                                                  NORMAL
..................................................................
TEMPERATURE (F)
 TODAY
  MAXIMUM         50    250 PM  81    1998  51     -1       57
  MINIMUM         43    417 AM  22    1982  35      8       40
  AVERAGE         47                        43      4       49

PRECIPITATION (IN)
  TODAY            T             2.68 2014   0.14  -0.14     0.00
  MONTH TO DATE    7.62                      4.16   3.46     3.94
  SINCE MAR 1      7.62                      4.16   3.46     3.94
  SINCE JAN 1     17.57                     11.06   6.51     9.60

SNOWFALL (IN)
  TODAY            0.0           3.0  1996   0.1   -0.1      0.0
  MONTH TO DATE   31.9                       4.4   27.5      7.4
  SINCE OCT 1     61.3                      24.1   37.2     39.3
  SINCE JUL 1     61.3                      24.1   37.2     39.3
  SNOW DEPTH       0

DEGREE DAYS
 HEATING
  TODAY           18                        22     -4       16
  MONTH TO DATE  797                       754     43      807
  SINCE MAR 1    797                       754     43      807
  SINCE JUL 1   4297                      4649   -352     4109

 COOLING
  TODAY            0                         0      0        0
  MONTH TO DATE    0                         0      0        0
  SINCE MAR 1      0                         0      0        0
  SINCE JAN 1      0                         0      0        0
..................................................................


WIND (MPH)
  HIGHEST WIND SPEED    10   HIGHEST WIND DIRECTION    SE (130)
  HIGHEST GUST SPEED    13   HIGHEST GUST DIRECTION    SE (130)
  AVERAGE WIND SPEED     3.9


SKY COVER
  AVERAGE SKY COVER 1.0


WEATHER CONDITIONS
 THE FOLLOWING WEATHER WAS RECORDED TODAY.
  LIGHT RAIN
  FOG
  HAZE


RELATIVE HUMIDITY (PERCENT)
 HIGHEST    93           700 AM
 LOWEST     80          1000 AM
 AVERAGE    87

..........................................................


THE ISLIP NY CLIMATE NORMALS FOR TOMORROW
                         NORMAL    RECORD    YEAR
 MAXIMUM TEMPERATURE (F)   52        72      1998
 MINIMUM TEMPERATURE (F)   35        22      1970


SUNRISE AND SUNSET
MARCH 29 2018.........SUNRISE   641 AM EDT   SUNSET   714 PM EDT
MARCH 30 2018.........SUNRISE   639 AM EDT   SUNSET   715 PM EDT


-  INDICATES NEGATIVE NUMBERS.
R  INDICATES RECORD WAS SET OR TIED.
MM INDICATES DATA IS MISSING.
T  INDICATES TRACE AMOUNT.




$$
