000
CDUS41 KOKX 290619
CLIISP


CLIMATE REPORT
NATIONAL WEATHER SERVICE NEW YORK NY
218 AM EDT THU MAR 29 2018


...................................

...THE ISLIP NY CLIMATE SUMMARY FOR MARCH 28 2018...

CLIMATE NORMAL PERIOD 1981 TO 2010
CLIMATE RECORD PERIOD 1963 TO 2018


WEATHER ITEM   OBSERVED TIME   RECORD YEAR NORMAL DEPARTURE LAST
                VALUE   (LST)  VALUE       VALUE  FROM      YEAR
                                                  NORMAL
..................................................................
TEMPERATURE (F)
 YESTERDAY
  MAXIMUM         48    229 PM  79    1991  51     -3       47
  MINIMUM         38    636 AM  18    1990  35      3       40
                                      1966
  AVERAGE         43                        43      0       44

PRECIPITATION (IN)
  YESTERDAY        T             1.29 2005   0.14  -0.14     1.23
  MONTH TO DATE    7.62                      4.02   3.60     3.94
  SINCE MAR 1      7.62                      4.02   3.60     3.94
  SINCE JAN 1     17.57                     10.92   6.65     9.60

SNOWFALL (IN)
  YESTERDAY        0.0           5.0  1984   0.1   -0.1      0.0
  MONTH TO DATE   31.9                       4.3   27.6      7.4
  SINCE OCT 1     61.3                      24.0   37.3     39.3
  SINCE JUL 1     61.3                      24.0   37.3     39.3
  SNOW DEPTH       0

DEGREE DAYS
 HEATING
  YESTERDAY       22                        22      0       21
  MONTH TO DATE  779                       732     47      791
  SINCE MAR 1    779                       732     47      791
  SINCE JUL 1   4279                      4627   -348     4093

 COOLING
  YESTERDAY        0                         0      0        0
  MONTH TO DATE    0                         0      0        0
  SINCE MAR 1      0                         0      0        0
  SINCE JAN 1      0                         0      0        0
..................................................................


WIND (MPH)
  HIGHEST WIND SPEED    13   HIGHEST WIND DIRECTION    SW (210)
  HIGHEST GUST SPEED    17   HIGHEST GUST DIRECTION    SW (230)
  AVERAGE WIND SPEED     6.4


SKY COVER
  AVERAGE SKY COVER 1.0


WEATHER CONDITIONS
 THE FOLLOWING WEATHER WAS RECORDED YESTERDAY.
  LIGHT RAIN


RELATIVE HUMIDITY (PERCENT)
 HIGHEST    92           600 AM
 LOWEST     54          1200 AM
 AVERAGE    73

..........................................................


THE ISLIP NY CLIMATE NORMALS FOR TODAY
                         NORMAL    RECORD    YEAR
 MAXIMUM TEMPERATURE (F)   51        81      1998
 MINIMUM TEMPERATURE (F)   35        22      1982


SUNRISE AND SUNSET
MARCH 29 2018.........SUNRISE   641 AM EDT   SUNSET   714 PM EDT
MARCH 30 2018.........SUNRISE   639 AM EDT   SUNSET   715 PM EDT


-  INDICATES NEGATIVE NUMBERS.
R  INDICATES RECORD WAS SET OR TIED.
MM INDICATES DATA IS MISSING.
T  INDICATES TRACE AMOUNT.




$$
