000
CDUS41 KOKX 010621
CLIISP


CLIMATE REPORT
NATIONAL WEATHER SERVICE NEW YORK NY
221 AM EDT SUN APR 1 2018


...................................

...THE ISLIP NY CLIMATE SUMMARY FOR MARCH 31 2018...

CLIMATE NORMAL PERIOD 1981 TO 2010
CLIMATE RECORD PERIOD 1963 TO 2018


WEATHER ITEM   OBSERVED TIME   RECORD YEAR NORMAL DEPARTURE LAST
                VALUE   (LST)  VALUE       VALUE  FROM      YEAR
                                                  NORMAL
..................................................................
TEMPERATURE (F)
 YESTERDAY
  MAXIMUM         54   1202 PM  73    1999  52      2       41
  MINIMUM         38    555 AM  19    1964  36      2       36
  AVERAGE         46                        44      2       39

PRECIPITATION (IN)
  YESTERDAY        0.00          2.52 1987   0.14  -0.14     1.51
  MONTH TO DATE    7.67                      4.44   3.23     5.45
  SINCE MAR 1      7.67                      4.44   3.23     5.45
  SINCE JAN 1     17.62                     11.34   6.28    11.11

SNOWFALL (IN)
  YESTERDAY        0.0           4.6  2014   0.1   -0.1      0.0
  MONTH TO DATE   31.9                       4.5   27.4      7.4
  SINCE OCT 1     61.3                      24.2   37.1     39.3
  SINCE JUL 1     61.3                      24.2   37.1     39.3
  SNOW DEPTH       0

DEGREE DAYS
 HEATING
  YESTERDAY       19                        21     -2       26
  MONTH TO DATE  829                       796     33      856
  SINCE MAR 1    829                       797     32      856
  SINCE JUL 1   4329                      4692   -363     4158

 COOLING
  YESTERDAY        0                         0      0        0
  MONTH TO DATE    0                         0      0        0
  SINCE MAR 1      0                         0      0        0
  SINCE JAN 1      0                         0      0        0
..................................................................


WIND (MPH)
  HIGHEST WIND SPEED    20   HIGHEST WIND DIRECTION     S (200)
  HIGHEST GUST SPEED    26   HIGHEST GUST DIRECTION    NW (320)
  AVERAGE WIND SPEED    12.0


SKY COVER
  AVERAGE SKY COVER 0.2


WEATHER CONDITIONS
 THE FOLLOWING WEATHER WAS RECORDED YESTERDAY.
  NO SIGNIFICANT WEATHER WAS OBSERVED.


RELATIVE HUMIDITY (PERCENT)
 HIGHEST    76          1000 PM
 LOWEST     20          1200 PM
 AVERAGE    48

..........................................................


THE ISLIP NY CLIMATE NORMALS FOR TODAY
                         NORMAL    RECORD    YEAR
 MAXIMUM TEMPERATURE (F)   52        67      1999
 MINIMUM TEMPERATURE (F)   36        16      1969


SUNRISE AND SUNSET
APRIL  1 2018.........SUNRISE   636 AM EDT   SUNSET   717 PM EDT
APRIL  2 2018.........SUNRISE   634 AM EDT   SUNSET   718 PM EDT


-  INDICATES NEGATIVE NUMBERS.
R  INDICATES RECORD WAS SET OR TIED.
MM INDICATES DATA IS MISSING.
T  INDICATES TRACE AMOUNT.




$$
