000
CXUS52 TJSJ 011146
CF6IST
PRELIMINARY LOCAL CLIMATOLOGICAL DATA (WS FORM: F-6)
STATION: CYRIL E. KING AP/ST THOMAS
MONTH: JULY
YEAR: 2021
LATITUDE: 18 19 N
LONGITUDE: 64 58 W
TEMPERATURE IN F: :PCPN: SNOW: WIND :SUNSHINE: SKY :PK WND
================================================================================
1 2 3 4 5 6A 6B 7 8 9 10 11 12 13 14 15 16 17 18
12Z AVG MX 2MIN
DY MAX MIN AVG DEP HDD CDD WTR SNW DPTH SPD SPD DIR MIN PSBL S-S WX SPD DR
================================================================================
1 89 82 86 2 0 21 0.01 M M 13.7 22 80 M M 5 8 27 70
2 91 82 87 3 0 22 T M M 17.1 29 90 M M 3 36 90
3 89 82 86 2 0 21 T M M 15.6 25 110 M M 3 32 110
4 91 80 86 2 0 21 0.00 M M 9.6 17 130 M M 2 22 130
5 88 80 84 0 0 19 T M M 12.3 21 130 M M 1 25 140
6 92 82 87 3 0 22 T M M 14.6 22 80 M M 2 29 90
7 92 81 87 3 0 22 T M M 14.6 26 90 M M 4 8 35 90
8 93 81 87 3 0 22 0.01 M M 15.2 26 90 M M 5 32 90
9 92 81 87 3 0 22 T M M 14.6 24 90 M M 2 33 90
10 90 81 86 2 0 21 0.00 M M 13.3 22 120 M M 4 27 120
11 91 80 86 2 0 21 0.04 M M 14.8 24 120 M M 6 34 50
12 89 83 86 2 0 21 T M M 14.3 21 120 M M 6 27 120
13 92 79 86 2 0 21 0.01 M M 12.3 21 80 M M 2 27 90
14 88 76 82 -2 0 17 0.82 M M 8.8 18 100 M M 4 8 23 60
15 89 78 84 0 0 19 0.00 M M 10.1 18 80 M M 1 23 80
16 89 78 84 0 0 19 0.01 M M 11.5 23 120 M M 3 29 100
17 90 79 85 1 0 20 0.01 M M 12.3 20 70 M M 3 26 80
18 90 80 85 1 0 20 0.05 M M 13.1 22 110 M M 4 29 120
19 89 82 86 2 0 21 T M M 13.1 22 120 M M 4 30 100
20 90 82 86 2 0 21 0.00 M M 11.1 18 130 M M 5 24 130
21 91 82 87 3 0 22 T M M 11.8 20 90 M M 2 25 70
22 90 81 86 2 0 21 0.00 M M 12.2 20 80 M M 0 130 25
23 92 82 87 3 0 22 0.00 M M 13.3 23 80 M M 4 8 30 90
24 89 80 85 1 0 20 0.66 M M 11.1 25 110 M M 7 130 31
25 89 79 84 0 0 19 0.64 M M 12.2 23 80 M M M 30 80
26 89 81 85 1 0 20 0.01 M M 10.8 18 90 M M M 24 40
27 90 80 85 1 0 20 0.00 M M 10.3 18 80 M M M 24 60
28 88 78 83 -1 0 18 0.23 M M M M M M M M M M
29 88 80 84 0 0 19 T M M M M M M M M M M
30 89 81 85 0 0 20 0.04 M M M M M M M M M M
31 89 82 86 1 0 21 0.00 M M M M M M M M M M
================================================================================
SM 2788 2495 0 635 2.54 M 343.7 M 82
================================================================================
AV 89.9 80.5 12.7 FASTST M M 3 MAX(MPH)
MISC ----> 29 90 #130 25
================================================================================
NOTES:
# LAST OF SEVERAL OCCURRENCES
COLUMN 17 PEAK WIND IN M.P.H.
PRELIMINARY LOCAL CLIMATOLOGICAL DATA (WS FORM: F-6) , PAGE 2
STATION: CYRIL E. KING AP/ST THOMAS
MONTH: JULY
YEAR: 2021
LATITUDE: 18 19 N
LONGITUDE: 64 58 W
[TEMPERATURE DATA] [PRECIPITATION DATA] SYMBOLS USED IN COLUMN 16
AVERAGE MONTHLY: 85.2 TOTAL FOR MONTH: 2.54 1 = FOG OR MIST
DPTR FM NORMAL: 0.7 DPTR FM NORMAL: -0.37 2 = FOG REDUCING VISIBILITY
HIGHEST: 93 ON 8 GRTST 24HR 0.83 ON 13-14 TO 1/4 MILE OR LESS
LOWEST: 76 ON 14 3 = THUNDER
SNOW, ICE PELLETS, HAIL 4 = ICE PELLETS
TOTAL MONTH: M 5 = HAIL
GRTST 24HR M ON M 6 = FREEZING RAIN OR DRIZZLE
GRTST DEPTH: M ON M 7 = DUSTSTORM OR SANDSTORM:
VSBY 1/2 MILE OR LESS
8 = SMOKE OR HAZE
[NO. OF DAYS WITH] [WEATHER - DAYS WITH] 9 = BLOWING SNOW
X = TORNADO
MAX 32 OR BELOW: 0 0.01 INCH OR MORE: 13
MAX 90 OR ABOVE: 16 0.10 INCH OR MORE: 4
MIN 32 OR BELOW: 0 0.50 INCH OR MORE: 3
MIN 0 OR BELOW: 0 1.00 INCH OR MORE: 0
[HDD (BASE 65) ]
TOTAL THIS MO. 0 CLEAR (SCALE 0-3) 10
DPTR FM NORMAL 0 PTCLDY (SCALE 4-7) 14
TOTAL FM JUL 1 0 CLOUDY (SCALE 8-10) 7
DPTR FM NORMAL 0
[CDD (BASE 65) ]
TOTAL THIS MO. 635
DPTR FM NORMAL 31 [PRESSURE DATA]
TOTAL FM JAN 1 3621 HIGHEST SLP M ON M
DPTR FM NORMAL 181 LOWEST SLP 29.97 ON 1
[REMARKS]
#FINAL-07-21#