000
CXUS53 KGRB 120251
CF6ISW
PRELIMINARY LOCAL CLIMATOLOGICAL DATA (WS FORM: F-6)
STATION: WISCONSIN RAPIDS ASOS
MONTH: APRIL
YEAR: 2023
LATITUDE: 44 22 N
LONGITUDE: 89 50 W
TEMPERATURE IN F: :PCPN: SNOW: WIND :SUNSHINE: SKY :PK WND
================================================================================
1 2 3 4 5 6A 6B 7 8 9 10 11 12 13 14 15 16 17 18
12Z AVG MX 2MIN
DY MAX MIN AVG DEP HDD CDD WTR SNW DPTH SPD SPD DIR MIN PSBL S-S WX SPD DR
================================================================================
1 40 24 32 -6 33 0 0.17 1.5 1 9.6 25 350 M M 5 1 36 340
2 53 23 38 -1 27 0 T 0.0 0 9.3 22 200 M M 4 33 200
3 59 32 46 7 19 0 0.00 0.0 0 6.7 16 220 M M 2 25 230
4 40 31 36 -4 29 0 0.36 0.0 0 15.0 28 80 M M 9 13 40 70
5 44 30 37 -3 28 0 0.18 0.0 0 14.6 29 260 M M 9 12 41 260
6 45 25 35 -5 30 0 0.00 0.0 0 13.4 26 270 M M 2 41 230
7 50 20 35 -6 30 0 0.00 0.0 0 7.1 18 100 M M 6 25 100
8 61 33 47 6 18 0 0.00 0.0 0 7.2 15 110 M M 5 20 110
9 71 32 52 10 13 0 0.00 0.0 0 9.0 22 210 M M 0 31 210
10 76 46 61 19 4 0 0.00 0.0 0 7.4 20 220 M M 1 27 230
11 78 47 63 21 2 0 0.00 0.0 0 9.4 17 230 M M 0 8 26 240
12 87 57 72 29 0 7 0.00 0.0 0 13.4 25 230 M M 0 37 220
13 84 53 69 26 0 4 0.00 0.0 0 9.0 21 210 M M 0 30 210
14 83 47 65 21 0 0 0.00 0.0 0 7.1 20 210 M M 0 27 210
15 83 48 66 22 0 1 0.01 0.0 0 8.4 24 260 M M 3 3 34 270
16 48 30 39 -5 26 0 1.16 2.0 2 10.8 22 310 M M 10 1 35 310
17 34 27 31 -14 34 0 0.06 0.5 T 15.4 30 330 M M 9 1 38 320
18 50 27 39 -6 26 0 0.00 0.0 0 7.3 17 320 M M 1 24 330
19 38 30 34 -12 31 0 0.33 0.0 0 12.9 35 100 M M 7 1 52 110
20 59 37 48 2 17 0 0.33 0.0 0 11.3 26 270 M M 10 13 40 270
21 51 34 43 -3 22 0 0.01 T 0 11.9 25 220 M M 6 1 35 230
22 45 31 38 -9 27 0 0.02 T 0 9.1 22 340 M M 9 1 30 340
23 44 27 36 -11 29 0 T T 0 8.0 16 330 M M 9 22 290
24 48 24 36 -12 29 0 0.01 0.0 0 4.3 17 320 M M 6 23 310
25 48 30 39 -9 26 0 0.00 0.0 0 6.4 12 20 M M 7 1 16 360
26 55 26 41 -8 24 0 0.00 0.0 0 4.2 14 170 M M 2 20 170
27 68 41 55 6 10 0 T 0.0 0 9.2 16 190 M M 4 24 160
28 70 41 56 7 9 0 0.00 0.0 0 4.7 16 110 M M 2 22 110
29 51 39 45 -5 20 0 0.26 0.0 0 12.5 20 320 M M 10 1 31 330
30 42 35 39 -11 26 0 0.27 T 0 14.7 26 340 M M 10 1 35 320
================================================================================
SM 1705 1027 589 12 3.17 4.0 289.3 M 148
================================================================================
AV 56.8 34.2 9.6 FASTST M M 5 MAX(MPH)
MISC ----> 35 100 52 110
================================================================================
NOTES:
# LAST OF SEVERAL OCCURRENCES
COLUMN 17 PEAK WIND IN M.P.H.
PRELIMINARY LOCAL CLIMATOLOGICAL DATA (WS FORM: F-6) , PAGE 2
STATION: WISCONSIN RAPIDS ASOS
MONTH: APRIL
YEAR: 2023
LATITUDE: 44 22 N
LONGITUDE: 89 50 W
[TEMPERATURE DATA] [PRECIPITATION DATA] SYMBOLS USED IN COLUMN 16
AVERAGE MONTHLY: 45.5 TOTAL FOR MONTH: 3.17 1 = FOG OR MIST
DPTR FM NORMAL: 1.2 DPTR FM NORMAL: 0.19 2 = FOG REDUCING VISIBILITY
HIGHEST: 87 ON 12 GRTST 24HR 1.18 ON 31- 1 TO 1/4 MILE OR LESS
LOWEST: 20 ON 7 3 = THUNDER
SNOW, ICE PELLETS, HAIL 4 = ICE PELLETS
TOTAL MONTH: 4.0 INCHES 5 = HAIL
GRTST 24HR 2.0 ON 16-16 6 = FREEZING RAIN OR DRIZZLE
GRTST DEPTH: 2 ON 16 7 = DUSTSTORM OR SANDSTORM:
VSBY 1/2 MILE OR LESS
8 = SMOKE OR HAZE
[NO. OF DAYS WITH] [WEATHER - DAYS WITH] 9 = BLOWING SNOW
X = TORNADO
MAX 32 OR BELOW: 0 0.01 INCH OR MORE: 13
MAX 90 OR ABOVE: 0 0.10 INCH OR MORE: 8
MIN 32 OR BELOW: 17 0.50 INCH OR MORE: 1
MIN 0 OR BELOW: 0 1.00 INCH OR MORE: 1
[HDD (BASE 65) ]
TOTAL THIS MO. 589 CLEAR (SCALE 0-3) 12
DPTR FM NORMAL -33 PTCLDY (SCALE 4-7) 9
TOTAL FM JUL 1 6974 CLOUDY (SCALE 8-10) 9
DPTR FM NORMAL -509
[CDD (BASE 65) ]
TOTAL THIS MO. 12
DPTR FM NORMAL 11 [PRESSURE DATA]
TOTAL FM JAN 1 12 HIGHEST SLP 30.60 ON 7
DPTR FM NORMAL 10 LOWEST SLP 29.30 ON 1
[REMARKS]
#FINAL-04-23#