000
CXUS52 TJSJ 010511
CF6ISX
PRELIMINARY LOCAL CLIMATOLOGICAL DATA (WS FORM: F-6)
STATION: HENRY E. ROHLSEN AP/ST CROIX
MONTH: JULY
YEAR: 2023
LATITUDE: 17 42 N
LONGITUDE: 64 48 W
TEMPERATURE IN F: :PCPN: SNOW: WIND :SUNSHINE: SKY :PK WND
================================================================================
1 2 3 4 5 6A 6B 7 8 9 10 11 12 13 14 15 16 17 18
12Z AVG MX 2MIN
DY MAX MIN AVG DEP HDD CDD WTR SNW DPTH SPD SPD DIR MIN PSBL S-S WX SPD DR
================================================================================
1 89 77 83 0 0 18 T M M 11.8 20 100 M M 2 24 100
2 90 81 86 3 0 21 T M M 12.7 22 100 M M 5 27 100
3 90 80 85 2 0 20 0.06 M M 15.0 28 90 M M 7 13 34 100
4 89 80 85 2 0 20 T M M 16.5 28 100 M M 7 3 33 90
5 90 80 85 2 0 20 0.00 M M 13.0 21 100 M M 9 24 110
6 88 80 84 1 0 19 0.00 M M 12.7 22 70 M M 9 29 70
7 89 79 84 1 0 19 0.01 M M 11.9 21 110 M M 6 1 26 60
8 86 78 82 -1 0 17 0.21 M M 10.3 22 120 M M 5 138 32 120
9 90 78 84 1 0 19 T M M 13.8 24 100 M M 4 30 100
10 89 81 85 2 0 20 T M M 15.6 21 80 M M 4 31 70
11 91 81 86 3 0 21 0.01 M M 16.0 23 70 M M 7 1 30 70
12 86 78 82 -1 0 17 0.05 M M 12.9 30 110 M M 5 138 34 100
13 90 79 85 2 0 20 T M M 14.3 24 90 M M 5 8 30 90
14 90 80 85 2 0 20 T M M 13.6 23 110 M M 6 31 100
15 90 79 85 2 0 20 0.00 M M 12.6 23 90 M M 2 28 110
16 90 77 84 1 0 19 0.31 M M 11.7 22 90 M M 4 1 32 90
17 90 78 84 1 0 19 0.15 M M 14.9 24 100 M M 6 13 30 80
18 91 81 86 3 0 21 0.00 M M 14.3 24 80 M M 6 31 90
19 90 81 86 3 0 21 T M M 15.9 26 90 M M 7 8 32 100
20 90 79 85 2 0 20 0.00 M M 10.3 21 110 M M 7 8 25 100
21 89 76 83 0 0 18 0.00 M M 7.9 15 50 M M 5 19 60
22 89 78 84 1 0 19 0.00 M M 8.2 14 140 M M 2 19 150
23 91 78 85 2 0 20 0.00 M M 10.5 20 110 M M 3 26 90
24 92 80 86 3 0 21 T M M 14.0 24 110 M M 3 28 100
25 92 78 85 2 0 20 0.34 M M 15.8 36 90 M M 3 138 43 100
26 89 79 84 1 0 19 0.04 M M 13.8 24 100 M M 3 1 29 100
27 90 79 85 2 0 20 T M M 12.6 18 100 M M 2 24 110
28 91 79 85 2 0 20 0.08 M M 12.5 22 110 M M 3 1 29 90
29 92 80 86 3 0 21 0.00 M M 14.0 23 110 M M 1 30 90
30 92 79 86 3 0 21 T M M 10.0 20 100 M M 3 26 110
31 91 79 85 2 0 20 T 0.0 0 9.5 20 90 M M 3 24 90
================================================================================
SM 2786 2452 0 610 1.26 0.0 398.7 M 144
================================================================================
AV 89.9 79.1 12.9 FASTST M M 5 MAX(MPH)
MISC ----> 36 90 43 100
================================================================================
NOTES:
# LAST OF SEVERAL OCCURRENCES
COLUMN 17 PEAK WIND IN M.P.H.
PRELIMINARY LOCAL CLIMATOLOGICAL DATA (WS FORM: F-6) , PAGE 2
STATION: HENRY E. ROHLSEN AP/ST CROIX
MONTH: JULY
YEAR: 2023
LATITUDE: 17 42 N
LONGITUDE: 64 48 W
[TEMPERATURE DATA] [PRECIPITATION DATA] SYMBOLS USED IN COLUMN 16
AVERAGE MONTHLY: 84.5 TOTAL FOR MONTH: 1.26 1 = FOG OR MIST
DPTR FM NORMAL: 1.3 DPTR FM NORMAL: -1.38 2 = FOG REDUCING VISIBILITY
HIGHEST: 92 ON 30,29 GRTST 24HR 0.46 ON 16-17 TO 1/4 MILE OR LESS
LOWEST: 76 ON 21 3 = THUNDER
SNOW, ICE PELLETS, HAIL 4 = ICE PELLETS
TOTAL MONTH: 0.0 INCH 5 = HAIL
GRTST 24HR 0.0 6 = FREEZING RAIN OR DRIZZLE
GRTST DEPTH: 0 7 = DUSTSTORM OR SANDSTORM:
VSBY 1/2 MILE OR LESS
8 = SMOKE OR HAZE
[NO. OF DAYS WITH] [WEATHER - DAYS WITH] 9 = BLOWING SNOW
X = TORNADO
MAX 32 OR BELOW: 0 0.01 INCH OR MORE: 10
MAX 90 OR ABOVE: 21 0.10 INCH OR MORE: 4
MIN 32 OR BELOW: 0 0.50 INCH OR MORE: 0
MIN 0 OR BELOW: 0 1.00 INCH OR MORE: 0
[HDD (BASE 65) ]
TOTAL THIS MO. 0 CLEAR (SCALE 0-3) 11
DPTR FM NORMAL 0 PTCLDY (SCALE 4-7) 18
TOTAL FM JUL 1 0 CLOUDY (SCALE 8-10) 2
DPTR FM NORMAL 0
[CDD (BASE 65) ]
TOTAL THIS MO. 610
DPTR FM NORMAL 44 [PRESSURE DATA]
TOTAL FM JAN 1 3422 HIGHEST SLP M ON M
DPTR FM NORMAL 208 LOWEST SLP 29.92 ON 12
[REMARKS]
#FINAL-07-23#