000
CXUS52 TJSJ 011548
CF6ISX
PRELIMINARY LOCAL CLIMATOLOGICAL DATA (WS FORM: F-6)
STATION: HENRY E. ROHLSEN AP/ST CROIX
MONTH: MAY
YEAR: 2021
LATITUDE: 17 42 N
LONGITUDE: 64 48 W
TEMPERATURE IN F: :PCPN: SNOW: WIND :SUNSHINE: SKY :PK WND
================================================================================
1 2 3 4 5 6A 6B 7 8 9 10 11 12 13 14 15 16 17 18
12Z AVG MX 2MIN
DY MAX MIN AVG DEP HDD CDD WTR SNW DPTH SPD SPD DIR MIN PSBL S-S WX SPD DR
================================================================================
1 87 72 80 -1 0 15 0.00 M M 10.5 20 100 M M 3 26 100
2 87 75 81 0 0 16 0.00 M M 11.7 20 70 M M 3 26 100
3 88 75 82 1 0 17 0.01 M M 12.0 21 40 M M 3 1 27 70
4 89 76 83 2 0 18 T M M 14.3 23 90 M M 3 30 100
5 89 76 83 2 0 18 T M M 13.6 24 100 M M 3 31 90
6 88 74 81 0 0 16 T M M 12.5 23 110 M M 3 31 80
7 88 75 82 1 0 17 0.00 M M 13.0 21 100 M M 2 27 110
8 88 77 83 2 0 18 0.00 M M 12.4 18 100 M M 3 27 100
9 89 75 82 1 0 17 T M M 14.8 25 100 M M 5 32 70
10 90 77 84 3 0 19 0.02 M M 16.7 26 80 M M 6 1 34 90
11 90 75 83 2 0 18 T M M 15.4 26 80 M M 6 1 31 80
12 89 77 83 2 0 18 0.00 M M 13.8 23 90 M M 4 28 90
13 89 75 82 1 0 17 T M M 13.9 22 100 M M 4 1 30 80
14 88 76 82 1 0 17 0.22 M M 10.5 20 100 M M 4 18 26 110
15 88 74 81 0 0 16 T M M 8.1 15 120 M M 4 19 120
16 89 76 83 2 0 18 T M M 10.4 17 110 M M 3 22 120
17 88 77 83 2 0 18 0.00 M M 9.5 15 100 M M 3 8 21 110
18 89 76 83 2 0 18 0.00 M M 9.3 18 90 M M 4 21 140
19 89 76 83 2 0 18 0.00 M M 7.5 14 130 M M 3 18 120
20 88 75 82 1 0 17 T M M 8.1 15 120 M M 6 19 120
21 90 77 84 3 0 19 0.00 M M 13.7 21 100 M M 5 29 100
22 90 79 85 3 0 20 0.00 M M 14.6 21 80 M M 4 28 90
23 87 71 79 -3 0 14 1.01 M M 12.9 22 70 M M 9 1 33 360
24 89 76 83 1 0 18 T M M 10.8 20 110 M M 5 25 100
25 89 77 83 1 0 18 0.00 M M 12.6 22 100 M M 5 27 90
26 88 77 83 1 0 18 T M M 10.8 20 80 M M 3 27 40
27 87 75 81 -1 0 16 0.01 M M 9.2 16 100 M M 4 21 90
28 88 75 82 0 0 17 0.10 M M 6.3 14 120 M M 8 1 19 110
29 88 75 82 0 0 17 0.01 M M 10.1 16 110 M M 5 23 100
30 89 75 82 0 0 17 0.09 M M 11.4 32 90 M M 4 1 39 100
31 89 75 82 0 0 17 0.00 M M 12.1 21 90 M M 3 26 100
================================================================================
SM 2744 2341 0 537 1.47 M 362.5 M 130
================================================================================
AV 88.5 75.5 11.7 FASTST M M 4 MAX(MPH)
MISC ----> 32 90 39 100
================================================================================
NOTES:
# LAST OF SEVERAL OCCURRENCES
COLUMN 17 PEAK WIND IN M.P.H.
PRELIMINARY LOCAL CLIMATOLOGICAL DATA (WS FORM: F-6) , PAGE 2
STATION: HENRY E. ROHLSEN AP/ST CROIX
MONTH: MAY
YEAR: 2021
LATITUDE: 17 42 N
LONGITUDE: 64 48 W
[TEMPERATURE DATA] [PRECIPITATION DATA] SYMBOLS USED IN COLUMN 16
AVERAGE MONTHLY: 82.0 TOTAL FOR MONTH: 1.47 1 = FOG OR MIST
DPTR FM NORMAL: 0.8 DPTR FM NORMAL: -2.15 2 = FOG REDUCING VISIBILITY
HIGHEST: 90 ON 22,21 GRTST 24HR 1.01 ON 23-23 TO 1/4 MILE OR LESS
LOWEST: 71 ON 23 3 = THUNDER
SNOW, ICE PELLETS, HAIL 4 = ICE PELLETS
TOTAL MONTH: M 5 = HAIL
GRTST 24HR M ON M 6 = FREEZING RAIN OR DRIZZLE
GRTST DEPTH: M ON M 7 = DUSTSTORM OR SANDSTORM:
VSBY 1/2 MILE OR LESS
8 = SMOKE OR HAZE
[NO. OF DAYS WITH] [WEATHER - DAYS WITH] 9 = BLOWING SNOW
X = TORNADO
MAX 32 OR BELOW: 0 0.01 INCH OR MORE: 8
MAX 90 OR ABOVE: 4 0.10 INCH OR MORE: 3
MIN 32 OR BELOW: 0 0.50 INCH OR MORE: 1
MIN 0 OR BELOW: 0 1.00 INCH OR MORE: 1
[HDD (BASE 65) ]
TOTAL THIS MO. 0 CLEAR (SCALE 0-3) 8
DPTR FM NORMAL 0 PTCLDY (SCALE 4-7) 22
TOTAL FM JUL 1 0 CLOUDY (SCALE 8-10) 1
DPTR FM NORMAL 0
[CDD (BASE 65) ]
TOTAL THIS MO. 537
DPTR FM NORMAL 33 [PRESSURE DATA]
TOTAL FM JAN 1 2283 HIGHEST SLP 30.12 ON 9
DPTR FM NORMAL 169 LOWEST SLP 29.93 ON 29
[REMARKS]
#FINAL-05-21#