000
CXHW53 PHFO 011625
CLMITO
CLIMATE REPORT
NATIONAL WEATHER SERVICE HONOLULU HI
625 AM HST FRI SEP 01 2023
...................................
...THE HILO HI CLIMATE SUMMARY FOR THE MONTH OF AUGUST 2023...
CLIMATE NORMAL PERIOD 1991 TO 2020
CLIMATE RECORD PERIOD 1949 TO 2023
WEATHER OBSERVED NORMAL DEPART LAST YEAR`S
VALUE DATE(S) VALUE FROM VALUE DATE(S)
NORMAL
................................................................
TEMPERATURE (F)
RECORD
HIGH 93 08/15/1950
LOW 63 08/01/1955
HIGHEST 86 08/07 83 3 86 08/20
08/22
08/25
08/30
08/29
LOWEST 67 08/05 69 -2 66 08/03
08/06
08/12
08/04
AVG. MAXIMUM 84.3 82.9 1.4 84.4
AVG. MINIMUM 69.7 70.4 -0.7 68.9
MEAN 77.0 76.6 0.4 76.6
DAYS MAX >= 93 0 0
DAYS MAX >= 90 0 0
DAYS MAX <= 80 1 1
DAYS MIN >= 72 3 0
DAYS MIN <= 60 0 0
DAYS MIN <= 55 0 0
PRECIPITATION (INCHES)
RECORD
MAXIMUM 48.85 2018
MINIMUM 2.66 1971
TOTALS 5.35 11.30 -5.95 5.15
DAILY AVG. 0.17 0.36 -0.19 0.17
DAYS >= .01 28 27.2 0.8 27
DAYS >= .10 16 18.2 -2.2 16
DAYS >= .50 1 6.0 -5.0 2
DAYS >= 1.00 0 2.2 -2.2 1
GREATEST
24 HR. TOTAL 0.69 08/21 TO 08/21 1.18
SNOWFALL (INCHES)
RECORDS
TOTAL MM MM
TOTALS MM MM MM MM
SINCE 7/1 MM MM MM MM
SNOWDEPTH AVG. MM MM
DAYS >= 1.0 MM MM MM MM
GREATEST
SNOW DEPTH MM MM MM
24 HR TOTAL MM MM
DEGREE DAYS
HEATING TOTAL 0 0 0 0
SINCE 7/1 0 0 0 MM
COOLING TOTAL 381 361 20 366
SINCE 1/1 2424 2111 313 MM
................................................................
WIND (MPH)
AVERAGE WIND SPEED 6.5
HIGHEST WIND SPEED/DIRECTION 26/090 DATE 08/25
HIGHEST GUST SPEED/DIRECTION 31/090 DATE 08/25
SKY COVER
POSSIBLE SUNSHINE (PERCENT) MM
AVERAGE SKY COVER 0.72
NUMBER OF DAYS FAIR 0
NUMBER OF DAYS PC 17
NUMBER OF DAYS CLOUDY 14
AVERAGE RH (PERCENT) 79
WEATHER CONDITIONS. NUMBER OF DAYS WITH
THUNDERSTORM MM MIXED PRECIP MM
HEAVY RAIN 11 RAIN 10
LIGHT RAIN 27 FREEZING RAIN MM
LT FREEZING RAIN MM HAIL MM
HEAVY SNOW MM SNOW MM
LIGHT SNOW MM SLEET MM
FOG 27 FOG W/VIS <= 1/4 MILE MM
HAZE 1
- INDICATES NEGATIVE NUMBERS.
R INDICATES RECORD WAS SET OR TIED.
MM INDICATES DATA IS MISSING.
T INDICATES TRACE AMOUNT.
$$