000
CXUS53 KIWX 010951
CF6IWX
PRELIMINARY LOCAL CLIMATOLOGICAL DATA (WS FORM: F-6)
STATION: NORTH WEBSTER WFO
MONTH: FEBRUARY
YEAR: 2024
LATITUDE: 41 21 N
LONGITUDE: 85 42 W
TEMPERATURE IN F: :PCPN: SNOW: WIND :SUNSHINE: SKY :PK WND
================================================================================
1 2 3 4 5 6A 6B 7 8 9 10 11 12 13 14 15 16 17 18
12Z AVG MX 2MIN
DY MAX MIN AVG DEP HDD CDD WTR SNW DPTH SPD SPD DIR MIN PSBL S-S WX SPD DR
================================================================================
1 51 32 42 17 23 0 0.00 0.0 0 M M M M M M M M
2 38 27 33 8 32 0 0.00 0.0 0 M M M M M M 1 M M
3 37 25 31 6 34 0 0.00 0.0 0 M M M M M M M M
4 45 24 35 10 30 0 0.00 0.0 0 M M M M M M 12 M M
5 50 24 37 11 28 0 0.00 0.0 0 M M M M M M M M
6 43 27 35 9 30 0 0.00 0.0 0 M M M M M M M M
7 47 26 37 11 28 0 0.00 0.0 0 M M M M M M M M
8 60 41 51 25 14 0 T 0.0 0 M M M M M M M M
9 63 50 57 31 8 0 0.00 0.0 0 M M M M M M M M
10 51 28 40 13 25 0 0.00 0.0 0 M M M M M M M M
11 44 22 33 6 32 0 0.00 0.0 0 M M M M M M M M
12 44 21 33 6 32 0 0.00 0.0 0 M M M M M M M M
13 45 24 35 8 30 0 0.00 0.0 0 M M M M M M M M
14 43 20 32 4 33 0 0.00 0.0 0 M M M M M M M M
15 42 26 34 6 31 0 0.13 0.0 0 M M M M M M M M
16 29 19 24 -4 41 0 0.09 1.3 0 M M M M M M M M
17 24 13 19 -9 46 0 0.02 0.5 1 M M M M M M M M
18 36 14 25 -4 40 0 0.00 0.0 1 M M M M M M M M
19 45 19 32 3 33 0 0.00 0.0 T M M M M M M M M
20 54 27 41 12 24 0 0.00 0.0 0 M M M M M M M M
21 62 39 51 21 14 0 T 0.0 0 M M M M M M M M
22 56 36 46 16 19 0 0.55 0.0 0 M M M M M M 1 M M
23 55 31 43 13 22 0 0.16 1.0 0 M M M M M M 1 M M
24 31 17 24 -6 41 0 0.07 1.2 2 M M M M M M 1 M M
25 54 25 40 9 25 0 0.00 0.0 T M M M M M M M M
26 66 34 50 19 15 0 0.00 0.0 0 M M M M M M M M
27 70 56 63 31 2 0 0.00 0.0 0 M M M M M M M M
28 62 22 42 10 23 0 0.03 0.1 0 M M M M M M M M
29 41 17 29 -3 36 0 0.00 0.0 0 M M M M M M M M
================================================================================
SM 1388 786 791 0 1.05 4.1 M M M
================================================================================
AV 47.9 27.1 M FASTST M M M MAX(MPH)
MISC ----> M M M M
================================================================================
NOTES:
# LAST OF SEVERAL OCCURRENCES
COLUMN 17 PEAK WIND IN M.P.H.
PRELIMINARY LOCAL CLIMATOLOGICAL DATA (WS FORM: F-6) , PAGE 2
STATION: NORTH WEBSTER WFO
MONTH: FEBRUARY
YEAR: 2024
LATITUDE: 41 21 N
LONGITUDE: 85 42 W
[TEMPERATURE DATA] [PRECIPITATION DATA] SYMBOLS USED IN COLUMN 16
AVERAGE MONTHLY: 37.5 TOTAL FOR MONTH: 1.05 1 = FOG OR MIST
DPTR FM NORMAL: 9.5 DPTR FM NORMAL: -1.26 2 = FOG REDUCING VISIBILITY
HIGHEST: 70 ON 27 GRTST 24HR 0.55 ON 22-22 TO 1/4 MILE OR LESS
LOWEST: 13 ON 17 3 = THUNDER
SNOW, ICE PELLETS, HAIL 4 = ICE PELLETS
TOTAL MONTH: 4.1 INCHES 5 = HAIL
GRTST 24HR 1.3 ON 16-16 6 = FREEZING RAIN OR DRIZZLE
GRTST DEPTH: 2 ON 24 7 = DUSTSTORM OR SANDSTORM:
VSBY 1/2 MILE OR LESS
8 = SMOKE OR HAZE
[NO. OF DAYS WITH] [WEATHER - DAYS WITH] 9 = BLOWING SNOW
X = TORNADO
MAX 32 OR BELOW: 3 0.01 INCH OR MORE: 7
MAX 90 OR ABOVE: 0 0.10 INCH OR MORE: 3
MIN 32 OR BELOW: 23 0.50 INCH OR MORE: 1
MIN 0 OR BELOW: 0 1.00 INCH OR MORE: 0
[HDD (BASE 65) ]
TOTAL THIS MO. 791 CLEAR (SCALE 0-3) 0
DPTR FM NORMAL -246 PTCLDY (SCALE 4-7) 0
TOTAL FM JUL 1 3968 CLOUDY (SCALE 8-10) 29
DPTR FM NORMAL -717
[CDD (BASE 65) ]
TOTAL THIS MO. 0
DPTR FM NORMAL 0 [PRESSURE DATA]
TOTAL FM JAN 1 0 HIGHEST SLP M ON M
DPTR FM NORMAL 0 LOWEST SLP M ON M
[REMARKS]
#FINAL-02-24#