000
CXUS53 KIWX 010910
CF6IWX
PRELIMINARY LOCAL CLIMATOLOGICAL DATA (WS FORM: F-6)
STATION: NORTH WEBSTER WFO
MONTH: NOVEMBER
YEAR: 2020
LATITUDE: 41 21 N
LONGITUDE: 85 42 W
TEMPERATURE IN F: :PCPN: SNOW: WIND :SUNSHINE: SKY :PK WND
================================================================================
1 2 3 4 5 6A 6B 7 8 9 10 11 12 13 14 15 16 17 18
12Z AVG MX 2MIN
DY MAX MIN AVG DEP HDD CDD WTR SNW DPTH SPD SPD DIR MIN PSBL S-S WX SPD DR
================================================================================
1 52 30 41 -6 24 0 T T 0 M M M M M M M M
2 50 25 38 -9 27 0 0.00 0.0 0 M M M M M M M M
3 66 35 51 5 14 0 0.00 0.0 0 M M M M M M M M
4 73 47 60 14 5 0 0.00 0.0 0 M M M M M M M M
5 67 52 60 14 5 0 0.00 0.0 0 M M M M M M M M
6 72 45 59 14 6 0 0.00 0.0 0 M M M M M M M M
7 71 47 59 14 6 0 0.00 0.0 0 M M M M M M M M
8 77 51 64 19 1 0 0.00 0.0 0 M M M M M M M M
9 76 58 67 23 0 2 0.00 0.0 0 M M M M M M M M
10 74 54 64 20 1 0 0.13 0.0 0 M M M M M M M M
11 54 30 42 -1 23 0 0.03 0.0 M M M M M M M M M
12 50 28 39 -4 26 0 0.00 0.0 0 M M M M M M M M
13 41 24 33 -9 32 0 0.02 0.0 0 M M M M M M M M
14 45 22 34 -8 31 0 0.12 0.0 0 M M M M M M M M
15 54 35 45 3 20 0 1.03 T 0 M M M M M M 3 M M
16 46 29 38 -3 27 0 0.00 0.0 0 M M M M M M M M
17 43 27 35 -6 30 0 0.00 0.0 0 M M M M M M M M
18 47 27 37 -3 28 0 0.00 0.0 0 M M M M M M M M
19 65 40 53 13 12 0 0.00 0.0 0 M M M M M M M M
20 65 42 54 15 11 0 0.00 0.0 0 M M M M M M M M
21 46 36 41 2 24 0 0.00 0.0 0 M M M M M M M M
22 39 32 36 -2 29 0 0.75 1.9 1 M M M M M M 1 M M
23 47 29 38 0 27 0 0.00 0.0 T M M M M M M M M
24 43 30 37 0 28 0 0.39 0.9 0 M M M M M M 1 M M
25 52 42 47 10 18 0 0.55 0.0 0 M M M M M M 1 M M
26 51 40 46 10 19 0 T 0.0 0 M M M M M M 1 M M
27 45 32 39 3 26 0 0.00 0.0 0 M M M M M M M M
28 47 26 37 2 28 0 0.00 0.0 0 M M M M M M M M
29 51 34 43 8 22 0 T 0.0 0 M M M M M M M M
30 40 29 35 1 30 0 0.07 0.1 T M M M M M M M M
================================================================================
SM 1649 1078 580 2 3.09 2.9 M M M
================================================================================
AV 55.0 35.9 M FASTST M M M MAX(MPH)
MISC ----> M M M M
================================================================================
NOTES:
# LAST OF SEVERAL OCCURRENCES
COLUMN 17 PEAK WIND IN M.P.H.
PRELIMINARY LOCAL CLIMATOLOGICAL DATA (WS FORM: F-6) , PAGE 2
STATION: NORTH WEBSTER WFO
MONTH: NOVEMBER
YEAR: 2020
LATITUDE: 41 21 N
LONGITUDE: 85 42 W
[TEMPERATURE DATA] [PRECIPITATION DATA] SYMBOLS USED IN COLUMN 16
AVERAGE MONTHLY: 45.5 TOTAL FOR MONTH: 3.09 1 = FOG OR MIST
DPTR FM NORMAL: 4.3 DPTR FM NORMAL: -0.41 2 = FOG REDUCING VISIBILITY
HIGHEST: 77 ON 8 GRTST 24HR 1.03 ON 15-15 TO 1/4 MILE OR LESS
LOWEST: 22 ON 14 3 = THUNDER
SNOW, ICE PELLETS, HAIL 4 = ICE PELLETS
TOTAL MONTH: 2.9 INCHES 5 = HAIL
GRTST 24HR 1.9 ON 22-22 6 = FREEZING RAIN OR DRIZZLE
GRTST DEPTH: 1 ON 22 7 = DUSTSTORM OR SANDSTORM:
VSBY 1/2 MILE OR LESS
8 = SMOKE OR HAZE
[NO. OF DAYS WITH] [WEATHER - DAYS WITH] 9 = BLOWING SNOW
X = TORNADO
MAX 32 OR BELOW: 0 0.01 INCH OR MORE: 9
MAX 90 OR ABOVE: 0 0.10 INCH OR MORE: 6
MIN 32 OR BELOW: 15 0.50 INCH OR MORE: 3
MIN 0 OR BELOW: 0 1.00 INCH OR MORE: 1
[HDD (BASE 65) ]
TOTAL THIS MO. 580 CLEAR (SCALE 0-3) 0
DPTR FM NORMAL -136 PTCLDY (SCALE 4-7) 0
TOTAL FM JUL 1 1085 CLOUDY (SCALE 8-10) 30
DPTR FM NORMAL -104
[CDD (BASE 65) ]
TOTAL THIS MO. 2
DPTR FM NORMAL 2 [PRESSURE DATA]
TOTAL FM JAN 1 811 HIGHEST SLP M ON M
DPTR FM NORMAL 98 LOWEST SLP M ON M
[REMARKS]
#FINAL-11-20#