000
CXUS55 KRIW 011110
CF6JAC
PRELIMINARY LOCAL CLIMATOLOGICAL DATA (WS FORM: F-6)
STATION: JACKSON WY
MONTH: FEBRUARY
YEAR: 2023
LATITUDE: 43 35 N
LONGITUDE: 110 44 W
TEMPERATURE IN F: :PCPN: SNOW: WIND :SUNSHINE: SKY :PK WND
================================================================================
1 2 3 4 5 6A 6B 7 8 9 10 11 12 13 14 15 16 17 18
12Z AVG MX 2MIN
DY MAX MIN AVG DEP HDD CDD WTR SNW DPTH SPD SPD DIR MIN PSBL S-S WX SPD DR
================================================================================
1 26 0 13 -2 52 0 T M M 4.1 9 20 M M 7 M M
2 27 -11 8 -7 57 0 0.00 M M 6.4 13 20 M M 0 M M
3 25 -9 8 -7 57 0 M M M 5.5 12 20 M M 1 M M
4 35 11 23 8 42 0 T M M 8.5 14 200 M M 6 M M
5 32 8 20 5 45 0 M M M 10.9 24 190 M M 7 1 25 190
6 35 14 25 10 40 0 M M M 6.7 15 200 M M 9 1 M M
7 34 11 23 7 42 0 M M M 6.3 14 30 M M 6 1 M M
8 32 0 16 0 49 0 T M M 8.2 22 220 M M 8 1 33 200
9 29 -12 9 -7 56 0 T M M 5.9 14 20 M M 0 1 M M
10 29 -10 10 -6 55 0 0.00 M M 6.5 13 30 M M 0 M M
11 28 -5 12 -4 53 0 0.00 M M 6.0 13 20 M M 0 1 M M
12 34 -5 15 -1 50 0 0.00 M M 6.9 12 20 M M 0 M M
13 31 -8 12 -5 53 0 0.00 M M 7.2 16 210 M M 3 M M
14 26 10 18 1 47 0 T M M 11.7 25 30 M M 8 1 30 200
15 23 -6 9 -8 56 0 T M M 14.2 24 20 M M 0 M M
16 17 -16 1 -17 64 0 0.00 M M 6.1 12 20 M M 0 M M
17 27 -15 6 -12 59 0 0.00 M M 6.4 15 30 M M 1 M M
18 27 -10 9 -9 56 0 M M M 10.0 22 260 M M 6 1 31 250
19 29 15 22 4 43 0 M M M 15.3 24 190 M M 9 1 33 200
20 35 25 30 11 35 0 M M M 20.4 27 180 M M 10 1 43 190
21 32 21 27 8 38 0 M M M 19.6 32 180 M M 10 12 48 180
22 21 2 12 -7 53 0 M M M 20.3 45 40 M M 10 19 52 30
23 14 -1 7 -13 58 0 M M M 5.9 13 230 M M 9 1 M M
24 32 -2 15 -5 50 0 M M M 6.6 22 200 M M 9 18 22 180
25 36 17 27 7 38 0 M M M 11.1 17 180 M M 6 M M
26 33 11 22 1 43 0 M M M 11.2 24 200 M M 9 1 30 200
27 29 10 20 -1 45 0 M M M 13.2 27 210 M M 9 12 30 210
28 25 14 20 -2 45 0 M M M 11.3 22 200 M M 9 128 27 200
================================================================================
SM 803 59 1381 0 T M 272.4 M 152
================================================================================
AV 28.7 2.1 9.7 FASTST M M 5 MAX(MPH)
MISC ----> 45 40 52 30
================================================================================
NOTES:
# LAST OF SEVERAL OCCURRENCES
COLUMN 17 PEAK WIND IN M.P.H.
PRELIMINARY LOCAL CLIMATOLOGICAL DATA (WS FORM: F-6) , PAGE 2
STATION: JACKSON WY
MONTH: FEBRUARY
YEAR: 2023
LATITUDE: 43 35 N
LONGITUDE: 110 44 W
[TEMPERATURE DATA] [PRECIPITATION DATA] SYMBOLS USED IN COLUMN 16
AVERAGE MONTHLY: 15.4 TOTAL FOR MONTH: T 1 = FOG OR MIST
DPTR FM NORMAL: -2.0 DPTR FM NORMAL: -1.82 2 = FOG REDUCING VISIBILITY
HIGHEST: 36 ON 25 GRTST 24HR 0.04 ON 20-21 TO 1/4 MILE OR LESS
LOWEST: -16 ON 16 3 = THUNDER
SNOW, ICE PELLETS, HAIL 4 = ICE PELLETS
TOTAL MONTH: M 5 = HAIL
GRTST 24HR M ON M 6 = FREEZING RAIN OR DRIZZLE
GRTST DEPTH: M ON M 7 = DUSTSTORM OR SANDSTORM:
VSBY 1/2 MILE OR LESS
8 = SMOKE OR HAZE
[NO. OF DAYS WITH] [WEATHER - DAYS WITH] 9 = BLOWING SNOW
X = TORNADO
MAX 32 OR BELOW: 21 0.01 INCH OR MORE: 0
MAX 90 OR ABOVE: 0 0.10 INCH OR MORE: 0
MIN 32 OR BELOW: 28 0.50 INCH OR MORE: 0
MIN 0 OR BELOW: 15 1.00 INCH OR MORE: 0
[HDD (BASE 65) ]
TOTAL THIS MO. 1381 CLEAR (SCALE 0-3) 10
DPTR FM NORMAL 50 PTCLDY (SCALE 4-7) 7
TOTAL FM JUL 1 6869 CLOUDY (SCALE 8-10) 11
DPTR FM NORMAL -256
[CDD (BASE 65) ]
TOTAL THIS MO. 0
DPTR FM NORMAL 0 [PRESSURE DATA]
TOTAL FM JAN 1 0 HIGHEST SLP 30.90 ON 9
DPTR FM NORMAL 0 LOWEST SLP 29.26 ON 22
[REMARKS]
#FINAL-02-23#