000
CXUS54 KJAN 012226
CF6JAN
PRELIMINARY LOCAL CLIMATOLOGICAL DATA (WS FORM: F-6)
STATION: JACKSON
MONTH: SEPTEMBER
YEAR: 2020
LATITUDE: 32 19 N
LONGITUDE: 90 5 W
TEMPERATURE IN F: :PCPN: SNOW: WIND :SUNSHINE: SKY :PK WND
================================================================================
1 2 3 4 5 6A 6B 7 8 9 10 11 12 13 14 15 16 17 18
12Z AVG MX 2MIN
DY MAX MIN AVG DEP HDD CDD WTR SNW DPTH SPD SPD DIR MIN PSBL S-S WX SPD DR
================================================================================
1 94 77 86 6 0 21 0.02 0.0 0 8.6 20 200 M M 4 25 200
2 93 77 85 5 0 20 0.00 0.0 0 8.5 15 210 M M 3 23 210
3 93 73 83 4 0 18 0.00 0.0 0 4.2 12 200 M M 2 1 15 210
4 96 72 84 5 0 19 T 0.0 0 2.0 10 360 M M 3 13 15 360
5 93 73 83 4 0 18 0.00 0.0 0 6.1 15 10 M M 3 19 10
6 95 66 81 2 0 16 0.00 0.0 0 4.3 12 350 M M 1 14 330
7 93 66 80 2 0 15 0.00 0.0 0 3.0 10 110 M M 0 14 120
8 94 68 81 3 0 16 0.00 0.0 0 5.0 12 120 M M 2 19 120
9 94 72 83 5 0 18 0.00 0.0 0 4.6 10 80 M M 2 17 130
10 94 69 82 4 0 17 0.00 0.0 0 4.1 14 350 M M 1 22 20
11 94 72 83 6 0 18 T 0.0 0 4.9 17 140 M M 4 3 21 150
12 95 73 84 7 0 19 0.11 0.0 0 4.7 17 130 M M 4 138 25 120
13 93 74 84 7 0 19 0.00 0.0 0 7.2 17 10 M M 5 24 30
14 91 74 83 7 0 18 0.04 0.0 0 9.1 18 40 M M 5 8 27 40
15 89 75 82 6 0 17 0.11 0.0 0 9.5 23 60 M M 4 18 36 70
16 82 73 78 2 0 13 T 0.0 0 11.9 21 30 M M 8 29 30
17 91 70 81 6 0 16 T 0.0 0 9.2 17 360 M M 6 25 20
18 82 67 75 0 0 10 0.00 0.0 0 9.7 16 20 M M 4 22 20
19 80 66 73 -2 0 8 0.00 0.0 0 9.4 16 10 M M 5 22 20
20 85 65 75 1 0 10 0.00 0.0 0 9.4 18 60 M M 5 26 60
21 74 68 71 -3 0 6 T 0.0 0 10.0 20 120 M M 10 27 120
22 80 66 73 -1 0 8 0.00 0.0 0 9.1 15 100 M M 8 20 80
23 75 67 71 -2 0 6 1.92 0.0 0 7.9 15 120 M M 10 1 24 100
24 76 66 71 -2 0 6 1.73 0.0 0 8.4 25 180 M M 10 1 33 170
25 73 66 70 -2 0 5 0.01 0.0 0 2.4 6 290 M M 10 1 8 270
26 82 69 76 4 0 11 T 0.0 0 3.2 10 150 M M 8 14 200
27 85 67 76 4 0 11 0.00 0.0 0 4.4 12 210 M M 5 12 16 190
28 79 59 69 -2 0 4 0.10 0.0 0 6.4 18 350 M M 7 1 24 350
29 77 53 65 -6 0 0 0.00 0.0 0 5.0 20 300 M M 1 31 300
30 81 50 66 -5 0 1 0.00 0.0 0 2.6 12 210 M M 0 15 260
================================================================================
SM 2603 2053 0 384 4.04 0.0 194.8 M 140
================================================================================
AV 86.8 68.4 6.5 FASTST M M 5 MAX(MPH)
MISC ----> # 25 180 # 36 70
================================================================================
NOTES:
# LAST OF SEVERAL OCCURRENCES
COLUMN 17 PEAK WIND IN M.P.H.
PRELIMINARY LOCAL CLIMATOLOGICAL DATA (WS FORM: F-6) , PAGE 2
STATION: JACKSON
MONTH: SEPTEMBER
YEAR: 2020
LATITUDE: 32 19 N
LONGITUDE: 90 5 W
[TEMPERATURE DATA] [PRECIPITATION DATA] SYMBOLS USED IN COLUMN 16
AVERAGE MONTHLY: 77.6 TOTAL FOR MONTH: 4.04 1 = FOG OR MIST
DPTR FM NORMAL: 2.0 DPTR FM NORMAL: 1.01 2 = FOG REDUCING VISIBILITY
HIGHEST: 96 ON 4 GRTST 24HR 1.92 ON 23-23 TO 1/4 MILE OR LESS
LOWEST: 50 ON 30 3 = THUNDER
SNOW, ICE PELLETS, HAIL 4 = ICE PELLETS
TOTAL MONTH: 0.0 INCH 5 = HAIL
GRTST 24HR 0.0 6 = FREEZING RAIN OR DRIZZLE
GRTST DEPTH: 0 7 = DUSTSTORM OR SANDSTORM:
VSBY 1/2 MILE OR LESS
8 = SMOKE OR HAZE
[NO. OF DAYS WITH] [WEATHER - DAYS WITH] 9 = BLOWING SNOW
X = TORNADO
MAX 32 OR BELOW: 0 0.01 INCH OR MORE: 8
MAX 90 OR ABOVE: 15 0.10 INCH OR MORE: 5
MIN 32 OR BELOW: 0 0.50 INCH OR MORE: 2
MIN 0 OR BELOW: 0 1.00 INCH OR MORE: 2
[HDD (BASE 65) ]
TOTAL THIS MO. 0 CLEAR (SCALE 0-3) 10
DPTR FM NORMAL -7 PTCLDY (SCALE 4-7) 16
TOTAL FM JUL 1 0 CLOUDY (SCALE 8-10) 4
DPTR FM NORMAL -7
[CDD (BASE 65) ]
TOTAL THIS MO. 384
DPTR FM NORMAL 57 [PRESSURE DATA]
TOTAL FM JAN 1 2352 HIGHEST SLP M ON M
DPTR FM NORMAL 226 LOWEST SLP 29.62 ON 24
[REMARKS]
#FINAL-09-20#