000
CXUS54 KSJT 011100
CF6JCT
PRELIMINARY LOCAL CLIMATOLOGICAL DATA (WS FORM: F-6)
STATION: JUNCTION
MONTH: NOVEMBER
YEAR: 2021
LATITUDE: 30 18 N
LONGITUDE: 99 28 W
TEMPERATURE IN F: :PCPN: SNOW: WIND :SUNSHINE: SKY :PK WND
================================================================================
1 2 3 4 5 6A 6B 7 8 9 10 11 12 13 14 15 16 17 18
12Z AVG MX 2MIN
DY MAX MIN AVG DEP HDD CDD WTR SNW DPTH SPD SPD DIR MIN PSBL S-S WX SPD DR
================================================================================
1 81 58 70 9 0 5 0.00 0.0 0 6.3 15 170 M M 3 8 20 170
2 74 59 67 6 0 2 0.02 0.0 0 8.0 15 50 M M 9 38 20 70
3 59 49 54 -6 11 0 0.53 0.0 0 8.4 16 350 M M 10 138 23 10
4 52 48 50 -10 15 0 0.01 0.0 0 6.6 12 40 M M 10 1 15 30
5 68 46 57 -3 8 0 0.00 0.0 0 1.7 9 180 M M 6 12 150
6 75 38 57 -2 8 0 0.00 0.0 0 1.8 9 170 M M 2 128 13 190
7 76 38 57 -2 8 0 0.00 0.0 0 3.1 15 200 M M 0 1 20 210
8 77 44 61 3 4 0 0.00 0.0 0 5.3 16 210 M M 3 24 180
9 76 55 66 8 0 1 0.00 0.0 0 5.2 15 210 M M 6 25 180
10 79 57 68 10 0 3 0.00 0.0 0 6.8 23 200 M M 4 32 200
11 73 42 58 0 7 0 0.00 0.0 0 5.5 16 50 M M 0 8 22 50
12 77 38 58 1 7 0 T 0.0 0 5.8 21 10 M M 0 18 28 360
13 74 33 54 -3 11 0 0.00 0.0 0 4.8 17 210 M M 0 18 26 210
14 82 42 62 6 3 0 0.00 0.0 0 3.3 10 200 M M 0 8 17 210
15 83 41 62 6 3 0 0.00 0.0 0 5.8 17 200 M M 0 18 25 200
16 85 48 67 11 0 2 0.00 0.0 0 8.5 21 190 M M 1 18 30 200
17 86 55 71 15 0 6 0.00 0.0 0 5.9 22 10 M M 1 1 30 20
18 63 41 52 -3 13 0 0.00 0.0 0 10.9 22 30 M M 5 8 30 50
19 72 39 56 1 9 0 0.00 0.0 0 3.7 13 170 M M 3 16 210
20 77 41 59 4 6 0 0.00 0.0 0 5.9 18 200 M M 0 27 210
21 74 52 63 9 2 0 0.00 0.0 0 6.1 21 10 M M 6 18 28 10
22 70 38 54 0 11 0 0.00 0.0 0 2.1 10 320 M M 1 8 14 10
23 74 30 52 -2 13 0 0.00 0.0 0 5.8 18 170 M M 0 8 23 170
24 75 52 64 11 1 0 0.00 0.0 0 7.6 24 190 M M 5 1 37 180
25 60 46 53 0 12 0 0.00 0.0 0 9.7 22 20 M M 1 1 34 20
26 56 36 46 -7 19 0 0.00 0.0 0 1.0 7 50 M M 1 8 9 60
27 58 44 51 -2 14 0 0.07 0.0 0 5.3 13 190 M M 7 1 17 200
28 71 38 55 3 10 0 0.00 0.0 0 4.6 16 20 M M 2 18 23 40
29 77 30 54 2 11 0 0.00 0.0 0 4.2 14 190 M M 0 18 19 190
30 76 36 56 4 9 0 0.00 M M 4.1 16 210 M M 0 24 200
================================================================================
SM 2180 1314 215 19 0.63 0.0 163.8 M 86
================================================================================
AV 72.7 43.8 5.5 FASTST M M 3 MAX(MPH)
MISC ----> 24 190 37 180
================================================================================
NOTES:
# LAST OF SEVERAL OCCURRENCES
COLUMN 17 PEAK WIND IN M.P.H.
PRELIMINARY LOCAL CLIMATOLOGICAL DATA (WS FORM: F-6) , PAGE 2
STATION: JUNCTION
MONTH: NOVEMBER
YEAR: 2021
LATITUDE: 30 18 N
LONGITUDE: 99 28 W
[TEMPERATURE DATA] [PRECIPITATION DATA] SYMBOLS USED IN COLUMN 16
AVERAGE MONTHLY: 58.2 TOTAL FOR MONTH: 0.63 1 = FOG OR MIST
DPTR FM NORMAL: 2.0 DPTR FM NORMAL: -0.89 2 = FOG REDUCING VISIBILITY
HIGHEST: 86 ON 17 GRTST 24HR 0.55 ON 2- 3 TO 1/4 MILE OR LESS
LOWEST: 30 ON 29,23 3 = THUNDER
SNOW, ICE PELLETS, HAIL 4 = ICE PELLETS
TOTAL MONTH: 0.0 INCH 5 = HAIL
GRTST 24HR 0.0 6 = FREEZING RAIN OR DRIZZLE
GRTST DEPTH: 0 7 = DUSTSTORM OR SANDSTORM:
VSBY 1/2 MILE OR LESS
8 = SMOKE OR HAZE
[NO. OF DAYS WITH] [WEATHER - DAYS WITH] 9 = BLOWING SNOW
X = TORNADO
MAX 32 OR BELOW: 0 0.01 INCH OR MORE: 4
MAX 90 OR ABOVE: 0 0.10 INCH OR MORE: 1
MIN 32 OR BELOW: 2 0.50 INCH OR MORE: 1
MIN 0 OR BELOW: 0 1.00 INCH OR MORE: 0
[HDD (BASE 65) ]
TOTAL THIS MO. 215 CLEAR (SCALE 0-3) 20
DPTR FM NORMAL -69 PTCLDY (SCALE 4-7) 7
TOTAL FM JUL 1 248 CLOUDY (SCALE 8-10) 3
DPTR FM NORMAL -109
[CDD (BASE 65) ]
TOTAL THIS MO. 19
DPTR FM NORMAL 0 [PRESSURE DATA]
TOTAL FM JAN 1 2629 HIGHEST SLP 30.44 ON 18
DPTR FM NORMAL 11 LOWEST SLP 29.73 ON 10
[REMARKS]
#FINAL-11-21#