000
CXUS53 KLSX 011400
CF6JEF
PRELIMINARY LOCAL CLIMATOLOGICAL DATA (WS FORM: F-6)
STATION: JEFFERSON CITY
MONTH: MAY
YEAR: 2023
LATITUDE: 38 35 N
LONGITUDE: 92 10 W
TEMPERATURE IN F: :PCPN: SNOW: WIND :SUNSHINE: SKY :PK WND
================================================================================
1 2 3 4 5 6A 6B 7 8 9 10 11 12 13 14 15 16 17 18
12Z AVG MX 2MIN
DY MAX MIN AVG DEP HDD CDD WTR SNW DPTH SPD SPD DIR MIN PSBL S-S WX SPD DR
================================================================================
1 67 48 58 -3 7 0 0.00 0.0 0 14.5 30 290 M M 0 8 41 280
2 69 43 56 -6 9 0 0.00 0.0 0 11.0 31 290 M M 0 40 300
3 73 37 55 -7 10 0 0.00 0.0 0 2.9 13 10 M M 0 18 350
4 77 39 58 -4 7 0 0.00 0.0 0 5.5 20 210 M M 1 27 190
5 75 56 66 4 0 1 0.00 0.0 0 11.9 22 140 M M 8 32 130
6 87 64 76 13 0 11 0.00 0.0 0 12.5 22 160 M M 6 30 150
7 94 70 82 19 0 17 0.00 0.0 0 8.3 21 190 M M 0 18 30 180
8 86 64 75 12 0 10 0.12 0.0 0 6.5 25 340 M M 5 3 37 350
9 82 62 72 8 0 7 0.00 0.0 0 9.1 17 100 M M 3 18 23 110
10 88 67 78 14 0 13 0.00 0.0 0 8.7 21 150 M M 1 3 33 160
11 80 64 72 8 0 7 T 0.0 0 10.0 20 120 M M 6 26 110
12 88 66 77 12 0 12 T 0.0 0 6.5 15 190 M M 4 20 190
13 92 69 81 16 0 16 0.00 0.0 0 6.6 14 220 M M 1 27 220
14 90 68 79 14 0 14 0.81 0.0 0 5.1 22 100 M M 4 13 30 100
15 71 63 67 1 0 2 0.21 0.0 0 6.1 12 40 M M 10 1 17 70
16 69 61 65 -1 0 0 0.35 0.0 0 4.4 12 360 M M 8 1 17 340
17 83 57 70 4 0 5 0.00 0.0 0 2.8 9 80 M M 3 12 14 310
18 83 57 70 3 0 5 0.00 0.0 0 4.3 13 170 M M 2 1 18 190
19 77 57 67 0 0 2 0.05 0.0 0 6.0 16 340 M M 6 18 24 340
20 74 50 62 -5 3 0 0.00 0.0 0 3.8 15 350 M M 0 22 330
21 79 48 64 -4 1 0 0.00 0.0 0 2.8 12 140 M M 1 1 15 150
22 83 50 67 -1 0 2 0.00 0.0 0 4.0 15 120 M M 0 20 120
23 86 53 70 2 0 5 0.00 0.0 0 4.0 15 140 M M 2 19 180
24 88 61 75 6 0 10 0.00 0.0 0 3.9 17 120 M M 1 21 110
25 85 57 71 2 0 6 0.00 0.0 0 5.8 16 70 M M 1 8 22 80
26 79 53 66 -3 0 1 0.00 0.0 0 6.5 15 110 M M 0 21 100
27 82 47 65 -5 0 0 0.00 0.0 0 3.7 12 70 M M 1 18 90
28 85 52 69 -1 0 4 0.00 0.0 0 3.5 12 70 M M 1 17 160
29 88 56 72 2 0 7 0.00 0.0 0 3.5 20 240 M M 0 30 240
30 90 57 74 3 0 9 0.00 0.0 0 3.2 10 120 M M 1 15 120
31 86 63 75 4 0 10 T 0.0 0 4.6 18 240 M M 3 23 240
================================================================================
SM 2536 1759 37 176 1.54 0.0 192.0 M 79
================================================================================
AV 81.8 56.7 6.2 FASTST M M 3 MAX(MPH)
MISC ----> 31 290 41 280
================================================================================
NOTES:
# LAST OF SEVERAL OCCURRENCES
COLUMN 17 PEAK WIND IN M.P.H.
PRELIMINARY LOCAL CLIMATOLOGICAL DATA (WS FORM: F-6) , PAGE 2
STATION: JEFFERSON CITY
MONTH: MAY
YEAR: 2023
LATITUDE: 38 35 N
LONGITUDE: 92 10 W
[TEMPERATURE DATA] [PRECIPITATION DATA] SYMBOLS USED IN COLUMN 16
AVERAGE MONTHLY: 69.3 TOTAL FOR MONTH: 1.54 1 = FOG OR MIST
DPTR FM NORMAL: 3.3 DPTR FM NORMAL: -3.35 2 = FOG REDUCING VISIBILITY
HIGHEST: 94 ON 7 GRTST 24HR 0.97 ON 14-15 TO 1/4 MILE OR LESS
LOWEST: 37 ON 3 3 = THUNDER
SNOW, ICE PELLETS, HAIL 4 = ICE PELLETS
TOTAL MONTH: 0.0 INCH 5 = HAIL
GRTST 24HR 0.0 6 = FREEZING RAIN OR DRIZZLE
GRTST DEPTH: 0 7 = DUSTSTORM OR SANDSTORM:
VSBY 1/2 MILE OR LESS
8 = SMOKE OR HAZE
[NO. OF DAYS WITH] [WEATHER - DAYS WITH] 9 = BLOWING SNOW
X = TORNADO
MAX 32 OR BELOW: 0 0.01 INCH OR MORE: 5
MAX 90 OR ABOVE: 4 0.10 INCH OR MORE: 4
MIN 32 OR BELOW: 0 0.50 INCH OR MORE: 1
MIN 0 OR BELOW: 0 1.00 INCH OR MORE: 0
[HDD (BASE 65) ]
TOTAL THIS MO. 37 CLEAR (SCALE 0-3) 21
DPTR FM NORMAL -51 PTCLDY (SCALE 4-7) 8
TOTAL FM JUL 1 3976 CLOUDY (SCALE 8-10) 2
DPTR FM NORMAL -607
[CDD (BASE 65) ]
TOTAL THIS MO. 176
DPTR FM NORMAL 57 [PRESSURE DATA]
TOTAL FM JAN 1 207 HIGHEST SLP 30.22 ON 26
DPTR FM NORMAL 54 LOWEST SLP 29.70 ON 1
[REMARKS]
#FINAL-05-23#