000
CXUS51 KOKX 011010
CF6JFK
PRELIMINARY LOCAL CLIMATOLOGICAL DATA (WS FORM: F-6)
STATION: KENNEDY NY
MONTH: DECEMBER
YEAR: 2023
LATITUDE: 40 39 N
LONGITUDE: 73 47 W
TEMPERATURE IN F: :PCPN: SNOW: WIND :SUNSHINE: SKY :PK WND
================================================================================
1 2 3 4 5 6A 6B 7 8 9 10 11 12 13 14 15 16 17 18
12Z AVG MX 2MIN
DY MAX MIN AVG DEP HDD CDD WTR SNW DPTH SPD SPD DIR MIN PSBL S-S WX SPD DR
================================================================================
1 48 35 42 0 23 0 0.55 0.0 0 6.9 14 210 M M 8 1 17 210
2 52 45 49 7 16 0 0.00 0.0 0 6.7 13 220 M M 9 12 14 230
3 50 44 47 5 18 0 0.74 0.0 0 9.6 21 100 M M 10 12 28 110
4 52 42 47 6 18 0 0.00 0.0 0 12.0 20 260 M M 6 12 24 270
5 44 37 41 0 24 0 0.00 0.0 0 9.3 23 310 M M 6 29 320
6 42 33 38 -3 27 0 0.00 0.0 0 12.5 25 330 M M 7 33 330
7 39 31 35 -5 30 0 T T 0 11.8 21 320 M M 7 24 330
8 48 30 39 -1 26 0 0.00 0.0 0 5.7 14 180 M M 6 18 17 190
9 55 35 45 5 20 0 T 0.0 0 5.7 12 150 M M 6 1 13 200
10 57 43 50 10 15 0 2.38 0.0 0 15.2 35 190 M M 9 123 41 190
11 53 36 45 6 20 0 0.59 0.0 0 18.9 32 310 M M 8 1 42 290
12 43 33 38 -1 27 0 0.00 0.0 0 13.7 23 240 M M 4 28 240
13 46 36 41 2 24 0 0.00 0.0 0 13.5 25 330 M M 3 29 320
14 47 31 39 0 26 0 0.00 0.0 0 11.7 21 310 M M 3 26 310
15 56 34 45 7 20 0 0.00 0.0 0 11.6 18 240 M M 2 22 230
16 55 38 47 9 18 0 0.00 0.0 0 8.5 18 20 M M 5 23 30
17 56 47 52 14 13 0 0.12 0.0 0 14.1 25 120 M M 10 1 36 120
18 59 42 51 13 14 0 1.47 0.0 0 23.1 40 120 M M 8 1 55 140
19 44 32 38 1 27 0 0.00 0.0 0 16.9 24 330 M M 5 33 290
20 44 29 37 0 28 0 0.00 0.0 0 12.8 23 310 M M 3 28 320
21 42 29 36 -1 29 0 0.00 0.0 0 13.7 24 360 M M 2 29 330
22 40 25 33 -4 32 0 0.00 0.0 0 4.5 10 20 M M 5 13 10
23 43 28 36 0 29 0 0.00 0.0 0 5.5 9 50 M M 8 10 40
24 48 40 44 8 21 0 0.02 0.0 0 3.0 9 40 M M 9 10 40
25 49 39 44 8 21 0 0.00 0.0 0 4.3 9 50 M M 9 12 11 70
26 45 39 42 6 23 0 T 0.0 0 3.5 9 270 M M 10 12 11 270
27 49 40 45 9 20 0 0.19 0.0 0 6.6 15 50 M M 10 1 19 40
28 54 47 51 16 14 0 1.55 0.0 0 10.6 28 70 M M 10 1 34 70
29 53 45 49 14 16 0 0.02 0.0 M 9.0 20 240 M M 8 12 22 240
30 47 38 43 8 22 0 0.00 0.0 M 14.5 22 270 M M 7 27 270
31 43 38 41 6 24 0 0.00 0.0 0 12.1 20 310 M M 9 26 330
================================================================================
SM 1503 1141 685 0 7.63 T 327.5 M 212
================================================================================
AV 48.5 36.8 10.6 FASTST M M 7 MAX(MPH)
MISC ----> 40 120 55 140
================================================================================
NOTES:
# LAST OF SEVERAL OCCURRENCES
COLUMN 17 PEAK WIND IN M.P.H.
PRELIMINARY LOCAL CLIMATOLOGICAL DATA (WS FORM: F-6) , PAGE 2
STATION: KENNEDY NY
MONTH: DECEMBER
YEAR: 2023
LATITUDE: 40 39 N
LONGITUDE: 73 47 W
[TEMPERATURE DATA] [PRECIPITATION DATA] SYMBOLS USED IN COLUMN 16
AVERAGE MONTHLY: 42.6 TOTAL FOR MONTH: 7.63 1 = FOG OR MIST
DPTR FM NORMAL: 4.3 DPTR FM NORMAL: 3.67 2 = FOG REDUCING VISIBILITY
HIGHEST: 59 ON 18 GRTST 24HR 2.97 ON 10-11 TO 1/4 MILE OR LESS
LOWEST: 25 ON 22 3 = THUNDER
SNOW, ICE PELLETS, HAIL 4 = ICE PELLETS
TOTAL MONTH: T 5 = HAIL
GRTST 24HR T ON 7- 7 6 = FREEZING RAIN OR DRIZZLE
GRTST DEPTH: 0 7 = DUSTSTORM OR SANDSTORM:
VSBY 1/2 MILE OR LESS
8 = SMOKE OR HAZE
[NO. OF DAYS WITH] [WEATHER - DAYS WITH] 9 = BLOWING SNOW
X = TORNADO
MAX 32 OR BELOW: 0 0.01 INCH OR MORE: 10
MAX 90 OR ABOVE: 0 0.10 INCH OR MORE: 8
MIN 32 OR BELOW: 8 0.50 INCH OR MORE: 6
MIN 0 OR BELOW: 0 1.00 INCH OR MORE: 3
[HDD (BASE 65) ]
TOTAL THIS MO. 685 CLEAR (SCALE 0-3) 4
DPTR FM NORMAL -144 PTCLDY (SCALE 4-7) 17
TOTAL FM JUL 1 1487 CLOUDY (SCALE 8-10) 10
DPTR FM NORMAL -177
[CDD (BASE 65) ]
TOTAL THIS MO. 0
DPTR FM NORMAL 0 [PRESSURE DATA]
TOTAL FM JAN 1 1058 HIGHEST SLP M ON M
DPTR FM NORMAL 42 LOWEST SLP 29.04 ON 18
[REMARKS]
#FINAL-12-23#