000
CXUS51 KOKX 021336 RRA
CLAJFK
CLIMATE REPORT
NATIONAL WEATHER SERVICE NEW YORK, NY
831 AM EST MON JAN 02 2023
...................................
...THE KENNEDY NY CLIMATE SUMMARY FOR THE YEAR OF 2022...
CLIMATE NORMAL PERIOD 1991 TO 2020
CLIMATE RECORD PERIOD 1948 TO 2023
WEATHER OBSERVED NORMAL DEPART LAST YEAR`S
VALUE DATE(S) VALUE FROM VALUE DATE(S)
NORMAL
................................................................
TEMPERATURE (F)
RECORD
HIGH 104 07/03/1966
LOW -2 01/21/1985
02/08/1963
HIGHEST 96 07/23 MM MM 94 05/22
07/24
LOWEST 7 12/24 MM MM 15 01/30
AVG. MAXIMUM 63.2 61.6 1.6 63.4
AVG. MINIMUM 47.8 47.0 0.8 48.7
MEAN 55.5 54.3 1.2 56.0
DAYS MAX >= 90 16 11.0 5.0 10
DAYS MAX <= 32 17 14.0 3.0 7
DAYS MIN <= 32 82 74.0 8.0 69
DAYS MIN <= 0 0 0.0 0.0 0
PRECIPITATION (INCHES)
RECORD
MAXIMUM 59.12 1983
MINIMUM MM MM
TOTALS 35.77 43.29 -7.52 43.46
DAILY AVG. 0.10 0.12 -0.02 0.12
DAYS >= .01 117 121.2 -4.2 125
DAYS >= .10 75 73.8 1.2 71
DAYS >= .50 28 29.7 -1.7 31
DAYS >= 1.00 5 11.3 -6.3 7
GREATEST
24 HR. TOTAL 2.06 10/03 TO 10/04 4.39 08/21 TO 08/22
STORM TOTAL 1.38 3.24
(MM/DD(HH)) MM
SNOWFALL (INCHES)
RECORDS
TOTAL 61.9 2003
24 HR TOTAL MM
SNOW DEPTH 28 01/24/2016
02/18/2003
TOTALS 21.5 25.9 -4.4 27.5
LIQUID EQUIV 2.20 2.50 -0.30 2.80
SINCE 7/1 T 4.9 -4.9 MM
LIQUID 7/1 -0.10 0.40 -0.50 MM
SNOWDEPTH AVG. 0 0
DAYS >= TRACE 25 14.0 11.0 29
DAYS >= 1.0 4 6.0 -2.0 4
GREATEST
SNOW DEPTH 10 01/30 13 02/02
24 HR TOTAL 0.0 11.9 02/01 TO 02/01
STORM TOTAL 9.3 11.9
(MM/DD(HH)) MM
DEGREE DAYS
HEATING TOTAL 4643 4872 -229 4322
SINCE 7/1 1548 1664 -116 MM
COOLING TOTAL 1305 1016 289 1197
SINCE 1/1 1305 1016 289 MM
................................................................
WIND (MPH)
AVERAGE WIND SPEED 11.8
RESULTANT WIND SPEED/DIRECTION 3/260
HIGHEST WIND SPEED/DIRECTION 48/260 DATE 12/23
HIGHEST GUST SPEED/DIRECTION 58/260 DATE 12/23
SKY COVER
POSSIBLE SUNSHINE (PERCENT) MM
AVERAGE SKY COVER 0.60
NUMBER OF DAYS FAIR 74
NUMBER OF DAYS PC 159
NUMBER OF DAYS CLOUDY 132
AVERAGE RH (PERCENT) 66
WEATHER CONDITIONS. NUMBER OF DAYS WITH
THUNDERSTORM 26 MIXED PRECIP 0
HEAVY RAIN 33 RAIN 57
LIGHT RAIN 133 FREEZING RAIN 1
LT FREEZING RAIN 2 HAIL 0
HEAVY SNOW 1 SNOW 2
LIGHT SNOW 24 SLEET 4
FOG 116 FOG W/VIS <= 1/4 MILE 29
HAZE 17
- INDICATES NEGATIVE NUMBERS.
R INDICATES RECORD WAS SET OR TIED.
MM INDICATES DATA IS MISSING.
T INDICATES TRACE AMOUNT.
$$