473
CDUS41 KOKX 172037
CLIJFK


CLIMATE REPORT
NATIONAL WEATHER SERVICE NEW YORK NY
437 PM EDT TUE APR 17 2018


...................................

...THE KENNEDY NY CLIMATE SUMMARY FOR APRIL 17 2018...
VALID TODAY AS OF 0400 PM LOCAL TIME.

CLIMATE NORMAL PERIOD 1981 TO 2010
CLIMATE RECORD PERIOD 1948 TO 2018


WEATHER ITEM   OBSERVED TIME   RECORD YEAR NORMAL DEPARTURE LAST
                VALUE   (LST)  VALUE       VALUE  FROM      YEAR
                                                  NORMAL
..................................................................
TEMPERATURE (F)
 TODAY
  MAXIMUM         48    116 PM  90    2002  60    -12       76
  MINIMUM         41    602 AM  33    1980  44     -3       58
                                      1962
  AVERAGE         45                        52     -7       67

PRECIPITATION (IN)
  TODAY            T             1.05 1986   0.12  -0.12      T
  MONTH TO DATE    2.51                      2.27   0.24     2.11
  SINCE MAR 1      7.59                      6.05   1.54     7.90
  SINCE JAN 1     15.36                     11.80   3.56    14.12

SNOWFALL (IN)
  TODAY            0.0          MM      MM   0.1   -0.1      0.0
  MONTH TO DATE    3.7                       0.7    3.0      0.0
  SINCE OCT 1     35.5                      23.7   11.8     30.9
  SINCE JUL 1     35.5                      23.7   11.8     30.9
  SNOW DEPTH       0

DEGREE DAYS
 HEATING
  TODAY           20                        13      7        0
  MONTH TO DATE  344                       272     72      194
  SINCE MAR 1   1132                       997    135      982
  SINCE JUL 1   4511                      4508      3     3900

 COOLING
  TODAY            0                         0      0        2
  MONTH TO DATE    0                         0      0        4
  SINCE MAR 1      0                         0      0        4
  SINCE JAN 1      0                         0      0        4
..................................................................


WIND (MPH)
  HIGHEST WIND SPEED    26   HIGHEST WIND DIRECTION     W (270)
  HIGHEST GUST SPEED    31   HIGHEST GUST DIRECTION     W (260)
  AVERAGE WIND SPEED    17.7


SKY COVER
  AVERAGE SKY COVER 0.7


WEATHER CONDITIONS
 THE FOLLOWING WEATHER WAS RECORDED TODAY.
  LIGHT RAIN


RELATIVE HUMIDITY (PERCENT)
 HIGHEST    70          1200 AM
 LOWEST     45           100 PM
 AVERAGE    58

..........................................................


THE KENNEDY NY CLIMATE NORMALS FOR TOMORROW
                         NORMAL    RECORD    YEAR
 MAXIMUM TEMPERATURE (F)   60        86      2002
 MINIMUM TEMPERATURE (F)   44        35      2003


SUNRISE AND SUNSET
APRIL 17 2018.........SUNRISE   614 AM EDT   SUNSET   737 PM EDT
APRIL 18 2018.........SUNRISE   612 AM EDT   SUNSET   738 PM EDT


-  INDICATES NEGATIVE NUMBERS.
R  INDICATES RECORD WAS SET OR TIED.
MM INDICATES DATA IS MISSING.
T  INDICATES TRACE AMOUNT.




$$
