000
CDUS41 KOKX 180622
CLIJFK


CLIMATE REPORT
NATIONAL WEATHER SERVICE NEW YORK NY
222 AM EDT FRI MAY 18 2018


...................................

...THE KENNEDY NY CLIMATE SUMMARY FOR MAY 17 2018...

CLIMATE NORMAL PERIOD 1981 TO 2010
CLIMATE RECORD PERIOD 1948 TO 2018


WEATHER ITEM   OBSERVED TIME   RECORD YEAR NORMAL DEPARTURE LAST
                VALUE   (LST)  VALUE       VALUE  FROM      YEAR
                                                  NORMAL
..................................................................
TEMPERATURE (F)
 YESTERDAY
  MAXIMUM         67    430 PM  89    1974  69     -2       77
  MINIMUM         55    441 AM  42    1983  53      2       57
  AVERAGE         61                        61      0       67

PRECIPITATION (IN)
  YESTERDAY        0.72          1.01 2011   0.13   0.59     0.00
  MONTH TO DATE    2.03                      2.00   0.03     3.51
  SINCE MAR 1     10.41                      9.65   0.76    13.36
  SINCE JAN 1     18.18                     15.40   2.78    19.58

SNOWFALL (IN)
  YESTERDAY        0.0          MM      MM   0.0    0.0      0.0
  MONTH TO DATE    0.0                       0.0    0.0      0.0
  SINCE OCT 1     35.5                      23.8   11.7     30.9
  SINCE JUL 1     35.5                      23.8   11.7     30.9
  SNOW DEPTH       0

DEGREE DAYS
 HEATING
  YESTERDAY        4                         5     -1        0
  MONTH TO DATE   64                       119    -55      129
  SINCE MAR 1   1385                      1259    126     1217
  SINCE JUL 1   4764                      4770     -6     4135

 COOLING
  YESTERDAY        0                         1     -1        2
  MONTH TO DATE   16                         8      8        8
  SINCE MAR 1     16                        11      5       20
  SINCE JAN 1     16                        11      5       20
..................................................................


WIND (MPH)
  HIGHEST WIND SPEED    14   HIGHEST WIND DIRECTION    NE (30)
  HIGHEST GUST SPEED    16   HIGHEST GUST DIRECTION    NE (30)
  AVERAGE WIND SPEED     5.3


SKY COVER
  POSSIBLE SUNSHINE  MM
  AVERAGE SKY COVER 1.0


WEATHER CONDITIONS
 THE FOLLOWING WEATHER WAS RECORDED YESTERDAY.
  HEAVY RAIN
  LIGHT RAIN
  FOG


RELATIVE HUMIDITY (PERCENT)
 HIGHEST   100          1200 AM
 LOWEST     87           300 PM
 AVERAGE    94

..........................................................


THE KENNEDY NY CLIMATE NORMALS FOR TODAY
                         NORMAL    RECORD    YEAR
 MAXIMUM TEMPERATURE (F)   69        88      1977
 MINIMUM TEMPERATURE (F)   53        42      2003
                                             1973


SUNRISE AND SUNSET
MAY 18 2018...........SUNRISE   536 AM EDT   SUNSET   808 PM EDT
MAY 19 2018...........SUNRISE   535 AM EDT   SUNSET   809 PM EDT


-  INDICATES NEGATIVE NUMBERS.
R  INDICATES RECORD WAS SET OR TIED.
MM INDICATES DATA IS MISSING.
T  INDICATES TRACE AMOUNT.




$$
