000
CDUS41 KOKX 110621
CLIJFK


CLIMATE REPORT
NATIONAL WEATHER SERVICE NEW YORK NY
221 AM EDT WED APR 11 2018


...................................

...THE KENNEDY NY CLIMATE SUMMARY FOR APRIL 10 2018...

CLIMATE NORMAL PERIOD 1981 TO 2010
CLIMATE RECORD PERIOD 1948 TO 2018


WEATHER ITEM   OBSERVED TIME   RECORD YEAR NORMAL DEPARTURE LAST
                VALUE   (LST)  VALUE       VALUE  FROM      YEAR
                                                  NORMAL
..................................................................
TEMPERATURE (F)
 YESTERDAY
  MAXIMUM         51    416 PM  72    2008  57     -6       62
                                      1991
  MINIMUM         37    541 AM  28    1997  42     -5       43
  AVERAGE         44                        50     -6       53

PRECIPITATION (IN)
  YESTERDAY        0.01          2.33 1983   0.14  -0.13     0.00
  MONTH TO DATE    0.73                      1.35  -0.62     2.05
  SINCE MAR 1      5.81                      5.13   0.68     7.84
  SINCE JAN 1     13.58                     10.88   2.70    14.06

SNOWFALL (IN)
  YESTERDAY        0.0           0.9  1996   0.0    0.0      0.0
  MONTH TO DATE    3.7                       0.4    3.3      0.0
  SINCE OCT 1     35.5                      23.4   12.1     30.9
  SINCE JUL 1     35.5                      23.4   12.1     30.9
  SNOW DEPTH       0

DEGREE DAYS
 HEATING
  YESTERDAY       21                        16      5       12
  MONTH TO DATE  227                       172     55      152
  SINCE MAR 1   1015                       897    118      940
  SINCE JUL 1   4394                      4408    -14     3858

 COOLING
  YESTERDAY        0                         0      0        0
  MONTH TO DATE    0                         0      0        0
  SINCE MAR 1      0                         0      0        0
  SINCE JAN 1      0                         0      0        0
..................................................................


WIND (MPH)
  HIGHEST WIND SPEED    20   HIGHEST WIND DIRECTION    NW (330)
  HIGHEST GUST SPEED    28   HIGHEST GUST DIRECTION    NW (300)
  AVERAGE WIND SPEED    10.4


SKY COVER
  POSSIBLE SUNSHINE  MM
  AVERAGE SKY COVER 0.7


WEATHER CONDITIONS
 THE FOLLOWING WEATHER WAS RECORDED YESTERDAY.
  LIGHT RAIN
  FOG
  HAZE


RELATIVE HUMIDITY (PERCENT)
 HIGHEST    92           400 AM
 LOWEST     33           400 PM
 AVERAGE    63

..........................................................


THE KENNEDY NY CLIMATE NORMALS FOR TODAY
                         NORMAL    RECORD    YEAR
 MAXIMUM TEMPERATURE (F)   58        73      2010
 MINIMUM TEMPERATURE (F)   42        32      2007
                                             1976
                                             1967


SUNRISE AND SUNSET
APRIL 11 2018.........SUNRISE   623 AM EDT   SUNSET   730 PM EDT
APRIL 12 2018.........SUNRISE   621 AM EDT   SUNSET   731 PM EDT


-  INDICATES NEGATIVE NUMBERS.
R  INDICATES RECORD WAS SET OR TIED.
MM INDICATES DATA IS MISSING.
T  INDICATES TRACE AMOUNT.




$$
