000
CDUS41 KOKX 222031
CLIJFK


CLIMATE REPORT
NATIONAL WEATHER SERVICE NEW YORK NY
430 PM EDT SUN APR 22 2018


...................................

...THE KENNEDY NY CLIMATE SUMMARY FOR APRIL 22 2018...
VALID TODAY AS OF 0400 PM LOCAL TIME.

CLIMATE NORMAL PERIOD 1981 TO 2010
CLIMATE RECORD PERIOD 1948 TO 2018


WEATHER ITEM   OBSERVED TIME   RECORD YEAR NORMAL DEPARTURE LAST
                VALUE   (LST)  VALUE       VALUE  FROM      YEAR
                                                  NORMAL
..................................................................
TEMPERATURE (F)
 TODAY
  MAXIMUM         61    107 PM  82    2001  61      0       58
  MINIMUM         41    556 AM  37    2013  46     -5       50
                                      1984
                                      1981
  AVERAGE         51                        53     -2       54

PRECIPITATION (IN)
  TODAY            0.00          2.14 2012   0.12  -0.12     0.11
  MONTH TO DATE    2.66                      2.90  -0.24     2.42
  SINCE MAR 1      7.74                      6.68   1.06     8.21
  SINCE JAN 1     15.51                     12.43   3.08    14.43

SNOWFALL (IN)
  TODAY            0.0          MM      MM   0.0    0.0      0.0
  MONTH TO DATE    3.7                       0.8    2.9      0.0
  SINCE OCT 1     35.5                      23.8   11.7     30.9
  SINCE JUL 1     35.5                      23.8   11.7     30.9
  SNOW DEPTH       0

DEGREE DAYS
 HEATING
  TODAY           14                        12      2       11
  MONTH TO DATE  437                       334    103      250
  SINCE MAR 1   1225                      1059    166     1038
  SINCE JUL 1   4604                      4570     34     3956

 COOLING
  TODAY            0                         0      0        0
  MONTH TO DATE    0                         0      0        4
  SINCE MAR 1      0                         0      0        4
  SINCE JAN 1      0                         0      0        4
..................................................................


WIND (MPH)
  HIGHEST WIND SPEED    21   HIGHEST WIND DIRECTION     S (180)
  HIGHEST GUST SPEED    25   HIGHEST GUST DIRECTION     W (290)
  AVERAGE WIND SPEED     8.1


SKY COVER
  AVERAGE SKY COVER 0.3


WEATHER CONDITIONS
 THE FOLLOWING WEATHER WAS RECORDED TODAY.
  NO SIGNIFICANT WEATHER WAS OBSERVED.


RELATIVE HUMIDITY (PERCENT)
 HIGHEST    51           600 AM
 LOWEST     21          1000 AM
 AVERAGE    36

..........................................................


THE KENNEDY NY CLIMATE NORMALS FOR TOMORROW
                         NORMAL    RECORD    YEAR
 MAXIMUM TEMPERATURE (F)   62        87      1973
 MINIMUM TEMPERATURE (F)   46        34      1986


SUNRISE AND SUNSET
APRIL 22 2018.........SUNRISE   606 AM EDT   SUNSET   742 PM EDT
APRIL 23 2018.........SUNRISE   605 AM EDT   SUNSET   743 PM EDT


-  INDICATES NEGATIVE NUMBERS.
R  INDICATES RECORD WAS SET OR TIED.
MM INDICATES DATA IS MISSING.
T  INDICATES TRACE AMOUNT.




$$
