000
CDUS41 KOKX 090617
CLIJFK


CLIMATE REPORT
NATIONAL WEATHER SERVICE NEW YORK NY
217 AM EDT MON APR 9 2018


...................................

...THE KENNEDY NY CLIMATE SUMMARY FOR APRIL 8 2018...

CLIMATE NORMAL PERIOD 1981 TO 2010
CLIMATE RECORD PERIOD 1948 TO 2018


WEATHER ITEM   OBSERVED TIME   RECORD YEAR NORMAL DEPARTURE LAST
                VALUE   (LST)  VALUE       VALUE  FROM      YEAR
                                                  NORMAL
..................................................................
TEMPERATURE (F)
 YESTERDAY
  MAXIMUM         46    341 PM  82    1959  57    -11       58
  MINIMUM         32    651 AM  26    1982  41     -9       41
  AVERAGE         39                        49    -10       50

PRECIPITATION (IN)
  YESTERDAY        0.00          0.98 2005   0.14  -0.14     0.00
  MONTH TO DATE    0.72                      1.07  -0.35     2.05
  SINCE MAR 1      5.80                      4.85   0.95     7.84
  SINCE JAN 1     13.57                     10.60   2.97    14.06

SNOWFALL (IN)
  YESTERDAY        0.0           T    2009   0.1   -0.1      0.0
  MONTH TO DATE    3.7                       0.4    3.3      0.0
  SINCE OCT 1     35.5                      23.4   12.1     30.9
  SINCE JUL 1     35.5                      23.4   12.1     30.9
  SNOW DEPTH       0

DEGREE DAYS
 HEATING
  YESTERDAY       26                        16     10       15
  MONTH TO DATE  179                       140     39      126
  SINCE MAR 1    967                       865    102      914
  SINCE JUL 1   4346                      4376    -30     3832

 COOLING
  YESTERDAY        0                         0      0        0
  MONTH TO DATE    0                         0      0        0
  SINCE MAR 1      0                         0      0        0
  SINCE JAN 1      0                         0      0        0
..................................................................


WIND (MPH)
  HIGHEST WIND SPEED    29   HIGHEST WIND DIRECTION    NW (300)
  HIGHEST GUST SPEED    38   HIGHEST GUST DIRECTION     W (290)
  AVERAGE WIND SPEED    17.6


SKY COVER
  POSSIBLE SUNSHINE  MM
  AVERAGE SKY COVER 0.7


WEATHER CONDITIONS
 THE FOLLOWING WEATHER WAS RECORDED YESTERDAY.
  NO SIGNIFICANT WEATHER WAS OBSERVED.


RELATIVE HUMIDITY (PERCENT)
 HIGHEST    51           200 AM
 LOWEST     25           300 PM
 AVERAGE    38

..........................................................


THE KENNEDY NY CLIMATE NORMALS FOR TODAY
                         NORMAL    RECORD    YEAR
 MAXIMUM TEMPERATURE (F)   57        83      2013
 MINIMUM TEMPERATURE (F)   42        26      1977


SUNRISE AND SUNSET
APRIL  9 2018.........SUNRISE   626 AM EDT   SUNSET   728 PM EDT
APRIL 10 2018.........SUNRISE   624 AM EDT   SUNSET   729 PM EDT


-  INDICATES NEGATIVE NUMBERS.
R  INDICATES RECORD WAS SET OR TIED.
MM INDICATES DATA IS MISSING.
T  INDICATES TRACE AMOUNT.




$$
