175
CDUS41 KOKX 190625
CLIJFK


CLIMATE REPORT
NATIONAL WEATHER SERVICE NEW YORK NY
225 AM EDT SAT MAY 19 2018


...................................

...THE KENNEDY NY CLIMATE SUMMARY FOR MAY 18 2018...

CLIMATE NORMAL PERIOD 1981 TO 2010
CLIMATE RECORD PERIOD 1948 TO 2018


WEATHER ITEM   OBSERVED TIME   RECORD YEAR NORMAL DEPARTURE LAST
                VALUE   (LST)  VALUE       VALUE  FROM      YEAR
                                                  NORMAL
..................................................................
TEMPERATURE (F)
 YESTERDAY
  MAXIMUM         64    307 PM  88    1977  69     -5       85
  MINIMUM         55   1159 PM  42    2003  53      2       65
                                      1973
  AVERAGE         60                        61     -1       75

PRECIPITATION (IN)
  YESTERDAY        0.00          2.12 1988   0.12  -0.12     0.00
  MONTH TO DATE    2.03                      2.12  -0.09     3.51
  SINCE MAR 1     10.41                      9.77   0.64    13.36
  SINCE JAN 1     18.18                     15.52   2.66    19.58

SNOWFALL (IN)
  YESTERDAY        0.0          MM      MM   0.0    0.0      0.0
  MONTH TO DATE    0.0                       0.0    0.0      0.0
  SINCE OCT 1     35.5                      23.8   11.7     30.9
  SINCE JUL 1     35.5                      23.8   11.7     30.9
  SNOW DEPTH       0

DEGREE DAYS
 HEATING
  YESTERDAY        5                         5      0        0
  MONTH TO DATE   69                       124    -55      129
  SINCE MAR 1   1390                      1264    126     1217
  SINCE JUL 1   4769                      4775     -6     4135

 COOLING
  YESTERDAY        0                         1     -1       10
  MONTH TO DATE   16                         9      7       18
  SINCE MAR 1     16                        12      4       30
  SINCE JAN 1     16                        12      4       30
..................................................................


WIND (MPH)
  HIGHEST WIND SPEED    24   HIGHEST WIND DIRECTION    NE (60)
  HIGHEST GUST SPEED    33   HIGHEST GUST DIRECTION    NE (60)
  AVERAGE WIND SPEED    12.1


SKY COVER
  POSSIBLE SUNSHINE  MM
  AVERAGE SKY COVER 1.0


WEATHER CONDITIONS
 THE FOLLOWING WEATHER WAS RECORDED YESTERDAY.
  FOG
  FOG W/VISIBILITY <= 1/4 MILE


RELATIVE HUMIDITY (PERCENT)
 HIGHEST   100          1200 AM
 LOWEST     43           300 PM
 AVERAGE    72

..........................................................


THE KENNEDY NY CLIMATE NORMALS FOR TODAY
                         NORMAL    RECORD    YEAR
 MAXIMUM TEMPERATURE (F)   69        92      2017
 MINIMUM TEMPERATURE (F)   54        42      2002
                                             1976


SUNRISE AND SUNSET
MAY 19 2018...........SUNRISE   535 AM EDT   SUNSET   809 PM EDT
MAY 20 2018...........SUNRISE   534 AM EDT   SUNSET   810 PM EDT


-  INDICATES NEGATIVE NUMBERS.
R  INDICATES RECORD WAS SET OR TIED.
MM INDICATES DATA IS MISSING.
T  INDICATES TRACE AMOUNT.




$$
