000
CDUS41 KOKX 122036
CLIJFK


CLIMATE REPORT
NATIONAL WEATHER SERVICE NEW YORK NY
436 PM EDT SAT MAY 12 2018


...................................

...THE KENNEDY NY CLIMATE SUMMARY FOR MAY 12 2018...
VALID TODAY AS OF 0400 PM LOCAL TIME.

CLIMATE NORMAL PERIOD 1981 TO 2010
CLIMATE RECORD PERIOD 1948 TO 2018


WEATHER ITEM   OBSERVED TIME   RECORD YEAR NORMAL DEPARTURE LAST
                VALUE   (LST)  VALUE       VALUE  FROM      YEAR
                                                  NORMAL
..................................................................
TEMPERATURE (F)
 TODAY
  MAXIMUM         65   1211 AM  89    1991  67     -2       61
  MINIMUM         52    716 AM  43    1963  52      0       47
  AVERAGE         59                        59      0       54

PRECIPITATION (IN)
  TODAY            0.15          1.00 2006   0.11   0.04     0.00
  MONTH TO DATE    0.16                      1.39  -1.23     1.85
  SINCE MAR 1      8.54                      9.04  -0.50    11.70
  SINCE JAN 1     16.31                     14.79   1.52    17.92

SNOWFALL (IN)
  TODAY            0.0          MM      MM   0.0    0.0      0.0
  MONTH TO DATE    0.0                       0.0    0.0      0.0
  SINCE OCT 1     35.5                      23.8   11.7     30.9
  SINCE JUL 1     35.5                      23.8   11.7     30.9
  SNOW DEPTH       0

DEGREE DAYS
 HEATING
  TODAY            6                         6      0       11
  MONTH TO DATE   37                        92    -55      105
  SINCE MAR 1   1358                      1232    126     1193
  SINCE JUL 1   4737                      4743     -6     4111

 COOLING
  TODAY            0                         1     -1        0
  MONTH TO DATE   15                         3     12        3
  SINCE MAR 1     15                         6      9       15
  SINCE JAN 1     15                         6      9       15
..................................................................


WIND (MPH)
  HIGHEST WIND SPEED    16   HIGHEST WIND DIRECTION    SE (120)
  HIGHEST GUST SPEED    18   HIGHEST GUST DIRECTION    SE (130)
  AVERAGE WIND SPEED     7.2


SKY COVER
  AVERAGE SKY COVER 1.0


WEATHER CONDITIONS
 THE FOLLOWING WEATHER WAS RECORDED TODAY.
  HEAVY RAIN
  LIGHT RAIN
  FOG


RELATIVE HUMIDITY (PERCENT)
 HIGHEST    89           600 AM
 LOWEST     34           200 AM
 AVERAGE    62

..........................................................


THE KENNEDY NY CLIMATE NORMALS FOR TOMORROW
                         NORMAL    RECORD    YEAR
 MAXIMUM TEMPERATURE (F)   68        82      2004
 MINIMUM TEMPERATURE (F)   52        42      1962


SUNRISE AND SUNSET
MAY 12 2018...........SUNRISE   541 AM EDT   SUNSET   802 PM EDT
MAY 13 2018...........SUNRISE   540 AM EDT   SUNSET   803 PM EDT


-  INDICATES NEGATIVE NUMBERS.
R  INDICATES RECORD WAS SET OR TIED.
MM INDICATES DATA IS MISSING.
T  INDICATES TRACE AMOUNT.




$$
