000
CDUS41 KOKX 080618
CLIJFK


CLIMATE REPORT
NATIONAL WEATHER SERVICE NEW YORK NY
218 AM EDT TUE MAY 8 2018


...................................

...THE KENNEDY NY CLIMATE SUMMARY FOR MAY 7 2018...

CLIMATE NORMAL PERIOD 1981 TO 2010
CLIMATE RECORD PERIOD 1948 TO 2018


WEATHER ITEM   OBSERVED TIME   RECORD YEAR NORMAL DEPARTURE LAST
                VALUE   (LST)  VALUE       VALUE  FROM      YEAR
                                                  NORMAL
..................................................................
TEMPERATURE (F)
 YESTERDAY
  MAXIMUM         73   1227 PM  87    2000  66      7       57
  MINIMUM         52   1156 PM  38    1970  50      2       49
  AVERAGE         63                        58      5       53

PRECIPITATION (IN)
  YESTERDAY        0.00          1.38 1967   0.12  -0.12      T
  MONTH TO DATE    T                         0.81  -0.81     1.85
  SINCE MAR 1      8.38                      8.46  -0.08    11.70
  SINCE JAN 1     16.15                     14.21   1.94    17.92

SNOWFALL (IN)
  YESTERDAY        0.0          MM      MM   0.0    0.0      0.0
  MONTH TO DATE    0.0                       0.0    0.0      0.0
  SINCE OCT 1     35.5                      23.8   11.7     30.9
  SINCE JUL 1     35.5                      23.8   11.7     30.9
  SNOW DEPTH       0

DEGREE DAYS
 HEATING
  YESTERDAY        2                         8     -6       12
  MONTH TO DATE    9                        59    -50       51
  SINCE MAR 1   1330                      1199    131     1139
  SINCE JUL 1   4709                      4710     -1     4057

 COOLING
  YESTERDAY        0                         0      0        0
  MONTH TO DATE   14                         0     14        3
  SINCE MAR 1     14                         3     11       15
  SINCE JAN 1     14                         3     11       15
..................................................................


WIND (MPH)
  HIGHEST WIND SPEED    16   HIGHEST WIND DIRECTION    SE (140)
  HIGHEST GUST SPEED    20   HIGHEST GUST DIRECTION    SE (140)
  AVERAGE WIND SPEED     8.4


SKY COVER
  POSSIBLE SUNSHINE  MM
  AVERAGE SKY COVER 0.6


WEATHER CONDITIONS
 THE FOLLOWING WEATHER WAS RECORDED YESTERDAY.
  NO SIGNIFICANT WEATHER WAS OBSERVED.


RELATIVE HUMIDITY (PERCENT)
 HIGHEST    93           400 AM
 LOWEST     41          1200 PM
 AVERAGE    67

..........................................................


THE KENNEDY NY CLIMATE NORMALS FOR TODAY
                         NORMAL    RECORD    YEAR
 MAXIMUM TEMPERATURE (F)   66        86      1964
 MINIMUM TEMPERATURE (F)   50        40      1967


SUNRISE AND SUNSET
MAY  8 2018...........SUNRISE   546 AM EDT   SUNSET   758 PM EDT
MAY  9 2018...........SUNRISE   544 AM EDT   SUNSET   759 PM EDT


-  INDICATES NEGATIVE NUMBERS.
R  INDICATES RECORD WAS SET OR TIED.
MM INDICATES DATA IS MISSING.
T  INDICATES TRACE AMOUNT.




$$
