090
CDUS41 KOKX 170618
CLIJFK


CLIMATE REPORT
NATIONAL WEATHER SERVICE NEW YORK NY
218 AM EDT TUE APR 17 2018


...................................

...THE KENNEDY NY CLIMATE SUMMARY FOR APRIL 16 2018...

CLIMATE NORMAL PERIOD 1981 TO 2010
CLIMATE RECORD PERIOD 1948 TO 2018


WEATHER ITEM   OBSERVED TIME   RECORD YEAR NORMAL DEPARTURE LAST
                VALUE   (LST)  VALUE       VALUE  FROM      YEAR
                                                  NORMAL
..................................................................
TEMPERATURE (F)
 YESTERDAY
  MAXIMUM         57   1042 AM  86    2003  59     -2       83
                                      2002
  MINIMUM         40    109 AM  32    2014  44     -4       51
  AVERAGE         49                        52     -3       67

PRECIPITATION (IN)
  YESTERDAY        1.53          2.30 1983   0.13   1.40     0.01
  MONTH TO DATE    2.51                      2.15   0.36     2.11
  SINCE MAR 1      7.59                      5.93   1.66     7.90
  SINCE JAN 1     15.36                     11.68   3.68    14.12

SNOWFALL (IN)
  YESTERDAY        0.0          MM      MM   0.0    0.0      0.0
  MONTH TO DATE    3.7                       0.6    3.1      0.0
  SINCE OCT 1     35.5                      23.6   11.9     30.9
  SINCE JUL 1     35.5                      23.6   11.9     30.9
  SNOW DEPTH       0

DEGREE DAYS
 HEATING
  YESTERDAY       16                        14      2        0
  MONTH TO DATE  324                       259     65      194
  SINCE MAR 1   1112                       984    128      982
  SINCE JUL 1   4491                      4495     -4     3900

 COOLING
  YESTERDAY        0                         0      0        2
  MONTH TO DATE    0                         0      0        2
  SINCE MAR 1      0                         0      0        2
  SINCE JAN 1      0                         0      0        2
..................................................................


WIND (MPH)
  HIGHEST WIND SPEED    41   HIGHEST WIND DIRECTION    SE (120)
  HIGHEST GUST SPEED    50   HIGHEST GUST DIRECTION    SE (120)
  AVERAGE WIND SPEED    24.2


SKY COVER
  POSSIBLE SUNSHINE  MM
  AVERAGE SKY COVER 0.8


WEATHER CONDITIONS
 THE FOLLOWING WEATHER WAS RECORDED YESTERDAY.
  THUNDERSTORM
  HEAVY RAIN
  RAIN
  LIGHT RAIN
  FOG


RELATIVE HUMIDITY (PERCENT)
 HIGHEST   100           100 AM
 LOWEST     65          1100 PM
 AVERAGE    83

..........................................................


THE KENNEDY NY CLIMATE NORMALS FOR TODAY
                         NORMAL    RECORD    YEAR
 MAXIMUM TEMPERATURE (F)   60        90      2002
 MINIMUM TEMPERATURE (F)   44        33      1980
                                             1962


SUNRISE AND SUNSET
APRIL 17 2018.........SUNRISE   614 AM EDT   SUNSET   737 PM EDT
APRIL 18 2018.........SUNRISE   612 AM EDT   SUNSET   738 PM EDT


-  INDICATES NEGATIVE NUMBERS.
R  INDICATES RECORD WAS SET OR TIED.
MM INDICATES DATA IS MISSING.
T  INDICATES TRACE AMOUNT.




$$
