000
CDUS41 KOKX 062055
CLIJFK


CLIMATE REPORT
NATIONAL WEATHER SERVICE NEW YORK NY
455 PM EDT FRI APR 6 2018


...................................

...THE KENNEDY NY CLIMATE SUMMARY FOR APRIL 6 2018...
VALID TODAY AS OF 0400 PM LOCAL TIME.

CLIMATE NORMAL PERIOD 1981 TO 2010
CLIMATE RECORD PERIOD 1948 TO 2018


WEATHER ITEM   OBSERVED TIME   RECORD YEAR NORMAL DEPARTURE LAST
                VALUE   (LST)  VALUE       VALUE  FROM      YEAR
                                                  NORMAL
..................................................................
TEMPERATURE (F)
 TODAY
  MAXIMUM         50    259 PM  73    2010  56     -6       54
  MINIMUM         32    234 AM  20    1982  41     -9       42
  AVERAGE         41                        48     -7       48

PRECIPITATION (IN)
  TODAY            0.08          1.27 1971   0.13  -0.05     0.96
  MONTH TO DATE    0.72                      0.80  -0.08     2.05
  SINCE MAR 1      5.80                      4.58   1.22     7.84
  SINCE JAN 1     13.57                     10.33   3.24    14.06

SNOWFALL (IN)
  TODAY            0.0           8.0  1982   0.0    0.0      0.0
  MONTH TO DATE    3.7                       0.3    3.4      0.0
  SINCE OCT 1     35.5                      23.3   12.2     30.9
  SINCE JUL 1     35.5                      23.3   12.2     30.9
  SNOW DEPTH       0

DEGREE DAYS
 HEATING
  TODAY           24                        17      7       17
  MONTH TO DATE  133                       107     26       93
  SINCE MAR 1    921                       832     89      881
  SINCE JUL 1   4300                      4343    -43     3799

 COOLING
  TODAY            0                         0      0        0
  MONTH TO DATE    0                         0      0        0
  SINCE MAR 1      0                         0      0        0
  SINCE JAN 1      0                         0      0        0
..................................................................


WIND (MPH)
  HIGHEST WIND SPEED    30   HIGHEST WIND DIRECTION     S (190)
  HIGHEST GUST SPEED    35   HIGHEST GUST DIRECTION     S (190)
  AVERAGE WIND SPEED    11.8


SKY COVER
  AVERAGE SKY COVER 1.0


WEATHER CONDITIONS
 THE FOLLOWING WEATHER WAS RECORDED TODAY.
  LIGHT RAIN
  FOG


RELATIVE HUMIDITY (PERCENT)
 HIGHEST   100           900 AM
 LOWEST     37          1200 AM
 AVERAGE    69

..........................................................


THE KENNEDY NY CLIMATE NORMALS FOR TOMORROW
                         NORMAL    RECORD    YEAR
 MAXIMUM TEMPERATURE (F)   56        87      2010
 MINIMUM TEMPERATURE (F)   41        20      1982


SUNRISE AND SUNSET
APRIL  6 2018.........SUNRISE   631 AM EDT   SUNSET   725 PM EDT
APRIL  7 2018.........SUNRISE   629 AM EDT   SUNSET   726 PM EDT


-  INDICATES NEGATIVE NUMBERS.
R  INDICATES RECORD WAS SET OR TIED.
MM INDICATES DATA IS MISSING.
T  INDICATES TRACE AMOUNT.




$$
