000
CDUS41 KOKX 140617
CLIJFK


CLIMATE REPORT
NATIONAL WEATHER SERVICE NEW YORK NY
217 AM EDT SAT APR 14 2018


...................................

...THE KENNEDY NY CLIMATE SUMMARY FOR APRIL 13 2018...

CLIMATE NORMAL PERIOD 1981 TO 2010
CLIMATE RECORD PERIOD 1948 TO 2018


WEATHER ITEM   OBSERVED TIME   RECORD YEAR NORMAL DEPARTURE LAST
                VALUE   (LST)  VALUE       VALUE  FROM      YEAR
                                                  NORMAL
..................................................................
TEMPERATURE (F)
 YESTERDAY
  MAXIMUM         70   1154 AM  85    1977  58     12       66
  MINIMUM         48   1258 AM  30    1950  43      5       49
  AVERAGE         59                        50      9       58

PRECIPITATION (IN)
  YESTERDAY        T             2.43 2004   0.13  -0.13     0.00
  MONTH TO DATE    0.73                      1.76  -1.03     2.10
  SINCE MAR 1      5.81                      5.54   0.27     7.89
  SINCE JAN 1     13.58                     11.29   2.29    14.11

SNOWFALL (IN)
  YESTERDAY        0.0          MM      MM   0.0    0.0      0.0
  MONTH TO DATE    3.7                       0.5    3.2      0.0
  SINCE OCT 1     35.5                      23.5   12.0     30.9
  SINCE JUL 1     35.5                      23.5   12.0     30.9
  SNOW DEPTH       0

DEGREE DAYS
 HEATING
  YESTERDAY        6                        15     -9        7
  MONTH TO DATE  276                       217     59      169
  SINCE MAR 1   1064                       942    122      957
  SINCE JUL 1   4443                      4453    -10     3875

 COOLING
  YESTERDAY        0                         0      0        0
  MONTH TO DATE    0                         0      0        0
  SINCE MAR 1      0                         0      0        0
  SINCE JAN 1      0                         0      0        0
..................................................................


WIND (MPH)
  HIGHEST WIND SPEED    21   HIGHEST WIND DIRECTION     S (190)
  HIGHEST GUST SPEED    25   HIGHEST GUST DIRECTION     S (170)
  AVERAGE WIND SPEED    12.7


SKY COVER
  POSSIBLE SUNSHINE  MM
  AVERAGE SKY COVER 0.7


WEATHER CONDITIONS
 THE FOLLOWING WEATHER WAS RECORDED YESTERDAY.
  LIGHT RAIN


RELATIVE HUMIDITY (PERCENT)
 HIGHEST    83           800 PM
 LOWEST     40          1200 PM
 AVERAGE    62

..........................................................


THE KENNEDY NY CLIMATE NORMALS FOR TODAY
                         NORMAL    RECORD    YEAR
 MAXIMUM TEMPERATURE (F)   59        78      1949
 MINIMUM TEMPERATURE (F)   43        27      1950


SUNRISE AND SUNSET
APRIL 14 2018.........SUNRISE   618 AM EDT   SUNSET   733 PM EDT
APRIL 15 2018.........SUNRISE   617 AM EDT   SUNSET   734 PM EDT


-  INDICATES NEGATIVE NUMBERS.
R  INDICATES RECORD WAS SET OR TIED.
MM INDICATES DATA IS MISSING.
T  INDICATES TRACE AMOUNT.




$$
