000
CDUS41 KOKX 100617
CLIJFK


CLIMATE REPORT
NATIONAL WEATHER SERVICE NEW YORK NY
217 AM EDT TUE APR 10 2018


...................................

...THE KENNEDY NY CLIMATE SUMMARY FOR APRIL 9 2018...

CLIMATE NORMAL PERIOD 1981 TO 2010
CLIMATE RECORD PERIOD 1948 TO 2018


WEATHER ITEM   OBSERVED TIME   RECORD YEAR NORMAL DEPARTURE LAST
                VALUE   (LST)  VALUE       VALUE  FROM      YEAR
                                                  NORMAL
..................................................................
TEMPERATURE (F)
 YESTERDAY
  MAXIMUM         45    157 PM  83    2013  57    -12       61
  MINIMUM         30    533 AM  26    1977  42    -12       40
  AVERAGE         38                        49    -11       51

PRECIPITATION (IN)
  YESTERDAY        T             3.15 1980   0.14  -0.14     0.00
  MONTH TO DATE    0.72                      1.21  -0.49     2.05
  SINCE MAR 1      5.80                      4.99   0.81     7.84
  SINCE JAN 1     13.57                     10.74   2.83    14.06

SNOWFALL (IN)
  YESTERDAY       MM             3.1  1996   0.0   MM        0.0
  MONTH TO DATE    3.7                       0.4    3.3      0.0
  SINCE OCT 1     35.5                      23.4   12.1     30.9
  SINCE JUL 1     35.5                      23.4   12.1     30.9
  SNOW DEPTH       0

DEGREE DAYS
 HEATING
  YESTERDAY       27                        16     11       14
  MONTH TO DATE  206                       156     50      140
  SINCE MAR 1    994                       881    113      928
  SINCE JUL 1   4373                      4392    -19     3846

 COOLING
  YESTERDAY        0                         0      0        0
  MONTH TO DATE    0                         0      0        0
  SINCE MAR 1      0                         0      0        0
  SINCE JAN 1      0                         0      0        0
..................................................................


WIND (MPH)
  HIGHEST WIND SPEED    22   HIGHEST WIND DIRECTION     S (180)
  HIGHEST GUST SPEED    26   HIGHEST GUST DIRECTION     S (190)
  AVERAGE WIND SPEED    12.5


SKY COVER
  POSSIBLE SUNSHINE  MM
  AVERAGE SKY COVER 0.7


WEATHER CONDITIONS
 THE FOLLOWING WEATHER WAS RECORDED YESTERDAY.
  LIGHT RAIN


RELATIVE HUMIDITY (PERCENT)
 HIGHEST    76           900 PM
 LOWEST     33          1000 AM
 AVERAGE    55

..........................................................


THE KENNEDY NY CLIMATE NORMALS FOR TODAY
                         NORMAL    RECORD    YEAR
 MAXIMUM TEMPERATURE (F)   57        72      2008
                                             1991
 MINIMUM TEMPERATURE (F)   42        28      1997


SUNRISE AND SUNSET
APRIL 10 2018.........SUNRISE   624 AM EDT   SUNSET   729 PM EDT
APRIL 11 2018.........SUNRISE   623 AM EDT   SUNSET   730 PM EDT


-  INDICATES NEGATIVE NUMBERS.
R  INDICATES RECORD WAS SET OR TIED.
MM INDICATES DATA IS MISSING.
T  INDICATES TRACE AMOUNT.




$$
