000
CDUS41 KOKX 022035
CLIJFK


CLIMATE REPORT
NATIONAL WEATHER SERVICE NEW YORK NY
434 PM EDT WED MAY 2 2018


...................................

...THE KENNEDY NY CLIMATE SUMMARY FOR MAY 2 2018...
VALID TODAY AS OF 0400 PM LOCAL TIME.

CLIMATE NORMAL PERIOD 1981 TO 2010
CLIMATE RECORD PERIOD 1948 TO 2018


WEATHER ITEM   OBSERVED TIME   RECORD YEAR NORMAL DEPARTURE LAST
                VALUE   (LST)  VALUE       VALUE  FROM      YEAR
                                                  NORMAL
..................................................................
TEMPERATURE (F)
 TODAY
  MAXIMUM         83R  1151 AM  82    1992  64     19       77
  MINIMUM         53    437 AM  39    1964  49      4       59
  AVERAGE         68                        56     12       68

PRECIPITATION (IN)
  TODAY            0.00          1.65 1989   0.11  -0.11     0.02
  MONTH TO DATE    0.00                      0.22  -0.22     0.02
  SINCE MAR 1      8.38                      7.87   0.51     9.87
  SINCE JAN 1     16.15                     13.62   2.53    16.09

SNOWFALL (IN)
  TODAY            0.0          MM      MM   0.0    0.0      0.0
  MONTH TO DATE    0.0                       0.0    0.0      0.0
  SINCE OCT 1     35.5                      23.8   11.7     30.9
  SINCE JUL 1     35.5                      23.8   11.7     30.9
  SNOW DEPTH       0

DEGREE DAYS
 HEATING
  TODAY            0                         9     -9        0
  MONTH TO DATE    3                        18    -15        6
  SINCE MAR 1   1324                      1158    166     1094
  SINCE JUL 1   4703                      4669     34     4012

 COOLING
  TODAY            3                         0      3        3
  MONTH TO DATE    3                         0      3        3
  SINCE MAR 1      3                         3      0       15
  SINCE JAN 1      3                         3      0       15
..................................................................


WIND (MPH)
  HIGHEST WIND SPEED    20   HIGHEST WIND DIRECTION    SW (230)
  HIGHEST GUST SPEED    23   HIGHEST GUST DIRECTION    SW (230)
  AVERAGE WIND SPEED    11.1


SKY COVER
  AVERAGE SKY COVER 0.4


WEATHER CONDITIONS
 THE FOLLOWING WEATHER WAS RECORDED TODAY.
  NO SIGNIFICANT WEATHER WAS OBSERVED.


RELATIVE HUMIDITY (PERCENT)
 HIGHEST    66           300 AM
 LOWEST     24          1200 PM
 AVERAGE    45

..........................................................


THE KENNEDY NY CLIMATE NORMALS FOR TOMORROW
                         NORMAL    RECORD    YEAR
 MAXIMUM TEMPERATURE (F)   65        85      2001
 MINIMUM TEMPERATURE (F)   49        40      1966
                                             1964


SUNRISE AND SUNSET
MAY  2 2018...........SUNRISE   553 AM EDT   SUNSET   752 PM EDT
MAY  3 2018...........SUNRISE   551 AM EDT   SUNSET   753 PM EDT


-  INDICATES NEGATIVE NUMBERS.
R  INDICATES RECORD WAS SET OR TIED.
MM INDICATES DATA IS MISSING.
T  INDICATES TRACE AMOUNT.




$$
