000
CDUS41 KOKX 310618
CLIJFK


CLIMATE REPORT
NATIONAL WEATHER SERVICE NEW YORK NY
218 AM EDT SAT MAR 31 2018


...................................

...THE KENNEDY NY CLIMATE SUMMARY FOR MARCH 30 2018...

CLIMATE NORMAL PERIOD 1981 TO 2010
CLIMATE RECORD PERIOD 1948 TO 2018


WEATHER ITEM   OBSERVED TIME   RECORD YEAR NORMAL DEPARTURE LAST
                VALUE   (LST)  VALUE       VALUE  FROM      YEAR
                                                  NORMAL
..................................................................
TEMPERATURE (F)
 YESTERDAY
  MAXIMUM         62    141 PM  72    1979  53      9       50
                                      1949
  MINIMUM         43   1159 PM  22    1970  38      5       37
  AVERAGE         53                        46      7       44

PRECIPITATION (IN)
  YESTERDAY        0.09          2.29 2010   0.13  -0.04     0.01
  MONTH TO DATE    5.08                      3.65   1.43     3.72
  SINCE MAR 1      5.08                      3.65   1.43     3.72
  SINCE JAN 1     12.85                      9.40   3.45     9.94

SNOWFALL (IN)
  YESTERDAY        0.0           0.1  1991   0.0    0.0      0.0
  MONTH TO DATE   12.8                       3.4    9.4      7.5
  SINCE OCT 1     31.8                      22.9    8.9     30.9
  SINCE JUL 1     31.8                      22.9    8.9     30.9
  SNOW DEPTH       0

DEGREE DAYS
 HEATING
  YESTERDAY       12                        19     -7       21
  MONTH TO DATE  768                       705     63      764
  SINCE MAR 1    768                       705     63      764
  SINCE JUL 1   4147                      4216    -69     3682

 COOLING
  YESTERDAY        0                         0      0        0
  MONTH TO DATE    0                         0      0        0
  SINCE MAR 1      0                         0      0        0
  SINCE JAN 1      0                         0      0        0
..................................................................


WIND (MPH)
  HIGHEST WIND SPEED    24   HIGHEST WIND DIRECTION    NW (320)
  HIGHEST GUST SPEED    31   HIGHEST GUST DIRECTION    NW (330)
  AVERAGE WIND SPEED    13.8


SKY COVER
  POSSIBLE SUNSHINE  MM
  AVERAGE SKY COVER 0.9


WEATHER CONDITIONS
 THE FOLLOWING WEATHER WAS RECORDED YESTERDAY.
  LIGHT RAIN
  FOG


RELATIVE HUMIDITY (PERCENT)
 HIGHEST   100          1200 AM
 LOWEST     60           200 PM
 AVERAGE    80

..........................................................


THE KENNEDY NY CLIMATE NORMALS FOR TODAY
                         NORMAL    RECORD    YEAR
 MAXIMUM TEMPERATURE (F)   54        74      1986
                                             1981
 MINIMUM TEMPERATURE (F)   39        21      1964


SUNRISE AND SUNSET
MARCH 31 2018.........SUNRISE   640 AM EDT   SUNSET   719 PM EDT
APRIL  1 2018.........SUNRISE   639 AM EDT   SUNSET   720 PM EDT


-  INDICATES NEGATIVE NUMBERS.
R  INDICATES RECORD WAS SET OR TIED.
MM INDICATES DATA IS MISSING.
T  INDICATES TRACE AMOUNT.




$$
