000
CDUS41 KOKX 040629
CLIJFK


CLIMATE REPORT
NATIONAL WEATHER SERVICE NEW YORK NY
229 AM EDT WED APR 4 2018


...................................

...THE KENNEDY NY CLIMATE SUMMARY FOR APRIL 3 2018...

CLIMATE NORMAL PERIOD 1981 TO 2010
CLIMATE RECORD PERIOD 1948 TO 2018


WEATHER ITEM   OBSERVED TIME   RECORD YEAR NORMAL DEPARTURE LAST
                VALUE   (LST)  VALUE       VALUE  FROM      YEAR
                                                  NORMAL
..................................................................
TEMPERATURE (F)
 YESTERDAY
  MAXIMUM         42   1130 PM  75    1967  55    -13       59
  MINIMUM         34    205 AM  29    2008  40     -6       42
  AVERAGE         38                        47     -9       51

PRECIPITATION (IN)
  YESTERDAY        0.14          1.31 1983   0.13   0.01     0.03
  MONTH TO DATE    0.47                      0.40   0.07     0.04
  SINCE MAR 1      5.55                      4.18   1.37     5.83
  SINCE JAN 1     13.32                      9.93   3.39    12.05

SNOWFALL (IN)
  YESTERDAY        0.0          MM      MM   0.1   -0.1      0.0
  MONTH TO DATE    3.7                       0.2    3.5      0.0
  SINCE OCT 1     35.5                      23.2   12.3     30.9
  SINCE JUL 1     35.5                      23.2   12.3     30.9
  SNOW DEPTH       0

DEGREE DAYS
 HEATING
  YESTERDAY       27                        18      9       14
  MONTH TO DATE   68                        55     13       48
  SINCE MAR 1    856                       780     76      836
  SINCE JUL 1   4235                      4291    -56     3754

 COOLING
  YESTERDAY        0                         0      0        0
  MONTH TO DATE    0                         0      0        0
  SINCE MAR 1      0                         0      0        0
  SINCE JAN 1      0                         0      0        0
..................................................................


WIND (MPH)
  HIGHEST WIND SPEED    17   HIGHEST WIND DIRECTION     E (110)
  HIGHEST GUST SPEED    20   HIGHEST GUST DIRECTION    SE (130)
  AVERAGE WIND SPEED     8.1


SKY COVER
  POSSIBLE SUNSHINE  MM
  AVERAGE SKY COVER 0.9


WEATHER CONDITIONS
 THE FOLLOWING WEATHER WAS RECORDED YESTERDAY.
  LIGHT RAIN
  FOG


RELATIVE HUMIDITY (PERCENT)
 HIGHEST   100           200 PM
 LOWEST     79           900 AM
 AVERAGE    90

..........................................................


THE KENNEDY NY CLIMATE NORMALS FOR TODAY
                         NORMAL    RECORD    YEAR
 MAXIMUM TEMPERATURE (F)   55        73      2010
 MINIMUM TEMPERATURE (F)   40        29      1995
                                             1975


SUNRISE AND SUNSET
APRIL  4 2018.........SUNRISE   634 AM EDT   SUNSET   723 PM EDT
APRIL  5 2018.........SUNRISE   632 AM EDT   SUNSET   724 PM EDT


-  INDICATES NEGATIVE NUMBERS.
R  INDICATES RECORD WAS SET OR TIED.
MM INDICATES DATA IS MISSING.
T  INDICATES TRACE AMOUNT.




$$
