000
CDUS41 KOKX 300619
CLIJFK


CLIMATE REPORT
NATIONAL WEATHER SERVICE NEW YORK NY
219 AM EDT FRI MAR 30 2018


...................................

...THE KENNEDY NY CLIMATE SUMMARY FOR MARCH 29 2018...

CLIMATE NORMAL PERIOD 1981 TO 2010
CLIMATE RECORD PERIOD 1948 TO 2018


WEATHER ITEM   OBSERVED TIME   RECORD YEAR NORMAL DEPARTURE LAST
                VALUE   (LST)  VALUE       VALUE  FROM      YEAR
                                                  NORMAL
..................................................................
TEMPERATURE (F)
 YESTERDAY
  MAXIMUM         49    403 PM  82    1998  53     -4       61
  MINIMUM         44    354 AM  26    1959  38      6       42
  AVERAGE         47                        46      1       52

PRECIPITATION (IN)
  YESTERDAY        0.03          2.60 2014   0.13  -0.10     0.00
  MONTH TO DATE    4.99                      3.52   1.47     3.71
  SINCE MAR 1      4.99                      3.52   1.47     3.71
  SINCE JAN 1     12.76                      9.27   3.49     9.93

SNOWFALL (IN)
  YESTERDAY        0.0           4.1  1974   0.1   -0.1      0.0
  MONTH TO DATE   12.8                       3.4    9.4      7.5
  SINCE OCT 1     31.8                      22.9    8.9     30.9
  SINCE JUL 1     31.8                      22.9    8.9     30.9
  SNOW DEPTH       0

DEGREE DAYS
 HEATING
  YESTERDAY       18                        20     -2       13
  MONTH TO DATE  756                       686     70      743
  SINCE MAR 1    756                       686     70      743
  SINCE JUL 1   4135                      4197    -62     3661

 COOLING
  YESTERDAY        0                         0      0        0
  MONTH TO DATE    0                         0      0        0
  SINCE MAR 1      0                         0      0        0
  SINCE JAN 1      0                         0      0        0
..................................................................


WIND (MPH)
  HIGHEST WIND SPEED    15   HIGHEST WIND DIRECTION     E (100)
  HIGHEST GUST SPEED    18   HIGHEST GUST DIRECTION     E (100)
  AVERAGE WIND SPEED     5.5


SKY COVER
  POSSIBLE SUNSHINE  MM
  AVERAGE SKY COVER 1.0


WEATHER CONDITIONS
 THE FOLLOWING WEATHER WAS RECORDED YESTERDAY.
  LIGHT RAIN
  FOG
  FOG W/VISIBILITY <= 1/4 MILE


RELATIVE HUMIDITY (PERCENT)
 HIGHEST   100           200 AM
 LOWEST     86           800 AM
 AVERAGE    93

..........................................................


THE KENNEDY NY CLIMATE NORMALS FOR TODAY
                         NORMAL    RECORD    YEAR
 MAXIMUM TEMPERATURE (F)   53        72      1979
                                             1949
 MINIMUM TEMPERATURE (F)   38        22      1970


SUNRISE AND SUNSET
MARCH 30 2018.........SUNRISE   642 AM EDT   SUNSET   718 PM EDT
MARCH 31 2018.........SUNRISE   640 AM EDT   SUNSET   719 PM EDT


-  INDICATES NEGATIVE NUMBERS.
R  INDICATES RECORD WAS SET OR TIED.
MM INDICATES DATA IS MISSING.
T  INDICATES TRACE AMOUNT.




$$
