000
CDUS41 KOKX 012033
CLIJFK


CLIMATE REPORT
NATIONAL WEATHER SERVICE NEW YORK NY
433 PM EDT SUN APR 1 2018


...................................

...THE KENNEDY NY CLIMATE SUMMARY FOR APRIL 1 2018...
VALID TODAY AS OF 0400 PM LOCAL TIME.

CLIMATE NORMAL PERIOD 1981 TO 2010
CLIMATE RECORD PERIOD 1948 TO 2018


WEATHER ITEM   OBSERVED TIME   RECORD YEAR NORMAL DEPARTURE LAST
                VALUE   (LST)  VALUE       VALUE  FROM      YEAR
                                                  NORMAL
..................................................................
TEMPERATURE (F)
 TODAY
  MAXIMUM         63   1250 PM  75    1978  54      9       47
  MINIMUM         42    100 AM  26    1969  39      3       38
                                      1964
  AVERAGE         53                        46      7       43

PRECIPITATION (IN)
  TODAY            T             1.62 1993   0.13  -0.13     0.01
  MONTH TO DATE    T                         0.13  -0.13     0.01
  SINCE MAR 1      5.08                      3.91   1.17     5.80
  SINCE JAN 1     12.85                      9.66   3.19    12.02

SNOWFALL (IN)
  TODAY            0.0           1.5  1997   0.1   -0.1      0.0
  MONTH TO DATE    0.0                       0.1   -0.1      0.0
  SINCE OCT 1     31.8                      23.1    8.7     30.9
  SINCE JUL 1     31.8                      23.1    8.7     30.9
  SNOW DEPTH       0

DEGREE DAYS
 HEATING
  TODAY           12                        19     -7       22
  MONTH TO DATE   12                        19     -7       22
  SINCE MAR 1    800                       744     56      810
  SINCE JUL 1   4179                      4255    -76     3728

 COOLING
  TODAY            0                         0      0        0
  MONTH TO DATE    0                         0      0        0
  SINCE MAR 1      0                         0      0        0
  SINCE JAN 1      0                         0      0        0
..................................................................


WIND (MPH)
  HIGHEST WIND SPEED    24   HIGHEST WIND DIRECTION     S (190)
  HIGHEST GUST SPEED    28   HIGHEST GUST DIRECTION     S (190)
  AVERAGE WIND SPEED    13.6


SKY COVER
  AVERAGE SKY COVER 0.9


WEATHER CONDITIONS
 THE FOLLOWING WEATHER WAS RECORDED TODAY.
  NO SIGNIFICANT WEATHER WAS OBSERVED.


RELATIVE HUMIDITY (PERCENT)
 HIGHEST    89           300 AM
 LOWEST     43           100 PM
 AVERAGE    66

..........................................................


THE KENNEDY NY CLIMATE NORMALS FOR TOMORROW
                         NORMAL    RECORD    YEAR
 MAXIMUM TEMPERATURE (F)   54        73      1986
                                             1963
 MINIMUM TEMPERATURE (F)   39        27      1964


SUNRISE AND SUNSET
APRIL  1 2018.........SUNRISE   639 AM EDT   SUNSET   720 PM EDT
APRIL  2 2018.........SUNRISE   637 AM EDT   SUNSET   721 PM EDT


-  INDICATES NEGATIVE NUMBERS.
R  INDICATES RECORD WAS SET OR TIED.
MM INDICATES DATA IS MISSING.
T  INDICATES TRACE AMOUNT.




$$
