000
CXUS53 KJKL 021447
CLSJKL
CLIMATE REPORT
NATIONAL WEATHER SERVICE JACKSON KY
1047 AM EDT THU SEP 02 2021
...................................
...THE JACKSON KY CLIMATE SUMMARY FOR THE SEASON, FROM
6/1/2021 TO 8/31/2021...
CLIMATE NORMAL PERIOD 1991 TO 2020
CLIMATE RECORD PERIOD 1981 TO 2021
WEATHER OBSERVED NORMAL DEPART LAST YEAR`S
VALUE DATE(S) VALUE FROM VALUE DATE(S)
NORMAL
................................................................
TEMPERATURE (F)
RECORD
HIGH 104 06/29/2012
LOW 44 06/07/1998
06/01/1993
06/10/1988
HIGHEST 92 06/29 MM MM 93 07/21
08/25
07/19
07/20
LOWEST 52 06/23 MM MM 50 06/01
AVG. MAXIMUM 84.1 83.9 0.2 84.9
AVG. MINIMUM 67.0 64.9 2.1 66.7
MEAN 75.5 74.4 1.1 75.8
DAYS MAX >= 90 11 11.6 -0.6 17
DAYS MAX <= 32 0 0.0 0.0 0
DAYS MIN <= 32 0 0.0 0.0 0
DAYS MIN <= 0 0 0.0 0.0 0
PRECIPITATION (INCHES)
RECORD
MAXIMUM 23.02 2013
MINIMUM 7.37 1986
TOTALS 20.14 14.61 5.53 17.04
DAILY AVG. 0.22 0.16 0.06 0.19
DAYS >= .01 38 35.8 2.2 37
DAYS >= .10 28 24.5 3.5 28
DAYS >= .50 15 11.0 4.0 14
DAYS >= 1.00 8 3.9 4.1 5
GREATEST
24 HR. TOTAL 2.92 08/15 TO 08/16 1.67
SNOWFALL (INCHES)
RECORDS
TOTAL MM MM
24 HR TOTAL MM
TOTALS 0.0 0.0 0.0 0.0
SINCE 7/1 0.0 0.0 0.0 0
SNOWDEPTH AVG. 0 0
DAYS >= 1.0 0 0.0 0.0 0
GREATEST
24 HR TOTAL 0.0 0.0
DEGREE DAYS
HEATING TOTAL 0 10 -10 1
SINCE 7/1 0 0 0 0
COOLING TOTAL 986 875 111 1026
SINCE 1/1 1122 1034 88 1163
................................................................
WIND (MPH)
AVERAGE WIND SPEED 1.5
RESULTANT WIND SPEED/DIRECTION 1/120
HIGHEST WIND SPEED/DIRECTION 21/310 DATE 07/15
HIGHEST GUST SPEED/DIRECTION 48/040 DATE 07/29
SKY COVER
POSSIBLE SUNSHINE (PERCENT) MM
NUMBER OF DAYS FAIR 57
NUMBER OF DAYS PC 28
NUMBER OF DAYS CLOUDY 7
AVERAGE RH (PERCENT) 72
WEATHER CONDITIONS. NUMBER OF DAYS WITH
THUNDERSTORM 30 MIXED PRECIP 0
HEAVY RAIN 23 RAIN 25
LIGHT RAIN 43 FREEZING RAIN 0
LT FREEZING RAIN 0 HAIL 0
HEAVY SNOW 0 SNOW 0
LIGHT SNOW 0 SLEET 0
FOG 60 FOG W/VIS <= 1/4 MILE 26
HAZE 9
- INDICATES NEGATIVE NUMBERS.
R INDICATES RECORD WAS SET OR TIED.
MM INDICATES DATA IS MISSING.
T INDICATES TRACE AMOUNT.
$$
CARICO