000
CXUS53 KBIS 010830
CF6JMS
PRELIMINARY LOCAL CLIMATOLOGICAL DATA (WS FORM: F-6)
STATION: JAMESTOWN ND
MONTH: MARCH
YEAR: 2021
LATITUDE: 46 55 N
LONGITUDE: 98 40 W
TEMPERATURE IN F: :PCPN: SNOW: WIND :SUNSHINE: SKY :PK WND
================================================================================
1 2 3 4 5 6A 6B 7 8 9 10 11 12 13 14 15 16 17 18
12Z AVG MX 2MIN
DY MAX MIN AVG DEP HDD CDD WTR SNW DPTH SPD SPD DIR MIN PSBL S-S WX SPD DR
================================================================================
1 32 -11 11 -9 54 0 M M M 11.2 23 170 M M 3 30 180
2 52 29 41 20 24 0 0.00 M M 12.1 26 320 M M 0 8 34 320
3 47 26 37 16 28 0 0.00 M M 8.6 15 140 M M 3 23 160
4 56 25 41 19 24 0 0.00 M M 5.9 13 90 M M 0 18 17 90
5 51 25 38 16 27 0 0.00 M M 6.9 16 100 M M 0 18 20 90
6 54 25 40 17 25 0 0.00 M M 15.2 28 130 M M 0 18 37 140
7 59 34 47 24 18 0 0.00 M M 14.8 26 290 M M 0 34 300
8 62 24 43 19 22 0 0.00 M M 9.3 20 120 M M 1 29 120
9 59 37 48 24 17 0 0.00 M M 16.3 26 320 M M 4 37 320
10 37 28 33 8 32 0 0.00 M M 15.8 23 360 M M 10 31 10
11 39 17 28 3 37 0 0.00 M M 13.1 23 320 M M 4 29 310
12 50 12 31 5 34 0 0.00 M M 9.7 21 180 M M 0 8 27 170
13 64 31 48 22 17 0 0.00 M M 7.3 16 50 M M 0 20 50
14 50 24 37 11 28 0 0.00 M M 12.1 21 100 M M 0 30 70
15 34 27 31 4 34 0 T M M 13.1 22 130 M M 8 18 26 130
16 34 29 32 4 33 0 0.02 M M 5.8 9 140 M M 10 168 12 120
17 40 24 32 4 33 0 T M M 6.0 17 340 M M 9 1 22 340
18 54 17 36 8 29 0 0.00 M M 6.2 14 170 M M 0 1 19 190
19 58 23 41 12 24 0 0.00 M M 16.1 30 190 M M 0 40 170
20 68 34 51 22 14 0 0.00 M M 16.8 29 190 M M 0 39 180
21 60 32 46 16 19 0 0.02 M M 9.6 22 330 M M 4 30 330
22 57 19 38 8 27 0 0.00 M M 8.3 18 140 M M 0 24 140
23 57 23 40 9 25 0 0.00 M M 10.6 25 360 M M 0 35 10
24 47 20 34 3 31 0 0.00 M M 13.3 24 350 M M 2 32 350
25 58 20 39 7 26 0 0.00 M M 13.9 26 140 M M 1 38 140
26 44 35 40 8 25 0 0.04 M M 7.4 16 330 M M 10 22 170
27 48 23 36 3 29 0 0.00 M M 12.0 28 330 M M 3 40 330
28 56 16 36 3 29 0 0.00 M M 12.0 29 170 M M 1 39 170
29 73 26 50 16 15 0 M M M 22.1 38 270 M M 3 8 60 270
30 32 20 26 -8 39 0 T M M 29.8 43 290 M M 9 8 66 290
31 35 14 25 -10 40 0 0.00 M M 10.1 24 320 M M 3 34 330
================================================================================
SM 1567 728 859 0 0.08 M 371.4 M 88
================================================================================
AV 50.5 23.5 12.0 FASTST M M 3 MAX(MPH)
MISC ----> 43 290 66 290
================================================================================
NOTES:
# LAST OF SEVERAL OCCURRENCES
COLUMN 17 PEAK WIND IN M.P.H.
PRELIMINARY LOCAL CLIMATOLOGICAL DATA (WS FORM: F-6) , PAGE 2
STATION: JAMESTOWN ND
MONTH: MARCH
YEAR: 2021
LATITUDE: 46 55 N
LONGITUDE: 98 40 W
[TEMPERATURE DATA] [PRECIPITATION DATA] SYMBOLS USED IN COLUMN 16
AVERAGE MONTHLY: 37.0 TOTAL FOR MONTH: 0.08 1 = FOG OR MIST
DPTR FM NORMAL: 9.4 DPTR FM NORMAL: -0.76 2 = FOG REDUCING VISIBILITY
HIGHEST: 73 ON 29 GRTST 24HR 0.04 ON 26-26 TO 1/4 MILE OR LESS
LOWEST: -11 ON 1 3 = THUNDER
SNOW, ICE PELLETS, HAIL 4 = ICE PELLETS
TOTAL MONTH: M 5 = HAIL
GRTST 24HR M ON M 6 = FREEZING RAIN OR DRIZZLE
GRTST DEPTH: M ON M 7 = DUSTSTORM OR SANDSTORM:
VSBY 1/2 MILE OR LESS
8 = SMOKE OR HAZE
[NO. OF DAYS WITH] [WEATHER - DAYS WITH] 9 = BLOWING SNOW
X = TORNADO
MAX 32 OR BELOW: 2 0.01 INCH OR MORE: 3
MAX 90 OR ABOVE: 0 0.10 INCH OR MORE: 0
MIN 32 OR BELOW: 27 0.50 INCH OR MORE: 0
MIN 0 OR BELOW: 1 1.00 INCH OR MORE: 0
[HDD (BASE 65) ]
TOTAL THIS MO. 859 CLEAR (SCALE 0-3) 20
DPTR FM NORMAL -302 PTCLDY (SCALE 4-7) 6
TOTAL FM JUL 1 6885 CLOUDY (SCALE 8-10) 5
DPTR FM NORMAL -1036
[CDD (BASE 65) ]
TOTAL THIS MO. 0
DPTR FM NORMAL 0 [PRESSURE DATA]
TOTAL FM JAN 1 0 HIGHEST SLP 30.51 ON 14
DPTR FM NORMAL 0 LOWEST SLP 29.05 ON 29
[REMARKS]
#FINAL-03-21#