000
CXUS54 KFWD 010732
CF6JWY
PRELIMINARY LOCAL CLIMATOLOGICAL DATA (WS FORM: F-6)
STATION: WAXAHACHIE
MONTH: MARCH
YEAR: 2024
LATITUDE: 32 27 N
LONGITUDE: 96 54 W
TEMPERATURE IN F: :PCPN: SNOW: WIND :SUNSHINE: SKY :PK WND
================================================================================
1 2 3 4 5 6A 6B 7 8 9 10 11 12 13 14 15 16 17 18
12Z AVG MX 2MIN
DY MAX MIN AVG DEP HDD CDD WTR SNW DPTH SPD SPD DIR MIN PSBL S-S WX SPD DR
================================================================================
1 69 42 56 5 9 0 0.00 M M 5.1 10 160 M M 4 16 190
2 81 47 64 13 1 0 0.00 M M 9.0 16 160 M M 0 1 26 190
3 79 60 70 18 0 5 0.00 M M 11.9 17 190 M M 4 24 180
4 82 65 74 22 0 9 0.00 M M 9.6 15 190 M M 7 1 22 210
5 83 58 71 19 0 6 0.00 M M 3.1 10 360 M M 7 1 M M
6 76 52 64 12 1 0 0.17 M M 3.3 21 320 M M 7 8 36 320
7 65 59 62 9 3 0 0.41 M M 2.9 9 340 M M 8 1 16 120
8 72 44 58 5 7 0 0.65 M M 7.5 20 350 M M 9 12 28 320
9 58 41 50 -3 15 0 0.00 M M 12.3 21 350 M M 5 29 330
10 63 37 50 -4 15 0 0.00 M M 0.8 5 120 M M 1 M M
11 69 42 56 2 9 0 0.00 M M 3.2 10 180 M M 7 18 180
12 74 50 62 8 3 0 0.00 M M 10.1 20 200 M M 6 25 200
13 77 61 69 15 0 4 0.00 M M 11.8 18 180 M M 6 24 180
14 78 67 73 18 0 8 0.00 M M 9.1 14 180 M M 10 23 180
15 69 54 62 7 3 0 0.45 M M 9.5 30 360 M M 9 37 360
16 62 55 59 4 6 0 0.81 M M 4.0 12 60 M M 10 1 17 0
17 67 50 59 3 6 0 0.01 M M 7.0 12 20 M M 7 1 20 20
18 60 40 50 -6 15 0 0.00 M M 5.7 14 40 M M 8 22 40
19 64 35 50 -6 15 0 0.00 M M 4.0 13 180 M M 6 16 180
20 70 46 58 2 7 0 0.00 M M 6.9 12 160 M M 7 16 230
21 60 55 58 1 7 0 0.75 M M 2.5 7 140 M M 9 M M
22 68 50 59 2 6 0 0.03 M M 6.1 16 340 M M 9 12 22 340
23 67 46 57 0 8 0 0.00 M M 3.8 10 350 M M 5 M M
24 67 56 62 4 3 0 0.01 M M 12.7 21 170 M M 7 29 160
25 73 46 60 2 5 0 0.94 M M 9.7 22 240 M M 7 3 30 240
26 59 37 48 -10 17 0 0.00 M M 6.9 16 330 M M 6 24 340
27 66 37 52 -6 13 0 0.00 M M 2.6 7 30 M M 5 M M
28 71 42 57 -2 8 0 0.00 M M 4.6 12 180 M M 8 17 170
29 75 56 66 7 0 1 0.00 M M 14.0 23 190 M M 4 33 190
30 75 62 69 10 0 4 0.00 M M 11.4 18 210 M M 8 24 200
31 76 63 70 10 0 5 0.00 M M 10.6 17 190 M M 9 23 190
================================================================================
SM 2175 1555 182 42 4.23 M 221.3 M 205
================================================================================
AV 70.2 50.2 7.1 FASTST M M 7 MAX(MPH)
MISC ----> 30 360 37 360
================================================================================
NOTES:
# LAST OF SEVERAL OCCURRENCES
COLUMN 17 PEAK WIND IN M.P.H.
PRELIMINARY LOCAL CLIMATOLOGICAL DATA (WS FORM: F-6) , PAGE 2
STATION: WAXAHACHIE
MONTH: MARCH
YEAR: 2024
LATITUDE: 32 27 N
LONGITUDE: 96 54 W
[TEMPERATURE DATA] [PRECIPITATION DATA] SYMBOLS USED IN COLUMN 16
AVERAGE MONTHLY: 60.2 TOTAL FOR MONTH: 4.23 1 = FOG OR MIST
DPTR FM NORMAL: 5.0 DPTR FM NORMAL: 0.39 2 = FOG REDUCING VISIBILITY
HIGHEST: 83 ON 5 GRTST 24HR 0.94 ON 25-25 TO 1/4 MILE OR LESS
LOWEST: 35 ON 19 3 = THUNDER
SNOW, ICE PELLETS, HAIL 4 = ICE PELLETS
TOTAL MONTH: M 5 = HAIL
GRTST 24HR M ON M 6 = FREEZING RAIN OR DRIZZLE
GRTST DEPTH: M ON M 7 = DUSTSTORM OR SANDSTORM:
VSBY 1/2 MILE OR LESS
8 = SMOKE OR HAZE
[NO. OF DAYS WITH] [WEATHER - DAYS WITH] 9 = BLOWING SNOW
X = TORNADO
MAX 32 OR BELOW: 0 0.01 INCH OR MORE: 10
MAX 90 OR ABOVE: 0 0.10 INCH OR MORE: 7
MIN 32 OR BELOW: 0 0.50 INCH OR MORE: 4
MIN 0 OR BELOW: 0 1.00 INCH OR MORE: 0
[HDD (BASE 65) ]
TOTAL THIS MO. 182 CLEAR (SCALE 0-3) 2
DPTR FM NORMAL -135 PTCLDY (SCALE 4-7) 22
TOTAL FM JUL 1 1691 CLOUDY (SCALE 8-10) 7
DPTR FM NORMAL -727
[CDD (BASE 65) ]
TOTAL THIS MO. 42
DPTR FM NORMAL 28 [PRESSURE DATA]
TOTAL FM JAN 1 69 HIGHEST SLP M ON M
DPTR FM NORMAL 52 LOWEST SLP M ON M
[REMARKS]
#FINAL-03-24#