000
CXUS54 KFWD 010733
CF6JWY
PRELIMINARY LOCAL CLIMATOLOGICAL DATA (WS FORM: F-6)
STATION: WAXAHACHIE
MONTH: AUGUST
YEAR: 2021
LATITUDE: 32 27 N
LONGITUDE: 96 54 W
TEMPERATURE IN F: :PCPN: SNOW: WIND :SUNSHINE: SKY :PK WND
================================================================================
1 2 3 4 5 6A 6B 7 8 9 10 11 12 13 14 15 16 17 18
12Z AVG MX 2MIN
DY MAX MIN AVG DEP HDD CDD WTR SNW DPTH SPD SPD DIR MIN PSBL S-S WX SPD DR
================================================================================
1 95 73 84 0 0 19 0.30 M M 5.0 15 270 M M 6 21 270
2 88 73 81 -4 0 16 1.00 M M 5.0 14 300 M M 9 1 21 300
3 89 71 80 -5 0 15 0.00 M M 2.6 7 40 M M 2 1 M M
4 89 70 80 -5 0 15 0.00 M M 2.1 7 60 M M 3 1 M M
5 91 69 80 -5 0 15 0.00 M M 4.1 8 160 M M 3 1 M M
6 92 72 82 -3 0 17 0.00 M M 4.4 9 140 M M 6 9 0
7 93 72 83 -2 0 18 0.00 M M 8.8 15 160 M M 6 20 170
8 95 77 86 1 0 21 0.00 M M 11.6 18 190 M M 4 26 180
9 96 76 86 1 0 21 0.00 M M 11.8 20 200 M M 3 26 180
10 96 75 86 2 0 21 0.00 M M 9.8 20 210 M M 5 25 210
11 96 73 85 1 0 20 0.00 M M 10.0 18 190 M M 5 1 23 190
12 96 74 85 1 0 20 0.00 M M 6.4 12 210 M M 4 18 210
13 97 73 85 1 0 20 0.00 M M 3.1 8 160 M M 4 M M
14 91 72 82 -2 0 17 0.45 M M 1.4 15 350 M M 3 1 35 310
15 87 72 80 -4 0 15 0.33 M M 0.8 6 160 M M 5 1 M M
16 93 70 82 -2 0 17 M M M 1.3 6 50 M M 5 1 M M
17 91 70 81 -3 0 16 0.21 M M 4.7 13 340 M M 5 3 20 180
18 82 72 77 -7 0 12 0.25 M M 2.8 6 130 M M 8 1 18 130
19 94 73 84 0 0 19 0.00 M M 8.0 15 190 M M 7 1 20 190
20 94 76 85 1 0 20 0.00 M M 9.3 15 180 M M 7 22 200
21 95 73 84 0 0 19 0.00 M M 6.4 15 200 M M 5 1 22 230
22 96 73 85 1 0 20 0.00 M M 5.6 10 220 M M 4 M M
23 97 73 85 2 0 20 0.00 M M 4.4 9 170 M M 4 M M
24 97 70 84 1 0 19 0.00 M M 4.2 9 190 M M 4 9 180
25 98 72 85 2 0 20 0.00 M M 1.1 7 230 M M 2 M M
26 97 74 86 3 0 21 0.00 M M 2.3 10 90 M M 2 M M
27 92 73 83 0 0 18 0.00 M M 2.5 8 130 M M 5 M M
28 93 71 82 0 0 17 0.00 M M 2.7 10 80 M M 5 18 80
29 86 74 80 -2 0 15 0.00 M M 0.5 5 120 M M 9 1 16 120
30 95 73 84 2 0 19 0.00 M M 2.3 10 350 M M 7 24 350
31 99 74 87 5 0 22 0.00 M M 1.3 6 230 M M 5 M M
================================================================================
SM 2890 2253 0 564 2.54 M 146.3 M 152
================================================================================
AV 93.2 72.7 4.7 FASTST M M 5 MAX(MPH)
MISC ----> # 20 200 35 310
================================================================================
NOTES:
# LAST OF SEVERAL OCCURRENCES
COLUMN 17 PEAK WIND IN M.P.H.
PRELIMINARY LOCAL CLIMATOLOGICAL DATA (WS FORM: F-6) , PAGE 2
STATION: WAXAHACHIE
MONTH: AUGUST
YEAR: 2021
LATITUDE: 32 27 N
LONGITUDE: 96 54 W
[TEMPERATURE DATA] [PRECIPITATION DATA] SYMBOLS USED IN COLUMN 16
AVERAGE MONTHLY: 83.0 TOTAL FOR MONTH: 2.54 1 = FOG OR MIST
DPTR FM NORMAL: -0.8 DPTR FM NORMAL: 0.20 2 = FOG REDUCING VISIBILITY
HIGHEST: 99 ON 31 GRTST 24HR 1.00 ON 2- 2 TO 1/4 MILE OR LESS
LOWEST: 69 ON 5 3 = THUNDER
SNOW, ICE PELLETS, HAIL 4 = ICE PELLETS
TOTAL MONTH: M 5 = HAIL
GRTST 24HR M ON M 6 = FREEZING RAIN OR DRIZZLE
GRTST DEPTH: M ON M 7 = DUSTSTORM OR SANDSTORM:
VSBY 1/2 MILE OR LESS
8 = SMOKE OR HAZE
[NO. OF DAYS WITH] [WEATHER - DAYS WITH] 9 = BLOWING SNOW
X = TORNADO
MAX 32 OR BELOW: 0 0.01 INCH OR MORE: 6
MAX 90 OR ABOVE: 25 0.10 INCH OR MORE: 6
MIN 32 OR BELOW: 0 0.50 INCH OR MORE: 1
MIN 0 OR BELOW: 0 1.00 INCH OR MORE: 1
[HDD (BASE 65) ]
TOTAL THIS MO. 0 CLEAR (SCALE 0-3) 6
DPTR FM NORMAL 0 PTCLDY (SCALE 4-7) 22
TOTAL FM JUL 1 0 CLOUDY (SCALE 8-10) 3
DPTR FM NORMAL 0
[CDD (BASE 65) ]
TOTAL THIS MO. 564
DPTR FM NORMAL -19 [PRESSURE DATA]
TOTAL FM JAN 1 1807 HIGHEST SLP M ON M
DPTR FM NORMAL -130 LOWEST SLP M ON M
[REMARKS]
#FINAL-08-21#