000
CXUS54 KFWD 180734
CF6JWY
PRELIMINARY LOCAL CLIMATOLOGICAL DATA (WS FORM: F-6)
STATION: WAXAHACHIE
MONTH: APRIL
YEAR: 2024
LATITUDE: 32 27 N
LONGITUDE: 96 54 W
TEMPERATURE IN F: :PCPN: SNOW: WIND :SUNSHINE: SKY :PK WND
================================================================================
1 2 3 4 5 6A 6B 7 8 9 10 11 12 13 14 15 16 17 18
12Z AVG MX 2MIN
DY MAX MIN AVG DEP HDD CDD WTR SNW DPTH SPD SPD DIR MIN PSBL S-S WX SPD DR
================================================================================
1 78 64 71 11 0 6 0.89 M M 10.9 17 160 M M 9 18 28 180
2 65 49 57 -3 8 0 0.04 M M 11.2 22 340 M M 4 30 310
3 72 46 59 -1 6 0 0.00 M M 7.3 15 320 M M 2 22 340
4 81 42 62 1 3 0 0.00 M M 2.9 9 230 M M 3 M M
5 83 50 67 6 0 2 0.00 M M 5.0 14 170 M M 3 20 170
6 74 59 67 6 0 2 0.00 M M 12.1 20 170 M M 8 30 180
7 77 55 66 4 0 1 0.00 M M 7.0 14 270 M M 7 20 280
8 82 51 67 5 0 2 0.00 M M 3.4 8 150 M M 8 18 23 90
9 69 59 64 2 1 0 0.01 M M 6.6 13 10 M M 10 1 22 10
10 63 52 58 -4 7 0 0.27 M M 8.0 20 330 M M 9 30 320
11 73 46 60 -3 5 0 0.00 M M 7.6 16 320 M M 7 23 320
12 77 46 62 -1 3 0 0.00 M M 4.8 13 180 M M 7 21 180
13 79 55 67 4 0 2 0.00 M M 9.9 16 180 M M 7 26 180
14 79 61 70 6 0 5 0.00 M M 10.9 17 200 M M 9 23 200
15 77 65 71 7 0 6 0.00 M M 9.4 15 160 M M 9 21 160
16 82 67 75 11 0 10 0.04 M M 9.2 16 200 M M 8 1 20 170
17 83 67 75 11 0 10 0.00 M M 5.5 13 160 M M 6 1 17 160
================================================================================
SM 1294 934 33 46 1.25 M 131.7 M 116
================================================================================
AV 76.1 54.9 7.7 FASTST M M 7 MAX(MPH)
MISC ----> 22 340 # 30 310
================================================================================
NOTES:
# LAST OF SEVERAL OCCURRENCES
COLUMN 17 PEAK WIND IN M.P.H.
PRELIMINARY LOCAL CLIMATOLOGICAL DATA (WS FORM: F-6) , PAGE 2
STATION: WAXAHACHIE
MONTH: APRIL
YEAR: 2024
LATITUDE: 32 27 N
LONGITUDE: 96 54 W
[TEMPERATURE DATA] [PRECIPITATION DATA] SYMBOLS USED IN COLUMN 16
AVERAGE MONTHLY: 65.5 TOTAL FOR MONTH: 1.25 1 = FOG OR MIST
DPTR FM NORMAL: 3.4 DPTR FM NORMAL: -0.50 2 = FOG REDUCING VISIBILITY
HIGHEST: 83 ON 17, 5 GRTST 24HR 0.89 ON 1- 1 TO 1/4 MILE OR LESS
LOWEST: 42 ON 4 3 = THUNDER
SNOW, ICE PELLETS, HAIL 4 = ICE PELLETS
TOTAL MONTH: M 5 = HAIL
GRTST 24HR M ON M 6 = FREEZING RAIN OR DRIZZLE
GRTST DEPTH: M ON M 7 = DUSTSTORM OR SANDSTORM:
VSBY 1/2 MILE OR LESS
8 = SMOKE OR HAZE
[NO. OF DAYS WITH] [WEATHER - DAYS WITH] 9 = BLOWING SNOW
X = TORNADO
MAX 32 OR BELOW: 0 0.01 INCH OR MORE: 5
MAX 90 OR ABOVE: 0 0.10 INCH OR MORE: 2
MIN 32 OR BELOW: 0 0.50 INCH OR MORE: 1
MIN 0 OR BELOW: 0 1.00 INCH OR MORE: 0
[HDD (BASE 65) ]
TOTAL THIS MO. 33 CLEAR (SCALE 0-3) 1
DPTR FM NORMAL -46 PTCLDY (SCALE 4-7) 10
TOTAL FM JUL 1 1724 CLOUDY (SCALE 8-10) 6
DPTR FM NORMAL -773
[CDD (BASE 65) ]
TOTAL THIS MO. 46
DPTR FM NORMAL 18 [PRESSURE DATA]
TOTAL FM JAN 1 115 HIGHEST SLP M ON M
DPTR FM NORMAL 70 LOWEST SLP M ON M
[REMARKS]