000
CXUS53 KGRR 011709
CLMJXN
CLIMATE REPORT
NATIONAL WEATHER SERVICE GRAND RAPIDS, MICHIGAN
109 PM EDT MON MAY 01 2023
...................................
...THE JACKSON CLIMATE SUMMARY FOR THE MONTH OF APRIL 2023...
CLIMATE NORMAL PERIOD: 1991 TO 2020
CLIMATE RECORD PERIOD: 1944 TO 2023
WEATHER OBSERVED NORMAL DEPART LAST YEAR`S
VALUE DATE(S) VALUE FROM VALUE DATE(S)
NORMAL
................................................................
TEMPERATURE (F)
HIGHEST 84 04/14 MM MM 82 04/23
04/15
LOWEST 26 04/02 MM MM 20 04/02
04/25
04/26
AVG. MAXIMUM 60.8 58.5 2.3 53.9
AVG. MINIMUM 37.2 37.1 0.1 34.9
MEAN 49.0 47.8 1.2 44.4
DAYS MAX >= 90 0 0.0 0.0 0
DAYS MAX <= 32 0 0.3 -0.3 0
DAYS MIN <= 32 11 10.1 0.9 14
DAYS MIN <= 0 0 0.0 0.0 0
PRECIPITATION (INCHES)
TOTALS 2.28 2.94 -0.66 3.40
DAILY AVG. 0.08 0.10 -0.02 0.11
DAYS >= .01 15 12.9 2.1 16
DAYS >= .10 7 7.0 0.0 9
DAYS >= .50 1 1.9 -0.9 2
DAYS >= 1.00 0 0.3 -0.3 0
GREATEST
24 HR. TOTAL MM
DEGREE DAYS
HEATING TOTAL 483 520 -37 619
SINCE 7/1 5590 6191 -601 MM
COOLING TOTAL 12 4 8 7
SINCE 1/1 12 5 7 MM
................................................................
WIND (MPH)
AVERAGE WIND SPEED 8.4
RESULTANT WIND SPEED/DIRECTION 4/210
HIGHEST WIND SPEED/DIRECTION 39/240 DATE 04/05
HIGHEST GUST SPEED/DIRECTION 62/250 DATE 04/05
SKY COVER
POSSIBLE SUNSHINE (PERCENT) MM
AVERAGE SKY COVER 0.42
NUMBER OF DAYS FAIR 13
NUMBER OF DAYS PC 8
NUMBER OF DAYS CLOUDY 9
AVERAGE RH (PERCENT) 62
WEATHER CONDITIONS. NUMBER OF DAYS WITH
THUNDERSTORM 4 MIXED PRECIP 0
HEAVY RAIN 4 RAIN 5
LIGHT RAIN 12 FREEZING RAIN 0
LT FREEZING RAIN 0 HAIL 0
HEAVY SNOW 0 SNOW 1
LIGHT SNOW 3 SLEET 0
FOG 14 FOG W/VIS <= 1/4 MILE 1
HAZE 4
- INDICATES NEGATIVE NUMBERS.
R INDICATES RECORD WAS SET OR TIED.
MM INDICATES DATA IS MISSING.
T INDICATES TRACE AMOUNT.
$$