000
CXUS53 KGID 011309
CF6JYR
PRELIMINARY LOCAL CLIMATOLOGICAL DATA (WS FORM: F-6)
STATION: YORK NE
MONTH: AUGUST
YEAR: 2022
LATITUDE: 40 54 N
LONGITUDE: 97 37 W
TEMPERATURE IN F: :PCPN: SNOW: WIND :SUNSHINE: SKY :PK WND
================================================================================
1 2 3 4 5 6A 6B 7 8 9 10 11 12 13 14 15 16 17 18
12Z AVG MX 2MIN
DY MAX MIN AVG DEP HDD CDD WTR SNW DPTH SPD SPD DIR MIN PSBL S-S WX SPD DR
================================================================================
1 93 68 81 M 0 16 0.00 M M 5.6 13 190 M M 0 1 13 0
2 91 70 81 M 0 16 0.00 M M 10.1 16 170 M M 0 20 180
3 92 70 81 M 0 16 0.00 M M 7.3 16 30 M M 1 3 23 350
4 93 61 77 M 0 12 0.00 M M 6.7 12 140 M M 0 20 140
5 91 66 79 M 0 14 0.00 M M 9.8 16 150 M M 0 20 160
6 93 75 84 M 0 19 0.00 M M 8.7 14 30 M M 1 16 160
7 81 66 74 M 0 9 0.35 M M 10.3 22 200 M M 6 28 200
8 75 63 69 M 0 4 0.00 M M 7.3 15 20 M M 4 23 20
9 M 55 M M M M 0.00 M M 4.0 7 200 M M 0 M M
10 88 63 76 M 0 11 0.00 M M 6.0 9 200 M M 1 12 170
11 M 64 M M M M 0.00 M M 7.2 12 170 M M 1 16 190
12 M 59 M M M M 0.00 M M 9.2 15 180 M M 0 22 180
13 86 63 75 M 0 10 0.00 M M 7.9 12 40 M M 1 14 10
14 86 66 76 M 0 11 0.00 M M 9.4 14 90 M M 0 17 70
15 72 63 68 M 0 3 1.54 M M 12.7 17 80 M M 9 13 24 70
16 68 59 64 M 1 0 0.04 M M 8.0 14 80 M M 9 1 18 60
17 79 55 67 M 0 2 0.00 M M 1.6 6 120 M M 1 1 15 120
18 M 57 M M M M 0.00 M M 6.4 15 220 M M 1 1 20 220
19 81 59 70 M 0 5 0.04 M M 3.1 7 10 M M 4 14 99
20 77 59 68 M 0 3 0.00 M M 6.5 10 20 M M 3 16 360
21 81 54 68 M 0 3 0.00 M M 1.9 6 30 M M 1 1 M M
22 82 55 69 M 0 4 0.00 M M 3.1 8 140 M M 0 16 130
23 86 57 72 M 0 7 0.00 M M 5.2 12 190 M M 0 16 190
24 86 63 75 M 0 10 0.00 M M 4.6 8 210 M M 1 M M
25 84 64 74 M 0 9 0.00 M M 5.8 9 70 M M 2 12 350
26 88 64 76 M 0 11 0.00 M M 10.2 15 120 M M 0 18 140
27 77 68 73 M 0 8 0.17 M M 9.0 15 180 M M 2 18 22 180
28 91 66 79 M 0 14 0.00 M M 10.3 17 180 M M 2 24 190
29 82 61 72 M 0 7 T M M 5.6 13 40 M M 0 16 50
30 82 55 69 M 0 4 0.00 M M 3.3 9 360 M M 0 M M
31 M 59 M M M M 0.00 M M 6.0 14 200 M M 0 17 190
================================================================================
SM 2185 1927 M M 2.14 M 212.8 M 50
================================================================================
AV M 62.2 6.9 FASTST M M 2 MAX(MPH)
MISC ----> 22 200 M M
================================================================================
NOTES:
# LAST OF SEVERAL OCCURRENCES
COLUMN 17 PEAK WIND IN M.P.H.
PRELIMINARY LOCAL CLIMATOLOGICAL DATA (WS FORM: F-6) , PAGE 2
STATION: YORK NE
MONTH: AUGUST
YEAR: 2022
LATITUDE: 40 54 N
LONGITUDE: 97 37 W
[TEMPERATURE DATA] [PRECIPITATION DATA] SYMBOLS USED IN COLUMN 16
AVERAGE MONTHLY: M TOTAL FOR MONTH: 2.14 1 = FOG OR MIST
DPTR FM NORMAL: M DPTR FM NORMAL: M 2 = FOG REDUCING VISIBILITY
HIGHEST: M ON M GRTST 24HR 1.54 ON 15-15 TO 1/4 MILE OR LESS
LOWEST: M ON M 3 = THUNDER
SNOW, ICE PELLETS, HAIL 4 = ICE PELLETS
TOTAL MONTH: M 5 = HAIL
GRTST 24HR M ON M 6 = FREEZING RAIN OR DRIZZLE
GRTST DEPTH: M ON M 7 = DUSTSTORM OR SANDSTORM:
VSBY 1/2 MILE OR LESS
8 = SMOKE OR HAZE
[NO. OF DAYS WITH] [WEATHER - DAYS WITH] 9 = BLOWING SNOW
X = TORNADO
MAX 32 OR BELOW: M 0.01 INCH OR MORE: 5
MAX 90 OR ABOVE: M 0.10 INCH OR MORE: 3
MIN 32 OR BELOW: M 0.50 INCH OR MORE: 1
MIN 0 OR BELOW: M 1.00 INCH OR MORE: 1
[HDD (BASE 65) ]
TOTAL THIS MO. M CLEAR (SCALE 0-3) 26
DPTR FM NORMAL M PTCLDY (SCALE 4-7) 3
TOTAL FM JUL 1 M CLOUDY (SCALE 8-10) 2
DPTR FM NORMAL M
[CDD (BASE 65) ]
TOTAL THIS MO. M
DPTR FM NORMAL M [PRESSURE DATA]
TOTAL FM JAN 1 M HIGHEST SLP M ON M
DPTR FM NORMAL M LOWEST SLP M ON M
[REMARKS]
#FINAL-08-22#