000
CXUS52 KKEY 020158 CCA
CF6KEY
PRELIMINARY LOCAL CLIMATOLOGICAL DATA (WS FORM: F-6)...CORRECTED
STATION: KEY WEST WFO
MONTH: FEBRUARY
YEAR: 2023
LATITUDE: 24 33 N
LONGITUDE: 81 47 W
TEMPERATURE IN F: :PCPN: SNOW: WIND :SUNSHINE: SKY :PK WND
================================================================================
1 2 3 4 5 6A 6B 7 8 9 10 11 12 13 14 15 16 17 18
12Z AVG MX 2MIN
DY MAX MIN AVG DEP HDD CDD WTR SNW DPTH SPD SPD DIR MIN PSBL S-S WX SPD DR
================================================================================
1 83 74 79 M 0 14 0.00 0.0 0 M M M M M M M M
2 83 74 79 M 0 14 0.00 0.0 0 M M M M M M M M
3 82 69 76 M 0 11 0.00 0.0 0 M M M M M M M M
4 79 66 73 M 0 8 0.00 0.0 0 M M M M M M M M
5 80 70 75 M 0 10 T 0.0 0 M M M M M M M M
6 83 69 76 M 0 11 0.00 0.0 0 M M M M M M M M
7 82 72 77 M 0 12 0.00 0.0 0 M M M M M M M M
8 83 71 77 M 0 12 0.00 0.0 0 M M M M M M M M
9 84 74 79 M 0 14 0.00 0.0 0 M M M M M M M M
10 84 74 79 M 0 14 T 0.0 0 M M M M M M M M
11 83 75 79 M 0 14 0.00 0.0 0 M M M M M M M M
12 76 67 72 M 0 7 0.01 0.0 0 M M M M M M M M
13 73 64 69 M 0 4 0.00 0.0 0 M M M M M M M M
14 79 58 69 M 0 4 0.00 0.0 0 M M M M M M M M
15 83 71 77 M 0 12 0.00 0.0 0 M M M M M M M M
16 84 74 79 M 0 14 0.00 0.0 0 M M M M M M M M
17 84 72 78 M 0 13 0.00 0.0 0 M M M M M M M M
18 79 71 75 M 0 10 0.00 0.0 0 M M M M M M M M
19 84 72 78 M 0 13 0.00 0.0 0 M M M M M M M M
20 83 71 77 M 0 12 T 0.0 0 M M M M M M M M
21 84 68 76 M 0 11 0.00 0.0 0 M M M M M M M M
22 84 74 79 M 0 14 0.00 0.0 0 M M M M M M M M
23 85 75 80 M 0 15 0.00 0.0 0 M M M M M M M M
24 86 74 80 M 0 15 0.00 0.0 0 M M M M M M M M
25 86 70 78 M 0 13 0.00 0.0 0 M M M M M M M M
26 84 65 75 M 0 10 0.00 0.0 0 M M M M M M M M
27 83 66 75 M 0 10 0.00 0.0 0 M M M M M M M M
28 83 70 77 M 0 12 0.00 0.0 0 M M M M M M M M
================================================================================
SM 2306 1970 0 323 0.01 0.0 M M M
================================================================================
AV 82.4 70.4 M FASTST M M M MAX(MPH)
MISC ----> M M M M
================================================================================
NOTES:
# LAST OF SEVERAL OCCURRENCES
COLUMN 17 PEAK WIND IN M.P.H.
PRELIMINARY LOCAL CLIMATOLOGICAL DATA (WS FORM: F-6) , PAGE 2
STATION: KEY WEST WFO
MONTH: FEBRUARY
YEAR: 2023
LATITUDE: 24 33 N
LONGITUDE: 81 47 W
[TEMPERATURE DATA] [PRECIPITATION DATA] SYMBOLS USED IN COLUMN 16
AVERAGE MONTHLY: 76.4 TOTAL FOR MONTH: 0.01 1 = FOG OR MIST
DPTR FM NORMAL: 6.0 DPTR FM NORMAL: -1.95 2 = FOG REDUCING VISIBILITY
HIGHEST: 86 ON 25,24 GRTST 24HR 0.01 ON 12-12 TO 1/4 MILE OR LESS
LOWEST: 58 ON 14 3 = THUNDER
SNOW, ICE PELLETS, HAIL 4 = ICE PELLETS
TOTAL MONTH: 0.0 INCH 5 = HAIL
GRTST 24HR 0.0 6 = FREEZING RAIN OR DRIZZLE
GRTST DEPTH: 0 7 = DUSTSTORM OR SANDSTORM:
VSBY 1/2 MILE OR LESS
8 = SMOKE OR HAZE
[NO. OF DAYS WITH] [WEATHER - DAYS WITH] 9 = BLOWING SNOW
X = TORNADO
MAX 32 OR BELOW: 0 0.01 INCH OR MORE: 1
MAX 90 OR ABOVE: 0 0.10 INCH OR MORE: 0
MIN 32 OR BELOW: 0 0.50 INCH OR MORE: 0
MIN 0 OR BELOW: 0 1.00 INCH OR MORE: 0
[HDD (BASE 65) ]
TOTAL THIS MO. 0 CLEAR (SCALE 0-3) M
DPTR FM NORMAL -16 PTCLDY (SCALE 4-7) M
TOTAL FM JUL 1 40 CLOUDY (SCALE 8-10) M
DPTR FM NORMAL -12
[CDD (BASE 65) ]
TOTAL THIS MO. 323
DPTR FM NORMAL 156 [PRESSURE DATA]
TOTAL FM JAN 1 578 HIGHEST SLP M ON M
DPTR FM NORMAL 269 LOWEST SLP M ON M
[REMARKS]
CORRECTED ALIGNMENT OF SNOW, ICE PELLETS, HAIL TABLE
CORRECTED SKY COVER TABLE TO MISSING
CORRECTED SEASONAL HDD DEPARTURE FROM NORMAL
CORRECTED SEASONAL CDD DEPARTURE FROM NORMAL
#FINAL-02-23#
ROSS