000
CXAK56 PAJK 041931
CF6KTN
PRELIMINARY LOCAL CLIMATOLOGICAL DATA (WS FORM: F-6)
STATION: KETCHIKAN
MONTH: MAY
YEAR: 2022
LATITUDE: 55 20 N
LONGITUDE: 131 42 W
TEMPERATURE IN F: :PCPN: SNOW: WIND :SUNSHINE: SKY :PK WND
================================================================================
1 2 3 4 5 6A 6B 7 8 9 10 11 12 13 14 15 16 17 18
12Z AVG MX 2MIN
DY MAX MIN AVG DEP HDD CDD WTR SNW DPTH SPD SPD DIR MIN PSBL S-S WX SPD DR
================================================================================
1 52 43 48 1 17 0 1.59 M M 11.7 24 130 M M 10 1 32 160
2 51 41 46 -1 19 0 0.60 M M 9.5 22 140 M M 10 18 33 140
3 49 39 44 -3 21 0 1.51 M M 12.6 32 120 M M 10 18 41 130
4 51 41 46 -1 19 0 0.32 M M 12.5 20 120 M M 8 1 28 120
5 51 35 43 -5 22 0 T M M 7.1 12 310 M M 7 12 310
6 52 35 44 -4 21 0 0.03 M M 4.7 14 350 M M 6 1 18 340
7 54 39 47 -1 18 0 T M M 8.2 15 350 M M 5 20 330
8 61 43 52 4 13 0 0.00 M M 8.5 15 330 M M 2 21 330
9 65 38 52 4 13 0 0.00 M M 7.0 16 120 M M 0 21 360
10 46 38 42 -7 23 0 0.62 M M 9.6 20 110 M M 10 1 23 120
11 50 38 44 -5 21 0 0.44 M M 6.3 18 130 M M 10 1 22 140
12 48 40 44 -5 21 0 0.07 M M 4.4 15 130 M M 9 1 18 120
13 51 36 44 -6 21 0 0.46 M M 6.5 20 120 M M 8 1 26 130
14 53 41 47 -3 18 0 0.49 M M 7.2 15 130 M M 8 1 19 130
15 49 42 46 -4 19 0 0.93 M M 7.4 16 130 M M 10 1 21 130
16 48 40 44 -6 21 0 0.65 M M 11.2 29 110 M M 9 18 36 130
17 45 42 44 -6 21 0 0.88 M M 14.0 26 130 M M 10 1 34 120
18 53 42 48 -3 17 0 0.31 M M 6.3 15 120 M M 9 1 22 330
19 59 41 50 -1 15 0 0.00 M M 5.0 12 330 M M 5 14 340
20 67 37 52 1 13 0 0.00 M M 4.3 13 330 M M 1 17 340
21 68 37 53 2 12 0 0.00 M M 7.2 15 110 M M 0 18 120
22 59 44 52 0 13 0 0.39 M M 10.7 18 130 M M 4 1 24 120
23 52 43 48 -4 17 0 0.42 M M 6.5 16 130 M M 10 1 22 130
24 56 39 48 -4 17 0 0.02 M M 3.7 10 340 M M 5 13 340
25 61 43 52 0 13 0 0.00 M M 7.7 16 110 M M 2 18 120
26 60 45 53 1 12 0 T M M 7.6 15 120 M M 6 18 130
27 56 49 53 1 12 0 0.10 M M 7.0 14 120 M M 9 1 17 110
28 52 48 50 -3 15 0 0.16 M M 5.9 12 130 M M 10 15 130
29 64 48 56 3 9 0 0.01 M M 5.2 15 340 M M 5 19 360
30 72 45 59 6 6 0 0.00 M M 5.1 10 330 M M 1 13 330
31 59 48 54 1 11 0 0.00 M M 10.1 18 120 M M 4 12 21 120
================================================================================
SM 1714 1280 510 0 10.00 M 240.7 M 203
================================================================================
AV 55.3 41.3 7.8 FASTST M M 7 MAX(MPH)
MISC ----> 32 120 41 130
================================================================================
NOTES:
# LAST OF SEVERAL OCCURRENCES
COLUMN 17 PEAK WIND IN M.P.H.
PRELIMINARY LOCAL CLIMATOLOGICAL DATA (WS FORM: F-6) , PAGE 2
STATION: KETCHIKAN
MONTH: MAY
YEAR: 2022
LATITUDE: 55 20 N
LONGITUDE: 131 42 W
[TEMPERATURE DATA] [PRECIPITATION DATA] SYMBOLS USED IN COLUMN 16
AVERAGE MONTHLY: 48.3 TOTAL FOR MONTH: 10.00 1 = FOG OR MIST
DPTR FM NORMAL: -1.8 DPTR FM NORMAL: 1.32 2 = FOG REDUCING VISIBILITY
HIGHEST: 72 ON 30 GRTST 24HR 1.88 ON 2- 3 TO 1/4 MILE OR LESS
LOWEST: 35 ON 6, 5 3 = THUNDER
SNOW, ICE PELLETS, HAIL 4 = ICE PELLETS
TOTAL MONTH: M 5 = HAIL
GRTST 24HR M ON M 6 = FREEZING RAIN OR DRIZZLE
GRTST DEPTH: M ON M 7 = DUSTSTORM OR SANDSTORM:
VSBY 1/2 MILE OR LESS
8 = SMOKE OR HAZE
[NO. OF DAYS WITH] [WEATHER - DAYS WITH] 9 = BLOWING SNOW
X = TORNADO
MAX 32 OR BELOW: 0 0.01 INCH OR MORE: 20
MAX 90 OR ABOVE: 0 0.10 INCH OR MORE: 16
MIN 32 OR BELOW: 0 0.50 INCH OR MORE: 7
MIN 0 OR BELOW: 0 1.00 INCH OR MORE: 2
[HDD (BASE 65) ]
TOTAL THIS MO. 510 CLEAR (SCALE 0-3) 6
DPTR FM NORMAL 48 PTCLDY (SCALE 4-7) 11
TOTAL FM JUL 1 6884 CLOUDY (SCALE 8-10) 14
DPTR FM NORMAL 261
[CDD (BASE 65) ]
TOTAL THIS MO. 0
DPTR FM NORMAL 0 [PRESSURE DATA]
TOTAL FM JAN 1 0 HIGHEST SLP 30.41 ON 20
DPTR FM NORMAL 0 LOWEST SLP 29.59 ON 16
[REMARKS]
#FINAL-05-22#