000
CXUS52 KTBW 011000
CF6LAL
PRELIMINARY LOCAL CLIMATOLOGICAL DATA (WS FORM: F-6)
STATION: LAKELAND LINDER
MONTH: OCTOBER
YEAR: 2022
LATITUDE: 28 0 N
LONGITUDE: 82 3 W
TEMPERATURE IN F: :PCPN: SNOW: WIND :SUNSHINE: SKY :PK WND
================================================================================
1 2 3 4 5 6A 6B 7 8 9 10 11 12 13 14 15 16 17 18
12Z AVG MX 2MIN
DY MAX MIN AVG DEP HDD CDD WTR SNW DPTH SPD SPD DIR MIN PSBL S-S WX SPD DR
================================================================================
1 84 65 75 -5 0 10 0.00 0.0 0 4.1 10 330 M M 4 M M
2 87 64 76 -3 0 11 0.00 0.0 0 5.0 12 330 M M 0 18 320
3 85 76 81 2 0 16 0.00 0.0 0 5.9 17 40 M M 2 18 10
4 86 61 74 -5 0 9 0.00 0.0 0 8.4 15 40 M M 2 18 30
5 85 60 73 -6 0 8 0.00 0.0 0 4.2 9 60 M M 3 M M
6 84 61 73 -6 0 8 0.00 0.0 0 2.9 8 20 M M 3 M M
7 85 62 74 -4 0 9 0.00 0.0 0 3.1 9 80 M M 0 M M
8 86 64 75 -3 0 10 0.00 0.0 0 5.6 13 60 M M 0 17 60
9 87 66 77 -1 0 12 0.00 0.0 0 6.7 12 70 M M 3 16 60
10 88 73 81 3 0 16 0.00 0.0 0 6.8 15 90 M M 7 18 90
11 88 72 80 2 0 15 0.05 0.0 0 7.2 12 100 M M 3 M M
12 M M M M M M M 0.0 0 4.0 20 130 M M 3 24 130
13 M M M M M M M 0.0 0 2.3 7 270 M M 3 M M
14 88 70 79 2 0 14 0.00 0.0 0 5.4 14 60 M M 5 12 18 90
15 88 72 80 3 0 15 0.04 0.0 0 8.0 14 90 M M 3 16 90
16 88 69 79 3 0 14 0.00 0.0 0 6.5 14 100 M M 2 18 100
17 87 72 80 4 0 15 0.30 0.0 0 4.3 16 240 M M 3 1 28 240
18 84 71 78 2 0 13 0.00 0.0 0 5.8 13 300 M M 5 1 17 320
19 78 51 65 -11 0 0 0.00 0.0 0 9.5 15 350 M M 0 21 350
20 71 48 60 -15 5 0 0.00 0.0 0 6.5 10 350 M M 5 M M
21 75 52 64 -11 1 0 0.00 0.0 0 7.3 15 10 M M 1 18 10
22 81 53 67 -8 0 2 0.00 0.0 0 6.6 13 40 M M 1 13 60
23 M M M M M M 0.00 0.0 0 5.0 9 90 M M 1 M M
24 M M M M M M 0.00 0.0 0 5.4 13 90 M M 3 M M
25 86 61 74 0 0 9 0.00 0.0 0 1.9 7 60 M M 3 M M
26 88 65 77 3 0 12 0.00 0.0 0 4.0 12 300 M M 3 M M
27 87 69 78 4 0 13 0.00 0.0 0 2.4 7 320 M M 6 M M
28 M M M M M M 0.00 0.0 0 4.5 14 70 M M 3 21 70
29 M M M M M M 0.00 0.0 0 5.9 10 50 M M 7 M M
30 88 69 79 6 0 14 0.02 0.0 0 6.5 14 110 M M 4 M M
31 89 69 79 6 0 14 0.00 0.0 0 1.2 7 130 M M 3 M M
================================================================================
SM 2123 1615 6 259 0.41 0.0 162.9 M 91
================================================================================
AV 84.9 64.6 5.3 FASTST M M 3 MAX(MPH)
MISC ----> 20 130 28 240
================================================================================
NOTES:
# LAST OF SEVERAL OCCURRENCES
COLUMN 17 PEAK WIND IN M.P.H.
PRELIMINARY LOCAL CLIMATOLOGICAL DATA (WS FORM: F-6) , PAGE 2
STATION: LAKELAND LINDER
MONTH: OCTOBER
YEAR: 2022
LATITUDE: 28 0 N
LONGITUDE: 82 3 W
[TEMPERATURE DATA] [PRECIPITATION DATA] SYMBOLS USED IN COLUMN 16
AVERAGE MONTHLY: 74.8 TOTAL FOR MONTH: 0.41 1 = FOG OR MIST
DPTR FM NORMAL: -1.6 DPTR FM NORMAL: -2.63 2 = FOG REDUCING VISIBILITY
HIGHEST: 89 ON 31 GRTST 24HR 0.30 ON 17-17 TO 1/4 MILE OR LESS
LOWEST: 48 ON 20 3 = THUNDER
SNOW, ICE PELLETS, HAIL 4 = ICE PELLETS
TOTAL MONTH: 0.0 INCH 5 = HAIL
GRTST 24HR 0.0 6 = FREEZING RAIN OR DRIZZLE
GRTST DEPTH: 0 7 = DUSTSTORM OR SANDSTORM:
VSBY 1/2 MILE OR LESS
8 = SMOKE OR HAZE
[NO. OF DAYS WITH] [WEATHER - DAYS WITH] 9 = BLOWING SNOW
X = TORNADO
MAX 32 OR BELOW: 0 0.01 INCH OR MORE: 4
MAX 90 OR ABOVE: 0 0.10 INCH OR MORE: 1
MIN 32 OR BELOW: 0 0.50 INCH OR MORE: 0
MIN 0 OR BELOW: 0 1.00 INCH OR MORE: 0
[HDD (BASE 65) ]
TOTAL THIS MO. 6 CLEAR (SCALE 0-3) 20
DPTR FM NORMAL 2 PTCLDY (SCALE 4-7) 11
TOTAL FM JUL 1 6 CLOUDY (SCALE 8-10) 0
DPTR FM NORMAL 6
[CDD (BASE 65) ]
TOTAL THIS MO. 259
DPTR FM NORMAL -95 [PRESSURE DATA]
TOTAL FM JAN 1 3636 HIGHEST SLP M ON M
DPTR FM NORMAL 161 LOWEST SLP M ON M
[REMARKS]
#FINAL-10-22#