000
CXUS55 KCYS 070537 CCA
CF6LAR
PRELIMINARY LOCAL CLIMATOLOGICAL DATA (WS FORM: F-6)...CORRECTED
STATION: LARAMIE WYOMING AIRPORT
MONTH: MARCH
YEAR: 2023
LATITUDE: 41 18 N
LONGITUDE: 105 40 W
TEMPERATURE IN F: :PCPN: SNOW: WIND :SUNSHINE: SKY :PK WND
================================================================================
1 2 3 4 5 6A 6B 7 8 9 10 11 12 13 14 15 16 17 18
12Z AVG MX 2MIN
DY MAX MIN AVG DEP HDD CDD WTR SNW DPTH SPD SPD DIR MIN PSBL S-S WX SPD DR
================================================================================
1 28 8 18 -9 47 0 T M M 16.1 36 140 M M 4 1 48 130
2 35 7 21 -7 44 0 0.00 M M 8.9 25 270 M M 1 12 31 250
3 35 15 25 -3 40 0 0.00 M M 15.9 28 260 M M 4 37 280
4 39 9 24 -4 41 0 0.00 M M 13.9 30 230 M M 3 40 230
5 38 16 27 -2 38 0 0.01 M M 15.2 35 230 M M 6 12 41 220
6 34 9 22 -7 43 0 T M M 14.0 32 150 M M 7 1 38 150
7 32 14 23 -6 42 0 T M M 7.7 20 360 M M 9 1 27 360
8 31 19 25 -5 40 0 0.00 M M 22.2 33 150 M M 7 1 39 150
9 37 17 27 -3 38 0 T M M 15.9 31 250 M M 2 1 41 270
10 49 22 36 6 29 0 T M M 24.3 51 230 M M 2 18 63 230
11 45 21 33 2 32 0 0.04 M M 17.1 33 250 M M 2 1 43 250
12 39 13 26 -5 39 0 T M M 6.7 14 360 M M 5 20 360
13 46 28 37 6 28 0 T M M 11.3 26 230 M M 3 35 250
14 50 28 39 7 26 0 0.00 M M 18.2 36 250 M M 3 49 250
15 53 32 43 11 22 0 T M M 21.1 39 240 M M 5 50 250
16 32 8 20 -12 45 0 0.01 M M 15.1 30 330 M M 7 18 39 330
17 28 -1 14 -18 51 0 0.00 M M 14.2 31 330 M M 3 41 330
18 34 3 19 -14 46 0 T M M 10.1 22 320 M M 0 34 350
19 43 5 24 -9 41 0 0.00 M M 14.5 32 240 M M 0 46 230
20 40 24 32 -1 33 0 T M M 10.0 23 150 M M 8 8 29 150
21 42 19 31 -3 34 0 0.01 M M 15.2 37 260 M M 4 1 50 260
22 37 20 29 -5 36 0 0.15 M M 18.5 35 240 M M 7 12 43 240
23 39 20 30 -4 35 0 0.00 M M 12.6 23 220 M M 3 29 220
24 39 20 30 -4 35 0 T M M 12.0 23 230 M M 5 8 30 210
25 28 14 21 -13 44 0 0.00 M M 21.0 32 250 M M 7 42 250
26 30 9 20 -14 45 0 0.00 M M 11.0 23 230 M M 2 33 280
27 22 8 15 -20 50 0 0.03 M M 12.8 28 320 M M 7 1 51 320
28 43 8 26 -9 39 0 0.00 M M 13.9 30 210 M M 1 37 210
29 54 21 38 3 27 0 0.00 M M 10.5 25 220 M M 1 32 220
30 55 19 37 2 28 0 0.00 M M 17.4 39 210 M M 2 52 210
31 35 20 28 -7 37 0 T M M 19.3 36 300 M M 5 8 46 270
================================================================================
SM 1192 475 1175 0 0.25 M 456.6 M 125
================================================================================
AV 38.5 15.3 14.7 FASTST M M 4 MAX(MPH)
MISC ----> 51 230 63 230
================================================================================
NOTES:
# LAST OF SEVERAL OCCURRENCES
COLUMN 17 PEAK WIND IN M.P.H.
PRELIMINARY LOCAL CLIMATOLOGICAL DATA (WS FORM: F-6) , PAGE 2
STATION: LARAMIE WYOMING AIRPORT
MONTH: MARCH
YEAR: 2023
LATITUDE: 41 18 N
LONGITUDE: 105 40 W
[TEMPERATURE DATA] [PRECIPITATION DATA] SYMBOLS USED IN COLUMN 16
AVERAGE MONTHLY: 26.9 TOTAL FOR MONTH: 0.25 1 = FOG OR MIST
DPTR FM NORMAL: -4.9 DPTR FM NORMAL: -0.23 2 = FOG REDUCING VISIBILITY
HIGHEST: 55 ON 30 GRTST 24HR 0.15 ON 22-22 TO 1/4 MILE OR LESS
LOWEST: -1 ON 17 3 = THUNDER
SNOW, ICE PELLETS, HAIL 4 = ICE PELLETS
TOTAL MONTH: M 5 = HAIL
GRTST 24HR M ON M 6 = FREEZING RAIN OR DRIZZLE
GRTST DEPTH: M ON M 7 = DUSTSTORM OR SANDSTORM:
VSBY 1/2 MILE OR LESS
8 = SMOKE OR HAZE
[NO. OF DAYS WITH] [WEATHER - DAYS WITH] 9 = BLOWING SNOW
X = TORNADO
MAX 32 OR BELOW: 8 0.01 INCH OR MORE: 6
MAX 90 OR ABOVE: 0 0.10 INCH OR MORE: 1
MIN 32 OR BELOW: 31 0.50 INCH OR MORE: 0
MIN 0 OR BELOW: 1 1.00 INCH OR MORE: 0
[HDD (BASE 65) ]
TOTAL THIS MO. 1175 CLEAR (SCALE 0-3) 14
DPTR FM NORMAL 147 PTCLDY (SCALE 4-7) 16
TOTAL FM JUL 1 7137 CLOUDY (SCALE 8-10) 1
DPTR FM NORMAL 41
[CDD (BASE 65) ]
TOTAL THIS MO. 0
DPTR FM NORMAL 0 [PRESSURE DATA]
TOTAL FM JAN 1 0 HIGHEST SLP 30.46 ON 27
DPTR FM NORMAL 0 LOWEST SLP 29.32 ON 30
[REMARKS]
MARCH 13-16...USED COOP BACKUP FOR MINIMUM AND MAXIMUM
TEMPERATURE DUE TO ASOS TEMPERATURE SENSOR ERROR.
#FINAL-03-23#