000
CXUS54 KOUN 011446
CLMLAW
CLIMATE REPORT
NATIONAL WEATHER SERVICE NORMAN OK
946 AM CDT TUE AUG 01 2023
...................................
...THE LAWTON CLIMATE SUMMARY FOR THE MONTH OF JULY 2023...
CLIMATE NORMAL PERIOD 1991 TO 2020
CLIMATE RECORD PERIOD 1912 TO 2023
WEATHER OBSERVED NORMAL DEPART LAST YEAR`S
VALUE DATE(S) VALUE FROM VALUE
NORMAL
..............................................................
TEMPERATURE (F)
RECORD
HIGH 114 07/03/1980
07/19/1936
LOW 53 07/04/1924
07/05/1915
HIGHEST 108 105 3 114
LOWEST 63 62 1 65
AVG. MAXIMUM 99.2 97.2 2.0
AVG. MINIMUM 70.4 71.5 -1.1 74.1
MEAN 84.8 84.4 0.4 89.2
DAYS MAX >= 90 30 27.4 2.6 31
DAYS MAX <= 32 0 0.0 0.0 0
DAYS MIN <= 32 0 0.0 0.0 0
DAYS MIN <= 0 0 0.0 0.0 0
PRECIPITATION (INCHES)
RECORD
MAXIMUM 8.41 1990
MINIMUM 0.00 1980
TOTALS 3.88 2.00 1.88
DAILY AVG. 0.13 0.06 0.07 0.02
DAYS >= .01 9 4.7 4.3 4
DAYS >= .10 6 3.1 2.9 1
DAYS >= .50 3 1.3 1.7 0
DAYS >= 1.00 2 0.5 1.5 0
GREATEST
24 HR. TOTAL 1.38 07/09 TO 07/09
DEGREE DAYS
COOLING TOTAL 622 600 22 755
SINCE 1/1 1329 1341 -12 MM
..............................................................
WIND (MPH)
AVERAGE WIND SPEED 7.6
HIGHEST WIND SPEED/DIRECTION 32/340 DATE 07/07
32/090 07/13
HIGHEST GUST SPEED/DIRECTION 44/330 DATE 07/09
WEATHER CONDITIONS. NUMBER OF DAYS WITH
THUNDERSTORM 10 MIXED PRECIP 0
HEAVY RAIN 5 RAIN 6
LIGHT RAIN 9 FREEZING RAIN 0
LT FREEZING RAIN 0 HAIL 0
HEAVY SNOW 0 SNOW 0
LIGHT SNOW 0 SLEET 0
FOG 11 FOG W/VIS <= 1/4 MILE 0
HAZE 1
- INDICATES NEGATIVE NUMBERS.
R INDICATES RECORD WAS SET OR TIED.
MM INDICATES DATA IS MISSING.
T INDICATES TRACE AMOUNT.
..............................................................
RECORDS/REMARKS
JAN-JUL 2023 PRECIPITATION TOTAL IS 16.75 INCHES.
$$